{"id":430237,"date":"2023-05-18T13:25:02","date_gmt":"2023-05-18T11:25:02","guid":{"rendered":"https:\/\/www.claret.cat\/llibre\/calmar-los-ataques-de-panico-una-guia-de-reduccion-del-estres-basada-en-mindful-9788433028945\/"},"modified":"2025-09-19T18:35:12","modified_gmt":"2025-09-19T16:35:12","slug":"calmar-los-ataques-de-panico-una-guia-de-reduccion-del-estres-basada-en-mindful-9788433028945","status":"publish","type":"product","link":"https:\/\/www.claret.cat\/es\/libro\/calmar-los-ataques-de-panico-una-guia-de-reduccion-del-estres-basada-en-mindful-9788433028945\/","title":{"rendered":"CALMAR LOS ATAQUES DE P\u00c1NICO. UNA GU\u00cdA DE REDUCCI\u00d3N DEL ESTR\u00c9S BASADA EN MINDFUL"},"content":{"rendered":"<p>Un libro extraordinariamente \u00fatil y pr\u00e1ctico que va directamente al grano.<br \/> Jon Kabat-Zinn<br \/> Si te sientes permanentemente angustiado o padeces ataques de p\u00e1nico que hacen que sientas que pierdes el control, entonces necesitas soluciones eficaces aqu\u00ed y ahora. Como sabes, la ansiedad puede tener un efecto devastador en tus relaciones, tu trabajo y tu vida. Si has probado otros tratamientos o medicaci\u00f3n y no has encontrado un alivio real y duradero para tus s\u00edntomas, este libro puede ayudarte.<br \/> &#8216;Calmar los ataques de p\u00e1nico&#8217; ofrece ejercicios de eficacia probada basados en el mindfulness que te ayudan a centrarte en el momento presente y calman de inmediato los efectos f\u00edsicos y emocionales del p\u00e1nico. Bien provisto de pr\u00e1cticas de meditaci\u00f3n f\u00e1ciles de realizar -incluida la respiraci\u00f3n consciente, la exploraci\u00f3n corporal, la meditaci\u00f3n sentada y la meditaci\u00f3n de la bondad-, esta eficaz gu\u00eda te ayudar\u00e1 a liberarte de tus pensamientos angustiosos y a descubrir una vida m\u00e1s all\u00e1 del p\u00e1nico, una vida llena de un sentido mayor de calma, conexi\u00f3n y felicidad.<br \/> Bob Stahl es el fundador y director de los programas de Reducci\u00f3n del Estr\u00e9s Basada en la Atenci\u00f3n Plena (REBAP) en el Dominican Hospital, el O&#8221;Connor Hospital y El Camino Hospital. Bob colabora como profesor en Oasis, un instituto para la educaci\u00f3n y la innovaci\u00f3n profesionales basadas en el mindfulness. Bob es catedr\u00e1tico en el centro Insight Santa Cruz y profesor invitado en Spirit Rock y en la Insight Meditation Society. Es coautor de Living with Your Heart Wide Open y Mindfulness-Based Stress Reduction Workbook. Vive en Santa Cruz, California.<br \/> Wendy Millstine, escritora independiente y asesora en temas de nutrici\u00f3n hol\u00edstica, est\u00e1 especializada en tem\u00e1ticas de dieta y reducci\u00f3n del estr\u00e9s. Con Jeffrey Brantley es coautora de la colecci\u00f3n Five Good Minutes\u00ae y de Daily Meditations for Calming Your Anxious Mind. Tambi\u00e9n es coautora de True Belonging. Vive en Santa Rosa, California..<\/p>\n","protected":false},"excerpt":{"rendered":"<p>STAHL, BOB \/ MILLSTINE, WENDY<\/p>\n","protected":false},"featured_media":430238,"template":"","meta":{"_acf_changed":false,"om_disable_all_campaigns":false,"rs_blank_template":"","rs_page_bg_color":"","slide_template_v7":"","inline_featured_image":false,"_monsterinsights_skip_tracking":false,"_monsterinsights_sitenote_active":false,"_monsterinsights_sitenote_note":"","_monsterinsights_sitenote_category":0},"product_brand":[],"product_cat":[179,377,376,178,180,448],"product_tag":[],"class_list":{"0":"post-430237","1":"product","2":"type-product","3":"status-publish","4":"has-post-thumbnail","6":"product_cat-autoajuda-i-salut-mental","7":"product_cat-autoayuda-y-salud-mental","8":"product_cat-autores-psicologia-2_humanidades","9":"product_cat-autors-psicologia","10":"product_cat-psiquiatria-i-psicoterapia","11":"product_cat-psiquiatria-y-psicoterapia","13":"first","14":"instock","15":"taxable","16":"shipping-taxable","17":"purchasable","18":"product-type-simple"},"acf":{"autor":"STAHL, BOB \/ MILLSTINE, WENDY","codart":"843302894","libros-coleccion":"ANICCA","ediciones":"1","encuadernacion":"R\u00fastica","fecha_de_publicacion":"01\/01\/2017","novedad":"1","paginas":"224","subtitulo":"","orden":"0","portada":"0","idioma":"spa","editorial":[{"ID":6179,"post_author":"3","post_date":"2022-07-28 17:46:36","post_date_gmt":"2022-07-28 15:46:36","post_content":"","post_title":"DESCLEE DE BROUWER","post_excerpt":"","post_status":"publish","comment_status":"closed","ping_status":"closed","post_password":"","post_name":"desclee-de-brouwer","to_ping":"","pinged":"","post_modified":"2022-07-28 17:46:36","post_modified_gmt":"2022-07-28 15:46:36","post_content_filtered":"","post_parent":0,"guid":"http:\/\/dev.claret.cat\/editorial\/desclee-de-brouwer\/","menu_order":0,"post_type":"editorial","post_mime_type":"","comment_count":"0","filter":"raw"}],"autores-libros":[{"ID":430959,"post_author":"3","post_date":"2023-05-18 15:32:47","post_date_gmt":"2023-05-18 13:32:47","post_content":"","post_title":"WENDY MILLSTINE","post_excerpt":"","post_status":"publish","comment_status":"closed","ping_status":"closed","post_password":"","post_name":"wendy-millstine","to_ping":"","pinged":"","post_modified":"2023-05-18 15:32:47","post_modified_gmt":"2023-05-18 13:32:47","post_content_filtered":"","post_parent":0,"guid":"https:\/\/www.claret.cat\/autor\/wendy-millstine\/","menu_order":0,"post_type":"autor","post_mime_type":"","comment_count":"0","filter":"raw"},{"ID":151786,"post_author":"3","post_date":"2022-10-14 14:43:37","post_date_gmt":"2022-10-14 12:43:37","post_content":"","post_title":"BOB STAHL","post_excerpt":"","post_status":"publish","comment_status":"closed","ping_status":"closed","post_password":"","post_name":"bob-stahl","to_ping":"","pinged":"","post_modified":"2022-10-14 14:43:37","post_modified_gmt":"2022-10-14 12:43:37","post_content_filtered":"","post_parent":0,"guid":"http:\/\/dev.claret.cat\/autor\/bob-stahl\/","menu_order":0,"post_type":"autor","post_mime_type":"","comment_count":"0","filter":"raw"}],"booktrailer":"","resenas":""},"aioseo_notices":[],"_links":{"self":[{"href":"https:\/\/www.claret.cat\/es\/wp-json\/wp\/v2\/product\/430237","targetHints":{"allow":["GET"]}}],"collection":[{"href":"https:\/\/www.claret.cat\/es\/wp-json\/wp\/v2\/product"}],"about":[{"href":"https:\/\/www.claret.cat\/es\/wp-json\/wp\/v2\/types\/product"}],"wp:featuredmedia":[{"embeddable":true,"href":"https:\/\/www.claret.cat\/es\/wp-json\/wp\/v2\/media\/430238"}],"wp:attachment":[{"href":"https:\/\/www.claret.cat\/es\/wp-json\/wp\/v2\/media?parent=430237"}],"wp:term":[{"taxonomy":"product_brand","embeddable":true,"href":"https:\/\/www.claret.cat\/es\/wp-json\/wp\/v2\/product_brand?post=430237"},{"taxonomy":"product_cat","embeddable":true,"href":"https:\/\/www.claret.cat\/es\/wp-json\/wp\/v2\/product_cat?post=430237"},{"taxonomy":"product_tag","embeddable":true,"href":"https:\/\/www.claret.cat\/es\/wp-json\/wp\/v2\/product_tag?post=430237"}],"curies":[{"name":"wp","href":"https:\/\/api.w.org\/{rel}","templated":true}]}}

CALMAR LOS ATAQUES DE PÁNICO. UNA GUÍA DE REDUCCIÓN DEL ESTRÉS BASADA EN MINDFUL

<p>Un libro extraordinariamente útil y práctico que va directamente al grano.<br /> Jon Kabat-Zinn<br /> Si te sientes permanentemente angustiado o padeces ataques de pánico que hacen que sientas que pierdes el control, entonces necesitas soluciones eficaces aquí y ahora. Como sabes, la ansiedad puede tener un efecto devastador en tus relaciones, tu trabajo y tu vida. Si has probado otros tratamientos o medicación y no has encontrado un alivio real y duradero para tus síntomas, este libro puede ayudarte.<br /> &#8216;Calmar los ataques de pánico&#8217; ofrece ejercicios de eficacia probada basados en el mindfulness que te ayudan a centrarte en el momento presente y calman de inmediato los efectos físicos y emocionales del pánico. Bien provisto de prácticas de meditación fáciles de realizar -incluida la respiración consciente, la exploración corporal, la meditación sentada y la meditación de la bondad-, esta eficaz guía te ayudará a liberarte de tus pensamientos angustiosos y a descubrir una vida más allá del pánico, una vida llena de un sentido mayor de calma, conexión y felicidad.<br /> Bob Stahl es el fundador y director de los programas de Reducción del Estrés Basada en la Atención Plena (REBAP) en el Dominican Hospital, el O&#8221;Connor Hospital y El Camino Hospital. Bob colabora como profesor en Oasis, un instituto para la educación y la innovación profesionales basadas en el mindfulness. Bob es catedrático en el centro Insight Santa Cruz y profesor invitado en Spirit Rock y en la Insight Meditation Society. Es coautor de Living with Your Heart Wide Open y Mindfulness-Based Stress Reduction Workbook. Vive en Santa Cruz, California.<br /> Wendy Millstine, escritora independiente y asesora en temas de nutrición holística, está especializada en temáticas de dieta y reducción del estrés. Con Jeffrey Brantley es coautora de la colección Five Good Minutes® y de Daily Meditations for Calming Your Anxious Mind. También es coautora de True Belonging. Vive en Santa Rosa, California..</p>

Rústica
