{"id":430387,"date":"2023-05-18T14:56:13","date_gmt":"2023-05-18T12:56:13","guid":{"rendered":"https:\/\/www.claret.cat\/llibre\/un-banquito-de-madera-9788428839822\/"},"modified":"2026-04-08T13:25:22","modified_gmt":"2026-04-08T11:25:22","slug":"un-banquito-de-madera-9788428839822","status":"publish","type":"product","link":"https:\/\/www.claret.cat\/es\/libro\/un-banquito-de-madera-9788428839822\/","title":{"rendered":"UN BANQUITO DE MADERA"},"content":{"rendered":"<p>\u00abLleg\u00f3 a casa hace un par de d\u00edas y ahora viaja conmigo en el asiento del copiloto, mientras conduzco en direcci\u00f3n al trabajo. Lo confieso: a veces aparto la mano del volante y lo acaricio como a una mascota de madera. Me gusta su tama\u00f1o diminuto, la sencillez que predica sin hablar, su tacto antiguo. La madera proclama una vida sin aditivos, con la que me siento m\u00e1s retratado que con el pl\u00e1stico. Amo las cosas elementales, aquellas en las que el hombre no acapara el protagonismo.<\/p>\n<p>Ya de rodillas, encima de mi banquito y con los ojos cerrados, hago una peque\u00f1a oraci\u00f3n que me ayude a ser tonto. Quiero decir descender desde la idea, lo que llamamos inteligencia o cerebro, hasta el lugar del coraz\u00f3n. Normalmente, vivo arriba, como todo el mundo. Vivir arriba significa hacer planes, lamentar las culpas del pasado, conjeturar lo que los dem\u00e1s piensan de uno, temer la humillaci\u00f3n y el no ser considerado. No estar arraigado en lo que est\u00e1 sucediendo, sino a merced del ego, esa muralla entre la realidad y nuestra sustancia\u00bb.<\/p>\n","protected":false},"excerpt":{"rendered":"<p>MONTIEL, JES\u00daS<\/p>\n","protected":false},"featured_media":430388,"template":"","meta":{"_acf_changed":false,"om_disable_all_campaigns":false,"rs_blank_template":"","rs_page_bg_color":"","slide_template_v7":"","inline_featured_image":false,"_monsterinsights_skip_tracking":false,"_monsterinsights_sitenote_active":false,"_monsterinsights_sitenote_note":"","_monsterinsights_sitenote_category":0},"product_brand":[],"product_cat":[497,248],"product_tag":[],"class_list":{"0":"post-430387","1":"product","2":"type-product","3":"status-publish","4":"has-post-thumbnail","6":"product_cat-meditaciones","7":"product_cat-meditacions","9":"first","10":"instock","11":"taxable","12":"shipping-taxable","13":"purchasable","14":"product-type-simple"},"acf":{"autor":"MONTIEL, JES\u00daS","codart":"842883982","libros-coleccion":"Sauce","ediciones":"1","encuadernacion":"R\u00fastica","fecha_de_publicacion":"09\/03\/2023","novedad":"0","paginas":"127","subtitulo":"","orden":"0","portada":"0","idioma":"spa","editorial":[{"ID":6335,"post_author":"3","post_date":"2022-07-28 17:49:59","post_date_gmt":"2022-07-28 15:49:59","post_content":"","post_title":"PPC altres","post_excerpt":"","post_status":"publish","comment_status":"closed","ping_status":"closed","post_password":"","post_name":"ppc-altres","to_ping":"","pinged":"","post_modified":"2022-07-28 17:49:59","post_modified_gmt":"2022-07-28 15:49:59","post_content_filtered":"","post_parent":0,"guid":"http:\/\/dev.claret.cat\/editorial\/ppc-altres\/","menu_order":0,"post_type":"editorial","post_mime_type":"","comment_count":"0","filter":"raw"}],"autores-libros":[{"ID":159155,"post_author":"3","post_date":"2022-10-14 15:42:32","post_date_gmt":"2022-10-14 13:42:32","post_content":"","post_title":"JES\u00daS MONTIEL","post_excerpt":"","post_status":"publish","comment_status":"closed","ping_status":"closed","post_password":"","post_name":"jesus-montiel","to_ping":"","pinged":"","post_modified":"2022-10-14 15:42:32","post_modified_gmt":"2022-10-14 13:42:32","post_content_filtered":"","post_parent":0,"guid":"http:\/\/dev.claret.cat\/autor\/jesus-montiel\/","menu_order":0,"post_type":"autor","post_mime_type":"","comment_count":"0","filter":"raw"}],"booktrailer":"","resenas":""},"aioseo_notices":[],"_links":{"self":[{"href":"https:\/\/www.claret.cat\/es\/wp-json\/wp\/v2\/product\/430387","targetHints":{"allow":["GET"]}}],"collection":[{"href":"https:\/\/www.claret.cat\/es\/wp-json\/wp\/v2\/product"}],"about":[{"href":"https:\/\/www.claret.cat\/es\/wp-json\/wp\/v2\/types\/product"}],"wp:featuredmedia":[{"embeddable":true,"href":"https:\/\/www.claret.cat\/es\/wp-json\/wp\/v2\/media\/430388"}],"wp:attachment":[{"href":"https:\/\/www.claret.cat\/es\/wp-json\/wp\/v2\/media?parent=430387"}],"wp:term":[{"taxonomy":"product_brand","embeddable":true,"href":"https:\/\/www.claret.cat\/es\/wp-json\/wp\/v2\/product_brand?post=430387"},{"taxonomy":"product_cat","embeddable":true,"href":"https:\/\/www.claret.cat\/es\/wp-json\/wp\/v2\/product_cat?post=430387"},{"taxonomy":"product_tag","embeddable":true,"href":"https:\/\/www.claret.cat\/es\/wp-json\/wp\/v2\/product_tag?post=430387"}],"curies":[{"name":"wp","href":"https:\/\/api.w.org\/{rel}","templated":true}]}}

<p>«Llegó a casa hace un par de días y ahora viaja conmigo en el asiento del copiloto, mientras conduzco en dirección al trabajo. Lo confieso: a veces aparto la mano del volante y lo acaricio como a una mascota de madera. Me gusta su tamaño diminuto, la sencillez que predica sin hablar, su tacto antiguo. La madera proclama una vida sin aditivos, con la que me siento más retratado que con el plástico. Amo las cosas elementales, aquellas en las que el hombre no acapara el protagonismo.</p>
<p>Ya de rodillas, encima de mi banquito y con los ojos cerrados, hago una pequeña oración que me ayude a ser tonto. Quiero decir descender desde la idea, lo que llamamos inteligencia o cerebro, hasta el lugar del corazón. Normalmente, vivo arriba, como todo el mundo. Vivir arriba significa hacer planes, lamentar las culpas del pasado, conjeturar lo que los demás piensan de uno, temer la humillación y el no ser considerado. No estar arraigado en lo que está sucediendo, sino a merced del ego, esa muralla entre la realidad y nuestra sustancia».</p>

<p>MONTIEL, JESÚS</p>

MONTIEL, JESÚS

Rústica

JESÚS MONTIEL
