{"id":430585,"date":"2023-05-18T15:09:15","date_gmt":"2023-05-18T13:09:15","guid":{"rendered":"https:\/\/www.claret.cat\/llibre\/quien-se-ha-llevado-mi-queso-9788495787095\/"},"modified":"2026-04-08T16:25:05","modified_gmt":"2026-04-08T14:25:05","slug":"quien-se-ha-llevado-mi-queso-9788495787095","status":"publish","type":"product","link":"https:\/\/www.claret.cat\/es\/libro\/quien-se-ha-llevado-mi-queso-9788495787095\/","title":{"rendered":"\u00bfQUI\u00c9N SE HA LLEVADO MI QUESO?"},"content":{"rendered":"<p>Hab\u00eda una vez dos ratoncitos y dos hombrecillos que viv\u00edan en un laberinto. Estos cuatro personajes depend\u00edan del queso para alimentarse y ser felices. Como hab\u00edan encontrado una habitaci\u00f3n repleta de queso, vivieron durante un tiempo muy contentos. Pero un buen d\u00eda el queso desapareci\u00f3&#8230;Esta f\u00e1bula simple e ingeniosa puede aplicarse a todos los \u00e1mbitos de la vida. Con palabras y ejemplos comprensibles incluso para un ni\u00f1o, nos ense\u00f1a que todo cambia, y que las f\u00f3rmulas que sirvieron en su momento pueden quedar obsoletas. El &#8216;queso&#8217; del relato representa cualquier cosa que queramos alcanzar &#8216;la felicidad, el trabajo, el dinero, el amor&#8217; y el laberinto es la realidad, con zonas desconocidas y peligrosas, callejones sin salida, oscuros recovecos&#8230; y habitaciones llenas de queso.Escrito por un autor de fama internacional, este relato est\u00e1 prologado por un renombrado consultor empresarial. Sus ense\u00f1anzas han servido de inspiraci\u00f3n en todo tipo de compa\u00f1\u00edas y organizaciones empresariales.<\/p>\n","protected":false},"excerpt":{"rendered":"<p>JOHNSON, SPENCER<\/p>\n","protected":false},"featured_media":430586,"template":"","meta":{"_acf_changed":false,"om_disable_all_campaigns":false,"rs_blank_template":"","rs_page_bg_color":"","slide_template_v7":"","inline_featured_image":false,"_monsterinsights_skip_tracking":false,"_monsterinsights_sitenote_active":false,"_monsterinsights_sitenote_note":"","_monsterinsights_sitenote_category":0},"product_brand":[],"product_cat":[350,84],"product_tag":[],"class_list":{"0":"post-430585","1":"product","2":"type-product","3":"status-publish","4":"has-post-thumbnail","6":"product_cat-sociologia-2_humanidades","7":"product_cat-sociologia","9":"first","10":"instock","11":"taxable","12":"shipping-taxable","13":"purchasable","14":"product-type-simple"},"acf":{"autor":"JOHNSON, SPENCER","codart":"849578709","libros-coleccion":"Narrativa empresarial","ediciones":"1","encuadernacion":"R\u00fastica","fecha_de_publicacion":"01\/11\/1999","novedad":"0","paginas":"105","subtitulo":"C\u00d3MO ADAPTARNOS EN UN MUNDO EN CONSTANTE CAMBIO","orden":"999","portada":"0","idioma":"spa","editorial":[{"ID":148088,"post_author":"3","post_date":"2022-10-14 11:55:32","post_date_gmt":"2022-10-14 09:55:32","post_content":"","post_title":"EMPRESA ACTIVA","post_excerpt":"","post_status":"publish","comment_status":"closed","ping_status":"closed","post_password":"","post_name":"empresa-activa","to_ping":"","pinged":"","post_modified":"2022-10-14 11:55:32","post_modified_gmt":"2022-10-14 09:55:32","post_content_filtered":"","post_parent":0,"guid":"http:\/\/dev.claret.cat\/editorial\/empresa-activa\/","menu_order":0,"post_type":"editorial","post_mime_type":"","comment_count":"0","filter":"raw"}],"autores-libros":[{"ID":169734,"post_author":"3","post_date":"2022-10-14 22:29:36","post_date_gmt":"2022-10-14 20:29:36","post_content":"","post_title":"SPENCER JOHNSON","post_excerpt":"","post_status":"publish","comment_status":"closed","ping_status":"closed","post_password":"","post_name":"spencer-johnson","to_ping":"","pinged":"","post_modified":"2022-10-14 22:29:36","post_modified_gmt":"2022-10-14 20:29:36","post_content_filtered":"","post_parent":0,"guid":"http:\/\/dev.claret.cat\/autor\/spencer-johnson\/","menu_order":0,"post_type":"autor","post_mime_type":"","comment_count":"0","filter":"raw"}],"booktrailer":"","resenas":""},"aioseo_notices":[],"_links":{"self":[{"href":"https:\/\/www.claret.cat\/es\/wp-json\/wp\/v2\/product\/430585","targetHints":{"allow":["GET"]}}],"collection":[{"href":"https:\/\/www.claret.cat\/es\/wp-json\/wp\/v2\/product"}],"about":[{"href":"https:\/\/www.claret.cat\/es\/wp-json\/wp\/v2\/types\/product"}],"wp:featuredmedia":[{"embeddable":true,"href":"https:\/\/www.claret.cat\/es\/wp-json\/wp\/v2\/media\/430586"}],"wp:attachment":[{"href":"https:\/\/www.claret.cat\/es\/wp-json\/wp\/v2\/media?parent=430585"}],"wp:term":[{"taxonomy":"product_brand","embeddable":true,"href":"https:\/\/www.claret.cat\/es\/wp-json\/wp\/v2\/product_brand?post=430585"},{"taxonomy":"product_cat","embeddable":true,"href":"https:\/\/www.claret.cat\/es\/wp-json\/wp\/v2\/product_cat?post=430585"},{"taxonomy":"product_tag","embeddable":true,"href":"https:\/\/www.claret.cat\/es\/wp-json\/wp\/v2\/product_tag?post=430585"}],"curies":[{"name":"wp","href":"https:\/\/api.w.org\/{rel}","templated":true}]}}

¿QUIÉN SE HA LLEVADO MI QUESO?

<p>Había una vez dos ratoncitos y dos hombrecillos que vivían en un laberinto. Estos cuatro personajes dependían del queso para alimentarse y ser felices. Como habían encontrado una habitación repleta de queso, vivieron durante un tiempo muy contentos. Pero un buen día el queso desapareció&#8230;Esta fábula simple e ingeniosa puede aplicarse a todos los ámbitos de la vida. Con palabras y ejemplos comprensibles incluso para un niño, nos enseña que todo cambia, y que las fórmulas que sirvieron en su momento pueden quedar obsoletas. El &#8216;queso&#8217; del relato representa cualquier cosa que queramos alcanzar &#8216;la felicidad, el trabajo, el dinero, el amor&#8217; y el laberinto es la realidad, con zonas desconocidas y peligrosas, callejones sin salida, oscuros recovecos&#8230; y habitaciones llenas de queso.Escrito por un autor de fama internacional, este relato está prologado por un renombrado consultor empresarial. Sus enseñanzas han servido de inspiración en todo tipo de compañías y organizaciones empresariales.</p>

Rústica

CÓMO ADAPTARNOS EN UN MUNDO EN CONSTANTE CAMBIO
