{"id":430678,"date":"2023-05-18T15:15:09","date_gmt":"2023-05-18T13:15:09","guid":{"rendered":"https:\/\/www.claret.cat\/llibre\/festin-de-cuervos-9788496208223\/"},"modified":"2023-05-18T15:15:15","modified_gmt":"2023-05-18T13:15:15","slug":"festin-de-cuervos-9788496208223","status":"publish","type":"product","link":"https:\/\/www.claret.cat\/es\/libro\/festin-de-cuervos-9788496208223\/","title":{"rendered":"FESTIN DE CUERVOS"},"content":{"rendered":"<p>Mientras los vientos del oto\u00f1o desnudan los \u00e1rboles, las \u00faltimas cosechas se pudren en los pocos campos que no han sido devastados por la guerra, y por los r\u00edos te\u00f1idos de rojo bajan cad\u00e1veres de todos los blasones y estirpes. Y aunque casi todo Poniente yace extenuado, en diversos rincones florecen nuevas e inquietantes intrigas que ans\u00edan nutrirse de los despojos de un reino moribundo.<\/p>\n<p>George R.R. Martin contin\u00faa sumando hordas de seguidores incondicionales mientras desgrana, con pulso firme y certero, una de las experiencias literarias m\u00e1s ambiciosas y apasionantes que se hayan propuesto nunca en el terreno de la fantas\u00eda. Fest\u00edn de cuervos, como la calma que precede a la tempestad, desarrolla nuevos personajes y tramas de un retablo tenso y sobrecogedor.<\/p>\n","protected":false},"excerpt":{"rendered":"<p>MARTIN, GEORGE R.R.<\/p>\n","protected":false},"featured_media":430679,"template":"","meta":{"_acf_changed":false,"om_disable_all_campaigns":false,"rs_blank_template":"","rs_page_bg_color":"","slide_template_v7":"","inline_featured_image":false,"_monsterinsights_skip_tracking":false,"_monsterinsights_sitenote_active":false,"_monsterinsights_sitenote_note":"","_monsterinsights_sitenote_category":0},"product_brand":[],"product_cat":[90,540],"product_tag":[],"class_list":{"0":"post-430678","1":"product","2":"type-product","3":"status-publish","4":"has-post-thumbnail","6":"product_cat-altres","7":"product_cat-otros","9":"first","10":"outofstock","11":"taxable","12":"shipping-taxable","13":"purchasable","14":"product-type-simple"},"acf":{"autor":"MARTIN, GEORGE R.R.","codart":"849620822","libros-coleccion":"","ediciones":"1","encuadernacion":"R\u00fastica","fecha_de_publicacion":"01\/01\/2012","novedad":"0","paginas":"0","subtitulo":"CANCION DE HIELO Y FUEGO 4","orden":"999","portada":"0","idioma":"spa","editorial":[{"ID":147811,"post_author":"3","post_date":"2022-10-14 11:53:24","post_date_gmt":"2022-10-14 09:53:24","post_content":"","post_title":"EDICIONES GIGAMESH","post_excerpt":"","post_status":"publish","comment_status":"closed","ping_status":"closed","post_password":"","post_name":"ediciones-gigamesh","to_ping":"","pinged":"","post_modified":"2022-10-14 11:53:24","post_modified_gmt":"2022-10-14 09:53:24","post_content_filtered":"","post_parent":0,"guid":"http:\/\/dev.claret.cat\/editorial\/ediciones-gigamesh\/","menu_order":0,"post_type":"editorial","post_mime_type":"","comment_count":"0","filter":"raw"}],"autores-libros":[{"ID":156742,"post_author":"3","post_date":"2022-10-14 15:23:15","post_date_gmt":"2022-10-14 13:23:15","post_content":"","post_title":"GEORGE R.R. MARTIN","post_excerpt":"","post_status":"publish","comment_status":"closed","ping_status":"closed","post_password":"","post_name":"george-r-r-martin-4","to_ping":"","pinged":"","post_modified":"2022-10-14 15:23:15","post_modified_gmt":"2022-10-14 13:23:15","post_content_filtered":"","post_parent":0,"guid":"http:\/\/dev.claret.cat\/autor\/george-r-r-martin-4\/","menu_order":0,"post_type":"autor","post_mime_type":"","comment_count":"0","filter":"raw"}]},"aioseo_notices":[],"_links":{"self":[{"href":"https:\/\/www.claret.cat\/es\/wp-json\/wp\/v2\/product\/430678","targetHints":{"allow":["GET"]}}],"collection":[{"href":"https:\/\/www.claret.cat\/es\/wp-json\/wp\/v2\/product"}],"about":[{"href":"https:\/\/www.claret.cat\/es\/wp-json\/wp\/v2\/types\/product"}],"wp:featuredmedia":[{"embeddable":true,"href":"https:\/\/www.claret.cat\/es\/wp-json\/wp\/v2\/media\/430679"}],"wp:attachment":[{"href":"https:\/\/www.claret.cat\/es\/wp-json\/wp\/v2\/media?parent=430678"}],"wp:term":[{"taxonomy":"product_brand","embeddable":true,"href":"https:\/\/www.claret.cat\/es\/wp-json\/wp\/v2\/product_brand?post=430678"},{"taxonomy":"product_cat","embeddable":true,"href":"https:\/\/www.claret.cat\/es\/wp-json\/wp\/v2\/product_cat?post=430678"},{"taxonomy":"product_tag","embeddable":true,"href":"https:\/\/www.claret.cat\/es\/wp-json\/wp\/v2\/product_tag?post=430678"}],"curies":[{"name":"wp","href":"https:\/\/api.w.org\/{rel}","templated":true}]}}

<p>Mientras los vientos del otoño desnudan los árboles, las últimas cosechas se pudren en los pocos campos que no han sido devastados por la guerra, y por los ríos teñidos de rojo bajan cadáveres de todos los blasones y estirpes. Y aunque casi todo Poniente yace extenuado, en diversos rincones florecen nuevas e inquietantes intrigas que ansían nutrirse de los despojos de un reino moribundo.</p>
<p>George R.R. Martin continúa sumando hordas de seguidores incondicionales mientras desgrana, con pulso firme y certero, una de las experiencias literarias más ambiciosas y apasionantes que se hayan propuesto nunca en el terreno de la fantasía. Festín de cuervos, como la calma que precede a la tempestad, desarrolla nuevos personajes y tramas de un retablo tenso y sobrecogedor.</p>

Rústica
