{"id":430789,"date":"2023-05-18T15:22:32","date_gmt":"2023-05-18T13:22:32","guid":{"rendered":"https:\/\/www.claret.cat\/llibre\/mi-primer-libro-de-las-formas-9788496629028\/"},"modified":"2023-05-18T15:22:38","modified_gmt":"2023-05-18T13:22:38","slug":"mi-primer-libro-de-las-formas-9788496629028","status":"publish","type":"product","link":"https:\/\/www.claret.cat\/es\/libro\/mi-primer-libro-de-las-formas-9788496629028\/","title":{"rendered":"MI PRIMER LIBRO DE LAS FORMAS"},"content":{"rendered":"<p>Los m\u00e1s peque\u00f1os pueden aprender los colores, las formas, las palabras y los n\u00fameros de distintas maneras. Ninguna tan original como la de estos libros de carton\u00e9, con cada hoja partida al medio (un dibujo arriba y otro abajo) para que los ni\u00f1os jueguen a buscar las dos partes que se corresponden entre s\u00ed. Se divertir\u00e1n tanto averiguando de qu\u00e9 color es la flor, si una cometa es un rombo, cu\u00e1ntas fresas hay o una palabra nueva, que una vez que descubran las respuestas, empezar\u00e1n a pasar las p\u00e1ginas otra vez. Y otra m\u00e1s.<\/p>\n","protected":false},"excerpt":{"rendered":"<p>CARLE, ERIC<\/p>\n","protected":false},"featured_media":430790,"template":"","meta":{"_acf_changed":false,"om_disable_all_campaigns":false,"rs_blank_template":"","rs_page_bg_color":"","slide_template_v7":"","inline_featured_image":false,"_monsterinsights_skip_tracking":false,"_monsterinsights_sitenote_active":false,"_monsterinsights_sitenote_note":"","_monsterinsights_sitenote_category":0},"product_brand":[],"product_cat":[86,352],"product_tag":[],"class_list":{"0":"post-430789","1":"product","2":"type-product","3":"status-publish","4":"has-post-thumbnail","6":"product_cat-infantil","7":"product_cat-infantil-3_infantil-juvenil-spa","9":"first","10":"instock","11":"taxable","12":"shipping-taxable","13":"purchasable","14":"product-type-simple"},"acf":{"autor":"CARLE, ERIC","codart":"849662902","libros-coleccion":"INFANTIL JUVENIL","ediciones":"1","encuadernacion":"Carton\u00e9","fecha_de_publicacion":"01\/10\/2006","novedad":"1","paginas":"10","subtitulo":"","orden":"0","portada":"0","idioma":"spa","editorial":[{"ID":147996,"post_author":"3","post_date":"2022-10-14 11:54:50","post_date_gmt":"2022-10-14 09:54:50","post_content":"","post_title":"Editorial K\u00f3kinos","post_excerpt":"","post_status":"publish","comment_status":"closed","ping_status":"closed","post_password":"","post_name":"editorial-kokinos","to_ping":"","pinged":"","post_modified":"2022-10-14 11:54:50","post_modified_gmt":"2022-10-14 09:54:50","post_content_filtered":"","post_parent":0,"guid":"http:\/\/dev.claret.cat\/editorial\/editorial-kokinos\/","menu_order":0,"post_type":"editorial","post_mime_type":"","comment_count":"0","filter":"raw"}],"autores-libros":[{"ID":155252,"post_author":"3","post_date":"2022-10-14 15:11:21","post_date_gmt":"2022-10-14 13:11:21","post_content":"","post_title":"ERIC CARLE","post_excerpt":"","post_status":"publish","comment_status":"closed","ping_status":"closed","post_password":"","post_name":"eric-carle","to_ping":"","pinged":"","post_modified":"2022-10-14 15:11:21","post_modified_gmt":"2022-10-14 13:11:21","post_content_filtered":"","post_parent":0,"guid":"http:\/\/dev.claret.cat\/autor\/eric-carle\/","menu_order":0,"post_type":"autor","post_mime_type":"","comment_count":"0","filter":"raw"}]},"aioseo_notices":[],"_links":{"self":[{"href":"https:\/\/www.claret.cat\/es\/wp-json\/wp\/v2\/product\/430789","targetHints":{"allow":["GET"]}}],"collection":[{"href":"https:\/\/www.claret.cat\/es\/wp-json\/wp\/v2\/product"}],"about":[{"href":"https:\/\/www.claret.cat\/es\/wp-json\/wp\/v2\/types\/product"}],"wp:featuredmedia":[{"embeddable":true,"href":"https:\/\/www.claret.cat\/es\/wp-json\/wp\/v2\/media\/430790"}],"wp:attachment":[{"href":"https:\/\/www.claret.cat\/es\/wp-json\/wp\/v2\/media?parent=430789"}],"wp:term":[{"taxonomy":"product_brand","embeddable":true,"href":"https:\/\/www.claret.cat\/es\/wp-json\/wp\/v2\/product_brand?post=430789"},{"taxonomy":"product_cat","embeddable":true,"href":"https:\/\/www.claret.cat\/es\/wp-json\/wp\/v2\/product_cat?post=430789"},{"taxonomy":"product_tag","embeddable":true,"href":"https:\/\/www.claret.cat\/es\/wp-json\/wp\/v2\/product_tag?post=430789"}],"curies":[{"name":"wp","href":"https:\/\/api.w.org\/{rel}","templated":true}]}}

<p>Los más pequeños pueden aprender los colores, las formas, las palabras y los números de distintas maneras. Ninguna tan original como la de estos libros de cartoné, con cada hoja partida al medio (un dibujo arriba y otro abajo) para que los niños jueguen a buscar las dos partes que se corresponden entre sí. Se divertirán tanto averiguando de qué color es la flor, si una cometa es un rombo, cuántas fresas hay o una palabra nueva, que una vez que descubran las respuestas, empezarán a pasar las páginas otra vez. Y otra más.</p>

Cartoné

Editorial Kókinos
