{"id":431229,"date":"2023-05-18T15:50:26","date_gmt":"2023-05-18T13:50:26","guid":{"rendered":"https:\/\/www.claret.cat\/llibre\/el-arte-de-saber-escuchar-9788497432238\/"},"modified":"2026-02-09T18:15:40","modified_gmt":"2026-02-09T17:15:40","slug":"el-arte-de-saber-escuchar-9788497432238","status":"publish","type":"product","link":"https:\/\/www.claret.cat\/es\/libro\/el-arte-de-saber-escuchar-9788497432238\/","title":{"rendered":"EL ARTE DE SABER ESCUCHAR"},"content":{"rendered":"<p>Hablamos continuamente sobre la importancia de ser capaz de seducir, de convencer y de expresarnos con correcci\u00f3n. En cambio, nadie se preocupa de la importancia de saber escuchar. Saber escuchar a los dem\u00e1s es fundamental para crecer como personas, es el primer paso hacia el conocimiento mutuo. Y aunque todos queremos explicar cosas, es maravilloso encontrarse con alguien que sabe escuchar, porque sin saber c\u00f3mo, queremos estar con \u00e9l el mayor tiempo posible. El libro del doctor Francesc Torralba es una gu\u00eda exacta para desarrollar el arte de saber escuchar, ayudar a desprendernos del ego \u2013algo que tanto nos atenaza- y en definitiva saber comprender a los que amamos.<\/p>\n","protected":false},"excerpt":{"rendered":"<p>TORRALBA, FRANCESC<\/p>\n","protected":false},"featured_media":1021959,"template":"","meta":{"_acf_changed":false,"om_disable_all_campaigns":false,"rs_blank_template":"","rs_page_bg_color":"","slide_template_v7":"","inline_featured_image":false,"_monsterinsights_skip_tracking":false,"_monsterinsights_sitenote_active":false,"_monsterinsights_sitenote_note":"","_monsterinsights_sitenote_category":0},"product_brand":[],"product_cat":[449,181,143,576,437,163],"product_tag":[],"class_list":{"0":"post-431229","1":"product","2":"type-product","3":"status-publish","4":"has-post-thumbnail","6":"product_cat-de-la-personalidad-y-del-desarrollo","7":"product_cat-de-la-personalitat-i-del-desenvolupament","8":"product_cat-educacio-en-valors","9":"product_cat-educacion-en-valores-escolar-4_escolar-spa","10":"product_cat-valores-y-convivencia","11":"product_cat-valors-i-convivencia","13":"first","14":"instock","15":"taxable","16":"shipping-taxable","17":"purchasable","18":"product-type-simple"},"acf":{"autor":"TORRALBA, FRANCESC","codart":"849743223","libros-coleccion":"Estilos","ediciones":"1","encuadernacion":"R\u00fastica","fecha_de_publicacion":"23\/11\/2007","novedad":"0","paginas":"200","subtitulo":"","orden":"999","portada":"0","idioma":"spa","editorial":[{"ID":262314,"post_author":"3","post_date":"2022-10-24 11:22:45","post_date_gmt":"2022-10-24 09:22:45","post_content":"","post_title":"MILENIO, EDITORIAL","post_excerpt":"","post_status":"publish","comment_status":"closed","ping_status":"closed","post_password":"","post_name":"milenio-editorial","to_ping":"","pinged":"","post_modified":"2022-10-24 11:22:45","post_modified_gmt":"2022-10-24 09:22:45","post_content_filtered":"","post_parent":0,"guid":"http:\/\/dev.claret.cat\/editorial\/milenio-editorial\/","menu_order":0,"post_type":"editorial","post_mime_type":"","comment_count":"0","filter":"raw"}],"autores-libros":[{"ID":5483,"post_author":"3","post_date":"2022-07-28 17:24:57","post_date_gmt":"2022-07-28 15:24:57","post_content":"","post_title":"FRANCESC TORRALBA","post_excerpt":"","post_status":"publish","comment_status":"closed","ping_status":"closed","post_password":"","post_name":"francesc-torralba","to_ping":"","pinged":"","post_modified":"2022-07-28 17:24:57","post_modified_gmt":"2022-07-28 15:24:57","post_content_filtered":"","post_parent":0,"guid":"http:\/\/dev.claret.cat\/autor\/francesc-torralba\/","menu_order":0,"post_type":"autor","post_mime_type":"","comment_count":"0","filter":"raw"}],"booktrailer":"","resenas":""},"aioseo_notices":[],"_links":{"self":[{"href":"https:\/\/www.claret.cat\/es\/wp-json\/wp\/v2\/product\/431229","targetHints":{"allow":["GET"]}}],"collection":[{"href":"https:\/\/www.claret.cat\/es\/wp-json\/wp\/v2\/product"}],"about":[{"href":"https:\/\/www.claret.cat\/es\/wp-json\/wp\/v2\/types\/product"}],"wp:featuredmedia":[{"embeddable":true,"href":"https:\/\/www.claret.cat\/es\/wp-json\/wp\/v2\/media\/1021959"}],"wp:attachment":[{"href":"https:\/\/www.claret.cat\/es\/wp-json\/wp\/v2\/media?parent=431229"}],"wp:term":[{"taxonomy":"product_brand","embeddable":true,"href":"https:\/\/www.claret.cat\/es\/wp-json\/wp\/v2\/product_brand?post=431229"},{"taxonomy":"product_cat","embeddable":true,"href":"https:\/\/www.claret.cat\/es\/wp-json\/wp\/v2\/product_cat?post=431229"},{"taxonomy":"product_tag","embeddable":true,"href":"https:\/\/www.claret.cat\/es\/wp-json\/wp\/v2\/product_tag?post=431229"}],"curies":[{"name":"wp","href":"https:\/\/api.w.org\/{rel}","templated":true}]}}

<p>Hablamos continuamente sobre la importancia de ser capaz de seducir, de convencer y de expresarnos con corrección. En cambio, nadie se preocupa de la importancia de saber escuchar. Saber escuchar a los demás es fundamental para crecer como personas, es el primer paso hacia el conocimiento mutuo. Y aunque todos queremos explicar cosas, es maravilloso encontrarse con alguien que sabe escuchar, porque sin saber cómo, queremos estar con él el mayor tiempo posible. El libro del doctor Francesc Torralba es una guía exacta para desarrollar el arte de saber escuchar, ayudar a desprendernos del ego –algo que tanto nos atenaza- y en definitiva saber comprender a los que amamos.</p>

Rústica
