{"id":431607,"date":"2023-05-18T16:21:22","date_gmt":"2023-05-18T14:21:22","guid":{"rendered":"https:\/\/www.claret.cat\/llibre\/quiet-9788497873420\/"},"modified":"2024-01-31T20:25:19","modified_gmt":"2024-01-31T19:25:19","slug":"quiet-9788497873420","status":"publish","type":"product","link":"https:\/\/www.claret.cat\/es\/libro\/quiet-9788497873420\/","title":{"rendered":"QUIET"},"content":{"rendered":"<p>Quiet cobreix set anys en la vida del nostre fill Llu\u00eds Serra Pablo, \u00e0lies Llullu, que va n\u00e9ixer amb una greu encefalopatia que la ci\u00e8ncia neurol\u00f2gica encara no ha estat capa\u00e7 de definir. El Llu\u00eds \u00e9s el nostre segon fill. T\u00e9 unes necessitats una mica peculiars, per\u00f2 aix\u00f2 nom\u00e9s significa que estem m\u00e9s pendents de la seva fragilitat. A Quiet, he buscat una forma narrativa d&#8217;explicar l&#8217;ambivalent estat emocional que provoca tenir un fill que no progressa adequadament. Un estat sovint exposat als fiblons del dolor, per\u00f2 en el que predomina la joia i un cert embadaliment. M&#8217;ha semblat que la millor manera de fer-ho era rescatar escenes concretes fixades en la mem\u00f2ria i posar-les en moviment. Records refulgents. I he pret\u00e8s, alhora, compondre un mirall. Dorian Gray va vendre l&#8217;\u00e0nima al diable per poder ser, m\u00e9s que immortal, invariable, mentre els estralls del temps anaven canviant l&#8217;aspecte del retrat invisible que havia amagat al soterrani. Aqu\u00ed el proc\u00e9s s&#8217;inverteix. Tots els que ens mirem una mica a fons en aquest mirall envellim d&#8217;una manera diferent. Si Dorian Gray hagu\u00e9s conegut un llullu no s&#8217;hauria conformat mai de la vida amb la invariabilitat dels presumptes immortals. Hauria apr\u00e8s a mirar en comptes de voler ser mirat. A envellir. Molt probablement no hauria volgut ser retratat, sin\u00f3 retrat.<\/p>\n","protected":false},"excerpt":{"rendered":"<p>SERRA, MARIUS<\/p>\n","protected":false},"featured_media":431608,"template":"","meta":{"_acf_changed":false,"om_disable_all_campaigns":false,"rs_blank_template":"","rs_page_bg_color":"","slide_template_v7":"","inline_featured_image":false,"_monsterinsights_skip_tracking":false,"_monsterinsights_sitenote_active":false,"_monsterinsights_sitenote_note":"","_monsterinsights_sitenote_category":0},"product_brand":[],"product_cat":[353,87],"product_tag":[],"class_list":{"0":"post-431607","1":"product","2":"type-product","3":"status-publish","4":"has-post-thumbnail","6":"product_cat-literatura-2_humanidades","7":"product_cat-literatura","9":"first","10":"instock","11":"taxable","12":"shipping-taxable","13":"purchasable","14":"product-type-simple"},"acf":{"autor":"SERRA, MARIUS","codart":"849787342","libros-coleccion":"","ediciones":"1","encuadernacion":"R\u00fastica","fecha_de_publicacion":"01\/11\/2008","novedad":"0","paginas":"200","subtitulo":"","orden":"999","portada":"0","idioma":"cat","editorial":[{"ID":148089,"post_author":"3","post_date":"2022-10-14 11:55:33","post_date_gmt":"2022-10-14 09:55:33","post_content":"","post_title":"EMPURIES, EDITORIAL","post_excerpt":"","post_status":"publish","comment_status":"closed","ping_status":"closed","post_password":"","post_name":"empuries-editorial","to_ping":"","pinged":"","post_modified":"2022-10-14 11:55:33","post_modified_gmt":"2022-10-14 09:55:33","post_content_filtered":"","post_parent":0,"guid":"http:\/\/dev.claret.cat\/editorial\/empuries-editorial\/","menu_order":0,"post_type":"editorial","post_mime_type":"","comment_count":"0","filter":"raw"}],"autores-libros":[{"ID":164048,"post_author":"3","post_date":"2022-10-14 17:43:56","post_date_gmt":"2022-10-14 15:43:56","post_content":"","post_title":"MARIUS SERRA","post_excerpt":"","post_status":"publish","comment_status":"closed","ping_status":"closed","post_password":"","post_name":"marius-serra","to_ping":"","pinged":"","post_modified":"2022-10-14 17:43:56","post_modified_gmt":"2022-10-14 15:43:56","post_content_filtered":"","post_parent":0,"guid":"http:\/\/dev.claret.cat\/autor\/marius-serra\/","menu_order":0,"post_type":"autor","post_mime_type":"","comment_count":"0","filter":"raw"}]},"aioseo_notices":[],"_links":{"self":[{"href":"https:\/\/www.claret.cat\/es\/wp-json\/wp\/v2\/product\/431607","targetHints":{"allow":["GET"]}}],"collection":[{"href":"https:\/\/www.claret.cat\/es\/wp-json\/wp\/v2\/product"}],"about":[{"href":"https:\/\/www.claret.cat\/es\/wp-json\/wp\/v2\/types\/product"}],"wp:featuredmedia":[{"embeddable":true,"href":"https:\/\/www.claret.cat\/es\/wp-json\/wp\/v2\/media\/431608"}],"wp:attachment":[{"href":"https:\/\/www.claret.cat\/es\/wp-json\/wp\/v2\/media?parent=431607"}],"wp:term":[{"taxonomy":"product_brand","embeddable":true,"href":"https:\/\/www.claret.cat\/es\/wp-json\/wp\/v2\/product_brand?post=431607"},{"taxonomy":"product_cat","embeddable":true,"href":"https:\/\/www.claret.cat\/es\/wp-json\/wp\/v2\/product_cat?post=431607"},{"taxonomy":"product_tag","embeddable":true,"href":"https:\/\/www.claret.cat\/es\/wp-json\/wp\/v2\/product_tag?post=431607"}],"curies":[{"name":"wp","href":"https:\/\/api.w.org\/{rel}","templated":true}]}}

<p>Quiet cobreix set anys en la vida del nostre fill Lluís Serra Pablo, àlies Llullu, que va néixer amb una greu encefalopatia que la ciència neurològica encara no ha estat capaç de definir. El Lluís és el nostre segon fill. Té unes necessitats una mica peculiars, però això només significa que estem més pendents de la seva fragilitat. A Quiet, he buscat una forma narrativa d&#8217;explicar l&#8217;ambivalent estat emocional que provoca tenir un fill que no progressa adequadament. Un estat sovint exposat als fiblons del dolor, però en el que predomina la joia i un cert embadaliment. M&#8217;ha semblat que la millor manera de fer-ho era rescatar escenes concretes fixades en la memòria i posar-les en moviment. Records refulgents. I he pretès, alhora, compondre un mirall. Dorian Gray va vendre l&#8217;ànima al diable per poder ser, més que immortal, invariable, mentre els estralls del temps anaven canviant l&#8217;aspecte del retrat invisible que havia amagat al soterrani. Aquí el procés s&#8217;inverteix. Tots els que ens mirem una mica a fons en aquest mirall envellim d&#8217;una manera diferent. Si Dorian Gray hagués conegut un llullu no s&#8217;hauria conformat mai de la vida amb la invariabilitat dels presumptes immortals. Hauria après a mirar en comptes de voler ser mirat. A envellir. Molt probablement no hauria volgut ser retratat, sinó retrat.</p>

Rústica
