{"id":43236,"date":"2022-10-02T21:27:25","date_gmt":"2022-10-02T19:27:25","guid":{"rendered":"http:\/\/dev.claret.cat\/producte\/quien-es-este-jesus-de-nazaret-sin-dscursos-ni-sermones\/"},"modified":"2024-11-07T14:05:43","modified_gmt":"2024-11-07T13:05:43","slug":"quien-es-este-jesus-de-nazaret-sin-dscursos-ni-sermones-9788428838368","status":"publish","type":"product","link":"https:\/\/www.claret.cat\/es\/libro\/quien-es-este-jesus-de-nazaret-sin-dscursos-ni-sermones-9788428838368\/","title":{"rendered":"\u00bfQUI\u00c9N ES ESTE? JES\u00daS DE NAZARET SIN DSCURSOS NI SERMONES"},"content":{"rendered":"<p>Estas p\u00e1ginas pretenden reflexionar sobre aquellos relatos de los evangelios que hablan del v\u00ednculo entre el Maestro y sus disc\u00edpulos. No se trata de detenerse en los discursos ni en los sermones; solo se observar\u00e1 c\u00f3mo se muestra en los evangelios la relaci\u00f3n entre el Maestro y esos hombres y mujeres que se acercaron a \u00e9l y lo siguieron por los caminos de Galilea. All\u00ed es posible descubrir algunas pistas que nos permitan, dos mil a\u00f1os despu\u00e9s, encontrarnos con ese mismo Maestro.<\/p>\n","protected":false},"excerpt":{"rendered":"<p>OESTERHELD, JORGE<\/p>\n","protected":false},"featured_media":338365,"template":"","meta":{"_acf_changed":false,"om_disable_all_campaigns":false,"rs_blank_template":"","rs_page_bg_color":"","slide_template_v7":"","inline_featured_image":false,"_monsterinsights_skip_tracking":false,"_monsterinsights_sitenote_active":false,"_monsterinsights_sitenote_note":"","_monsterinsights_sitenote_category":0},"product_brand":[],"product_cat":[276,414],"product_tag":[],"class_list":{"0":"post-43236","1":"product","2":"type-product","3":"status-publish","4":"has-post-thumbnail","6":"product_cat-cristologia-teologia","7":"product_cat-cristologia-teologia-1_espiritualidad","9":"first","10":"instock","11":"taxable","12":"shipping-taxable","13":"purchasable","14":"product-type-simple"},"acf":{"autor":"OESTERHELD, JORGE","codart":"842883836","libros-coleccion":"Las palabras y los d\u00edas","ediciones":"1","encuadernacion":"R\u00fastica","fecha_de_publicacion":"23\/02\/2022","novedad":"1","paginas":"128","subtitulo":"JES\u00daS DE NAZARET SIN DISCURSOS NI SERMONES","orden":"0","portada":"0","idioma":"spa","editorial":[{"ID":6335,"post_author":"3","post_date":"2022-07-28 17:49:59","post_date_gmt":"2022-07-28 15:49:59","post_content":"","post_title":"PPC altres","post_excerpt":"","post_status":"publish","comment_status":"closed","ping_status":"closed","post_password":"","post_name":"ppc-altres","to_ping":"","pinged":"","post_modified":"2022-07-28 17:49:59","post_modified_gmt":"2022-07-28 15:49:59","post_content_filtered":"","post_parent":0,"guid":"http:\/\/dev.claret.cat\/editorial\/ppc-altres\/","menu_order":0,"post_type":"editorial","post_mime_type":"","comment_count":"0","filter":"raw"}],"autores-libros":[{"ID":160096,"post_author":"3","post_date":"2022-10-14 15:50:16","post_date_gmt":"2022-10-14 13:50:16","post_content":"","post_title":"JORGE OESTERHELD","post_excerpt":"","post_status":"publish","comment_status":"closed","ping_status":"closed","post_password":"","post_name":"jorge-oesterheld","to_ping":"","pinged":"","post_modified":"2022-10-14 15:50:16","post_modified_gmt":"2022-10-14 13:50:16","post_content_filtered":"","post_parent":0,"guid":"http:\/\/dev.claret.cat\/autor\/jorge-oesterheld\/","menu_order":0,"post_type":"autor","post_mime_type":"","comment_count":"0","filter":"raw"}]},"aioseo_notices":[],"_links":{"self":[{"href":"https:\/\/www.claret.cat\/es\/wp-json\/wp\/v2\/product\/43236","targetHints":{"allow":["GET"]}}],"collection":[{"href":"https:\/\/www.claret.cat\/es\/wp-json\/wp\/v2\/product"}],"about":[{"href":"https:\/\/www.claret.cat\/es\/wp-json\/wp\/v2\/types\/product"}],"wp:featuredmedia":[{"embeddable":true,"href":"https:\/\/www.claret.cat\/es\/wp-json\/wp\/v2\/media\/338365"}],"wp:attachment":[{"href":"https:\/\/www.claret.cat\/es\/wp-json\/wp\/v2\/media?parent=43236"}],"wp:term":[{"taxonomy":"product_brand","embeddable":true,"href":"https:\/\/www.claret.cat\/es\/wp-json\/wp\/v2\/product_brand?post=43236"},{"taxonomy":"product_cat","embeddable":true,"href":"https:\/\/www.claret.cat\/es\/wp-json\/wp\/v2\/product_cat?post=43236"},{"taxonomy":"product_tag","embeddable":true,"href":"https:\/\/www.claret.cat\/es\/wp-json\/wp\/v2\/product_tag?post=43236"}],"curies":[{"name":"wp","href":"https:\/\/api.w.org\/{rel}","templated":true}]}}

¿QUIÉN ES ESTE? JESÚS DE NAZARET SIN DSCURSOS NI SERMONES

<p>Estas páginas pretenden reflexionar sobre aquellos relatos de los evangelios que hablan del vínculo entre el Maestro y sus discípulos. No se trata de detenerse en los discursos ni en los sermones; solo se observará cómo se muestra en los evangelios la relación entre el Maestro y esos hombres y mujeres que se acercaron a él y lo siguieron por los caminos de Galilea. Allí es posible descubrir algunas pistas que nos permitan, dos mil años después, encontrarnos con ese mismo Maestro.</p>

Las palabras y los días

Rústica

JESÚS DE NAZARET SIN DISCURSOS NI SERMONES
