{"id":433366,"date":"2023-05-18T18:14:48","date_gmt":"2023-05-18T16:14:48","guid":{"rendered":"https:\/\/www.claret.cat\/llibre\/el-ultimo-jesuita-9788499700434\/"},"modified":"2023-05-18T18:14:51","modified_gmt":"2023-05-18T16:14:51","slug":"el-ultimo-jesuita-9788499700434","status":"publish","type":"product","link":"https:\/\/www.claret.cat\/es\/libro\/el-ultimo-jesuita-9788499700434\/","title":{"rendered":"EL \u00daLTIMO JESUITA"},"content":{"rendered":"","protected":false},"excerpt":{"rendered":"<p>PEDRO MIGUEL LAMET<\/p>\n","protected":false},"featured_media":0,"template":"","meta":{"_acf_changed":false,"om_disable_all_campaigns":false,"rs_blank_template":"","rs_page_bg_color":"","slide_template_v7":"","inline_featured_image":false,"_monsterinsights_skip_tracking":false,"_monsterinsights_sitenote_active":false,"_monsterinsights_sitenote_note":"","_monsterinsights_sitenote_category":0},"product_brand":[],"product_cat":[90,540],"product_tag":[],"class_list":{"0":"post-433366","1":"product","2":"type-product","3":"status-publish","5":"product_cat-altres","6":"product_cat-otros","8":"first","9":"instock","10":"taxable","11":"shipping-taxable","12":"purchasable","13":"product-type-simple"},"acf":{"autor":"PEDRO MIGUEL LAMET","codart":"849970043","libros-coleccion":"","ediciones":"0","encuadernacion":"Carton\u00e9","fecha_de_publicacion":"01\/10\/2011","novedad":"0","paginas":"626","subtitulo":"LA DRAM\u00c1TICA PERSECUCI\u00d3N CONTRA LA COMPA\u00d1\u00cdA DE JES\u00daS EN TIEMPOS DE CARLOS III","orden":"999","portada":"0","idioma":"spa","editorial":[{"ID":6277,"post_author":"3","post_date":"2022-07-28 17:48:44","post_date_gmt":"2022-07-28 15:48:44","post_content":"","post_title":"LA ESFERA DE LOS LIBROS","post_excerpt":"","post_status":"publish","comment_status":"closed","ping_status":"closed","post_password":"","post_name":"la-esfera-de-los-libros","to_ping":"","pinged":"","post_modified":"2022-07-28 17:48:44","post_modified_gmt":"2022-07-28 15:48:44","post_content_filtered":"","post_parent":0,"guid":"http:\/\/dev.claret.cat\/editorial\/la-esfera-de-los-libros\/","menu_order":0,"post_type":"editorial","post_mime_type":"","comment_count":"0","filter":"raw"}],"autores-libros":[{"ID":427550,"post_author":"3","post_date":"2023-05-16 09:08:21","post_date_gmt":"2023-05-16 07:08:21","post_content":"","post_title":"PEDRO MIGUEL LAMET","post_excerpt":"","post_status":"publish","comment_status":"closed","ping_status":"closed","post_password":"","post_name":"pedro-miguel-lamet-2","to_ping":"","pinged":"","post_modified":"2023-05-16 09:08:21","post_modified_gmt":"2023-05-16 07:08:21","post_content_filtered":"","post_parent":0,"guid":"https:\/\/www.claret.cat\/autor\/pedro-miguel-lamet-2\/","menu_order":0,"post_type":"autor","post_mime_type":"","comment_count":"0","filter":"raw"}]},"aioseo_notices":[],"_links":{"self":[{"href":"https:\/\/www.claret.cat\/es\/wp-json\/wp\/v2\/product\/433366","targetHints":{"allow":["GET"]}}],"collection":[{"href":"https:\/\/www.claret.cat\/es\/wp-json\/wp\/v2\/product"}],"about":[{"href":"https:\/\/www.claret.cat\/es\/wp-json\/wp\/v2\/types\/product"}],"wp:attachment":[{"href":"https:\/\/www.claret.cat\/es\/wp-json\/wp\/v2\/media?parent=433366"}],"wp:term":[{"taxonomy":"product_brand","embeddable":true,"href":"https:\/\/www.claret.cat\/es\/wp-json\/wp\/v2\/product_brand?post=433366"},{"taxonomy":"product_cat","embeddable":true,"href":"https:\/\/www.claret.cat\/es\/wp-json\/wp\/v2\/product_cat?post=433366"},{"taxonomy":"product_tag","embeddable":true,"href":"https:\/\/www.claret.cat\/es\/wp-json\/wp\/v2\/product_tag?post=433366"}],"curies":[{"name":"wp","href":"https:\/\/api.w.org\/{rel}","templated":true}]}}

EL ÚLTIMO JESUITA

Cartoné

LA DRAMÁTICA PERSECUCIÓN CONTRA LA COMPAÑÍA DE JESÚS EN TIEMPOS DE CARLOS III
