{"id":433435,"date":"2023-05-18T18:19:02","date_gmt":"2023-05-18T16:19:02","guid":{"rendered":"https:\/\/www.claret.cat\/llibre\/el-compromis-9788499751573\/"},"modified":"2025-09-18T13:01:39","modified_gmt":"2025-09-18T11:01:39","slug":"el-compromis-9788499751573","status":"publish","type":"product","link":"https:\/\/www.claret.cat\/es\/libro\/el-compromis-9788499751573\/","title":{"rendered":"EL COMPROM\u00cdS"},"content":{"rendered":"<p>El comprom\u00eds no \u00e9s un valor de moda, tampoc no \u00e9s una paraula a l&#8221;al\u00e7a ni en els discursos pol\u00edtics ni en els \u00e8tics. Unes d\u00e8cades enrere, en canvi, era una paraula molt usada i sempre amb connotacions positives. Comprometre&#8221;s \u00e9s, en sentit estricte, contribuir, des del propi talent personal, a una causa m\u00e9s gran que el propi jo, a fer realitat un somni col\u00b7lectiu. \u00c9s aportar el petit gra de sorra a l&#8221;obra comuna. En el cor de l&#8221;\u00e8tica del comprom\u00eds, hi ha un missatge d&#8221;esperan\u00e7a; no una quimera buida, ni una il\u00b7lusi\u00f3 sense base real. Viure \u00e9s comprometre&#8221;s, per\u00f2 no tot comprom\u00eds val el mateix, ni mereix el mateix respecte.<\/p>\n","protected":false},"excerpt":{"rendered":"<p>TORRALBA, FRANCESC<\/p>\n","protected":false},"featured_media":433436,"template":"","meta":{"_acf_changed":false,"om_disable_all_campaigns":false,"rs_blank_template":"","rs_page_bg_color":"","slide_template_v7":"","inline_featured_image":false,"_monsterinsights_skip_tracking":false,"_monsterinsights_sitenote_active":false,"_monsterinsights_sitenote_note":"","_monsterinsights_sitenote_category":0},"product_brand":[],"product_cat":[90,540],"product_tag":[],"class_list":{"0":"post-433435","1":"product","2":"type-product","3":"status-publish","4":"has-post-thumbnail","6":"product_cat-altres","7":"product_cat-otros","9":"first","10":"instock","11":"taxable","12":"shipping-taxable","13":"purchasable","14":"product-type-simple"},"acf":{"autor":"TORRALBA, FRANCESC","codart":"849975157","libros-coleccion":"SUSHI BOOKS","ediciones":"1","encuadernacion":"R\u00fastica","fecha_de_publicacion":"01\/01\/2012","novedad":"0","paginas":"127","subtitulo":"","orden":"999","portada":"0","idioma":"cat","editorial":[{"ID":6322,"post_author":"3","post_date":"2022-07-28 17:49:42","post_date_gmt":"2022-07-28 15:49:42","post_content":"","post_title":"PAG\u00c8S EDITORS","post_excerpt":"","post_status":"publish","comment_status":"closed","ping_status":"closed","post_password":"","post_name":"pages-editors","to_ping":"","pinged":"","post_modified":"2022-07-28 17:49:42","post_modified_gmt":"2022-07-28 15:49:42","post_content_filtered":"","post_parent":0,"guid":"http:\/\/dev.claret.cat\/editorial\/pages-editors\/","menu_order":0,"post_type":"editorial","post_mime_type":"","comment_count":"0","filter":"raw"}],"autores-libros":[{"ID":5483,"post_author":"3","post_date":"2022-07-28 17:24:57","post_date_gmt":"2022-07-28 15:24:57","post_content":"","post_title":"FRANCESC TORRALBA","post_excerpt":"","post_status":"publish","comment_status":"closed","ping_status":"closed","post_password":"","post_name":"francesc-torralba","to_ping":"","pinged":"","post_modified":"2022-07-28 17:24:57","post_modified_gmt":"2022-07-28 15:24:57","post_content_filtered":"","post_parent":0,"guid":"http:\/\/dev.claret.cat\/autor\/francesc-torralba\/","menu_order":0,"post_type":"autor","post_mime_type":"","comment_count":"0","filter":"raw"}],"booktrailer":"","resenas":""},"aioseo_notices":[],"_links":{"self":[{"href":"https:\/\/www.claret.cat\/es\/wp-json\/wp\/v2\/product\/433435","targetHints":{"allow":["GET"]}}],"collection":[{"href":"https:\/\/www.claret.cat\/es\/wp-json\/wp\/v2\/product"}],"about":[{"href":"https:\/\/www.claret.cat\/es\/wp-json\/wp\/v2\/types\/product"}],"wp:featuredmedia":[{"embeddable":true,"href":"https:\/\/www.claret.cat\/es\/wp-json\/wp\/v2\/media\/433436"}],"wp:attachment":[{"href":"https:\/\/www.claret.cat\/es\/wp-json\/wp\/v2\/media?parent=433435"}],"wp:term":[{"taxonomy":"product_brand","embeddable":true,"href":"https:\/\/www.claret.cat\/es\/wp-json\/wp\/v2\/product_brand?post=433435"},{"taxonomy":"product_cat","embeddable":true,"href":"https:\/\/www.claret.cat\/es\/wp-json\/wp\/v2\/product_cat?post=433435"},{"taxonomy":"product_tag","embeddable":true,"href":"https:\/\/www.claret.cat\/es\/wp-json\/wp\/v2\/product_tag?post=433435"}],"curies":[{"name":"wp","href":"https:\/\/api.w.org\/{rel}","templated":true}]}}

EL COMPROMÍS

<p>El compromís no és un valor de moda, tampoc no és una paraula a l&#8221;alça ni en els discursos polítics ni en els ètics. Unes dècades enrere, en canvi, era una paraula molt usada i sempre amb connotacions positives. Comprometre&#8221;s és, en sentit estricte, contribuir, des del propi talent personal, a una causa més gran que el propi jo, a fer realitat un somni col·lectiu. És aportar el petit gra de sorra a l&#8221;obra comuna. En el cor de l&#8221;ètica del compromís, hi ha un missatge d&#8221;esperança; no una quimera buida, ni una il·lusió sense base real. Viure és comprometre&#8221;s, però no tot compromís val el mateix, ni mereix el mateix respecte.</p>

Rústica

PAGÈS EDITORS
