{"id":433455,"date":"2023-05-18T18:20:23","date_gmt":"2023-05-18T16:20:23","guid":{"rendered":"https:\/\/www.claret.cat\/llibre\/a-cel-ras-9788499753478\/"},"modified":"2023-05-18T18:20:30","modified_gmt":"2023-05-18T16:20:30","slug":"a-cel-ras-9788499753478","status":"publish","type":"product","link":"https:\/\/www.claret.cat\/es\/libro\/a-cel-ras-9788499753478\/","title":{"rendered":"A  CEL RAS"},"content":{"rendered":"<p>Que alg\u00fa vulgui fer-se pastor en l&#8217;era de la tecnologia no deixa de ser un fet curi\u00f3s, per\u00f2 \u00e9s una realitat d&#8217;en\u00e7\u00e0 que l&#8217;any 2009 va n\u00e9ixer l&#8217;Escola de Pastors de Catalunya on s&#8217;han anat formant diferents promocions de joves amb una nova consci\u00e8ncia, preocupada i ocupada a fer possible la vida a la terra, una vida que es nodreix no nom\u00e9s dels aliments sin\u00f3 de ser qui som. L&#8217;autora ha fet una transhum\u00e0ncia per les vides d&#8217;aquests joves per saber qui eren, qu\u00e8 els impulsava a retornar a la terra, quines eren les seves motivacions i els seus projectes vitals, com vivien i com ho vivien. Aquest moviment de retorn a la terra dels joves pastors es troba en un context global que ens fa entendre que el canvi que plantegen no \u00e9s una bogeria sin\u00f3 un anhel emmarcat dins un nou paradigma agrosocial. Tots tenen una convicci\u00f3 profunda que els fa aguantar ferms: la certesa de ser el motor de canvi d&#8217;uns nous temps.<\/p>\n","protected":false},"excerpt":{"rendered":"<p>DE AHUMADA BATLLE, LAIA<\/p>\n","protected":false},"featured_media":433456,"template":"","meta":{"_acf_changed":false,"om_disable_all_campaigns":false,"rs_blank_template":"","rs_page_bg_color":"","slide_template_v7":"","inline_featured_image":false,"_monsterinsights_skip_tracking":false,"_monsterinsights_sitenote_active":false,"_monsterinsights_sitenote_note":"","_monsterinsights_sitenote_category":0},"product_brand":[],"product_cat":[90,540],"product_tag":[],"class_list":{"0":"post-433455","1":"product","2":"type-product","3":"status-publish","4":"has-post-thumbnail","6":"product_cat-altres","7":"product_cat-otros","9":"first","10":"instock","11":"taxable","12":"shipping-taxable","13":"purchasable","14":"product-type-simple"},"acf":{"autor":"DE AHUMADA BATLLE, LAIA","codart":"849975347","libros-coleccion":"","ediciones":"1","encuadernacion":"R\u00fastica","fecha_de_publicacion":"01\/04\/2013","novedad":"0","paginas":"120","subtitulo":"CONVERSES AMB JOVES PASTORS","orden":"999","portada":"0","idioma":"cat","editorial":[{"ID":6321,"post_author":"3","post_date":"2022-07-28 17:49:41","post_date_gmt":"2022-07-28 15:49:41","post_content":"","post_title":"PAG\u00c8S","post_excerpt":"","post_status":"publish","comment_status":"closed","ping_status":"closed","post_password":"","post_name":"pages","to_ping":"","pinged":"","post_modified":"2022-07-28 17:49:41","post_modified_gmt":"2022-07-28 15:49:41","post_content_filtered":"","post_parent":0,"guid":"http:\/\/dev.claret.cat\/editorial\/pages\/","menu_order":0,"post_type":"editorial","post_mime_type":"","comment_count":"0","filter":"raw"}],"autores-libros":[{"ID":161832,"post_author":"3","post_date":"2022-10-14 17:26:13","post_date_gmt":"2022-10-14 15:26:13","post_content":"","post_title":"LAIA DE AHUMADA BATLLE","post_excerpt":"","post_status":"publish","comment_status":"closed","ping_status":"closed","post_password":"","post_name":"laia-de-ahumada-batlle","to_ping":"","pinged":"","post_modified":"2022-10-14 17:26:13","post_modified_gmt":"2022-10-14 15:26:13","post_content_filtered":"","post_parent":0,"guid":"http:\/\/dev.claret.cat\/autor\/laia-de-ahumada-batlle\/","menu_order":0,"post_type":"autor","post_mime_type":"","comment_count":"0","filter":"raw"}]},"aioseo_notices":[],"_links":{"self":[{"href":"https:\/\/www.claret.cat\/es\/wp-json\/wp\/v2\/product\/433455","targetHints":{"allow":["GET"]}}],"collection":[{"href":"https:\/\/www.claret.cat\/es\/wp-json\/wp\/v2\/product"}],"about":[{"href":"https:\/\/www.claret.cat\/es\/wp-json\/wp\/v2\/types\/product"}],"wp:featuredmedia":[{"embeddable":true,"href":"https:\/\/www.claret.cat\/es\/wp-json\/wp\/v2\/media\/433456"}],"wp:attachment":[{"href":"https:\/\/www.claret.cat\/es\/wp-json\/wp\/v2\/media?parent=433455"}],"wp:term":[{"taxonomy":"product_brand","embeddable":true,"href":"https:\/\/www.claret.cat\/es\/wp-json\/wp\/v2\/product_brand?post=433455"},{"taxonomy":"product_cat","embeddable":true,"href":"https:\/\/www.claret.cat\/es\/wp-json\/wp\/v2\/product_cat?post=433455"},{"taxonomy":"product_tag","embeddable":true,"href":"https:\/\/www.claret.cat\/es\/wp-json\/wp\/v2\/product_tag?post=433455"}],"curies":[{"name":"wp","href":"https:\/\/api.w.org\/{rel}","templated":true}]}}

<p>Que algú vulgui fer-se pastor en l&#8217;era de la tecnologia no deixa de ser un fet curiós, però és una realitat d&#8217;ençà que l&#8217;any 2009 va néixer l&#8217;Escola de Pastors de Catalunya on s&#8217;han anat formant diferents promocions de joves amb una nova consciència, preocupada i ocupada a fer possible la vida a la terra, una vida que es nodreix no només dels aliments sinó de ser qui som. L&#8217;autora ha fet una transhumància per les vides d&#8217;aquests joves per saber qui eren, què els impulsava a retornar a la terra, quines eren les seves motivacions i els seus projectes vitals, com vivien i com ho vivien. Aquest moviment de retorn a la terra dels joves pastors es troba en un context global que ens fa entendre que el canvi que plantegen no és una bogeria sinó un anhel emmarcat dins un nou paradigma agrosocial. Tots tenen una convicció profunda que els fa aguantar ferms: la certesa de ser el motor de canvi d&#8217;uns nous temps.</p>

Rústica

PAGÈS
