{"id":434010,"date":"2023-05-18T18:59:35","date_gmt":"2023-05-18T16:59:35","guid":{"rendered":"https:\/\/www.claret.cat\/llibre\/dostoievski-las-semillas-de-la-rebelion-18211849-9789681617325\/"},"modified":"2025-06-20T11:02:31","modified_gmt":"2025-06-20T09:02:31","slug":"dostoievski-las-semillas-de-la-rebelion-18211849-9789681617325","status":"publish","type":"product","link":"https:\/\/www.claret.cat\/es\/libro\/dostoievski-las-semillas-de-la-rebelion-18211849-9789681617325\/","title":{"rendered":"DOSTOIEVSKI : LAS SEMILLAS DE LA REBELI\u00d3N, 1821-1849"},"content":{"rendered":"<p>Primer volumen de una serie consagrada al estudio de la vida y obra de Feodor Mij\u00e1ilovich Dostoievski. Este tomo trata de la infancia, su formaci\u00f3n religiosa y cultural; la adolescencia, la juventud y la etapa como estudiante de ingenier\u00eda militar en la Academia de San Petersburgo. Incluye este tomo una historia cl\u00ednica de Dostoievski, seg\u00fan Freud.<\/p>\n","protected":false},"excerpt":{"rendered":"<p>FRANK, JOSEPH<\/p>\n","protected":false},"featured_media":434011,"template":"","meta":{"_acf_changed":false,"om_disable_all_campaigns":false,"rs_blank_template":"","rs_page_bg_color":"","slide_template_v7":"","inline_featured_image":false,"_monsterinsights_skip_tracking":false,"_monsterinsights_sitenote_active":false,"_monsterinsights_sitenote_note":"","_monsterinsights_sitenote_category":0},"product_brand":[],"product_cat":[87,353],"product_tag":[],"class_list":{"0":"post-434010","1":"product","2":"type-product","3":"status-publish","4":"has-post-thumbnail","6":"product_cat-literatura","7":"product_cat-literatura-2_humanidades","9":"first","10":"instock","11":"taxable","12":"shipping-taxable","13":"purchasable","14":"product-type-simple"},"acf":{"autor":"FRANK, JOSEPH","codart":"968161732","libros-coleccion":"Lengua y Estudios Literarios","ediciones":"1","encuadernacion":"Carpeta","fecha_de_publicacion":"01\/02\/2011","novedad":"1","paginas":"0","subtitulo":"","orden":"0","portada":"0","idioma":"spa","editorial":[{"ID":6257,"post_author":"3","post_date":"2022-07-28 17:48:19","post_date_gmt":"2022-07-28 15:48:19","post_content":"","post_title":"Fondo de Cultura Econ\u00f3mica Fce","post_excerpt":"","post_status":"publish","comment_status":"closed","ping_status":"closed","post_password":"","post_name":"fondo-de-cultura-economica-fce","to_ping":"","pinged":"","post_modified":"2022-07-28 17:48:19","post_modified_gmt":"2022-07-28 15:48:19","post_content_filtered":"","post_parent":0,"guid":"http:\/\/dev.claret.cat\/editorial\/fondo-de-cultura-economica-fce\/","menu_order":0,"post_type":"editorial","post_mime_type":"","comment_count":"0","filter":"raw"}],"autores-libros":[{"ID":160859,"post_author":"3","post_date":"2022-10-14 15:56:27","post_date_gmt":"2022-10-14 13:56:27","post_content":"","post_title":"JOSEPH FRANK","post_excerpt":"","post_status":"publish","comment_status":"closed","ping_status":"closed","post_password":"","post_name":"joseph-frank","to_ping":"","pinged":"","post_modified":"2022-10-14 15:56:27","post_modified_gmt":"2022-10-14 13:56:27","post_content_filtered":"","post_parent":0,"guid":"http:\/\/dev.claret.cat\/autor\/joseph-frank\/","menu_order":0,"post_type":"autor","post_mime_type":"","comment_count":"0","filter":"raw"}],"booktrailer":"","resenas":""},"aioseo_notices":[],"_links":{"self":[{"href":"https:\/\/www.claret.cat\/es\/wp-json\/wp\/v2\/product\/434010","targetHints":{"allow":["GET"]}}],"collection":[{"href":"https:\/\/www.claret.cat\/es\/wp-json\/wp\/v2\/product"}],"about":[{"href":"https:\/\/www.claret.cat\/es\/wp-json\/wp\/v2\/types\/product"}],"wp:featuredmedia":[{"embeddable":true,"href":"https:\/\/www.claret.cat\/es\/wp-json\/wp\/v2\/media\/434011"}],"wp:attachment":[{"href":"https:\/\/www.claret.cat\/es\/wp-json\/wp\/v2\/media?parent=434010"}],"wp:term":[{"taxonomy":"product_brand","embeddable":true,"href":"https:\/\/www.claret.cat\/es\/wp-json\/wp\/v2\/product_brand?post=434010"},{"taxonomy":"product_cat","embeddable":true,"href":"https:\/\/www.claret.cat\/es\/wp-json\/wp\/v2\/product_cat?post=434010"},{"taxonomy":"product_tag","embeddable":true,"href":"https:\/\/www.claret.cat\/es\/wp-json\/wp\/v2\/product_tag?post=434010"}],"curies":[{"name":"wp","href":"https:\/\/api.w.org\/{rel}","templated":true}]}}

DOSTOIEVSKI : LAS SEMILLAS DE LA REBELIÓN, 1821-1849

<p>Primer volumen de una serie consagrada al estudio de la vida y obra de Feodor Mijáilovich Dostoievski. Este tomo trata de la infancia, su formación religiosa y cultural; la adolescencia, la juventud y la etapa como estudiante de ingeniería militar en la Academia de San Petersburgo. Incluye este tomo una historia clínica de Dostoievski, según Freud.</p>

Fondo de Cultura Económica Fce
