{"id":434165,"date":"2023-05-18T19:08:07","date_gmt":"2023-05-18T17:08:07","guid":{"rendered":"https:\/\/www.claret.cat\/llibre\/san-pablo-lucha-con-su-comunidad-9789872323721\/"},"modified":"2025-04-08T12:12:05","modified_gmt":"2025-04-08T10:12:05","slug":"san-pablo-lucha-con-su-comunidad-9789872323721","status":"publish","type":"product","link":"https:\/\/www.claret.cat\/es\/libro\/san-pablo-lucha-con-su-comunidad-9789872323721\/","title":{"rendered":"SAN PABLO LUCHA CON SU COMUNIDAD"},"content":{"rendered":"<p>El libro San Pablo lucha con su comunidad tiene como origen esquemas para charlas a sacerdotes y su centro es la actividad pastoral seg\u00fan las dos Cartas a los Corintios.<\/p>\n<p>La lucha a la que se refiere el t\u00edtulo es la que se refleja en el texto b\u00edblico: Pablo exhorta, reprende, llora, ironiza, sube el tono&#8230; por reducir a los corintios a la obediencia al Se\u00f1or Jesucristo. El amor est\u00e1 en la lucha misma: son los celos de los que habla en el II Cor 12: sois s\u00f3lo para Cristo, y tengo celos cuando os veo que apart\u00e1is de \u00c9l la mirada.<\/p>\n","protected":false},"excerpt":{"rendered":"<p>BALTHASAR, HANS URS VON<\/p>\n","protected":false},"featured_media":1017269,"template":"","meta":{"_acf_changed":false,"om_disable_all_campaigns":false,"rs_blank_template":"","rs_page_bg_color":"","slide_template_v7":"","inline_featured_image":false,"_monsterinsights_skip_tracking":false,"_monsterinsights_sitenote_active":false,"_monsterinsights_sitenote_note":"","_monsterinsights_sitenote_category":0},"product_brand":[],"product_cat":[90,540],"product_tag":[],"class_list":{"0":"post-434165","1":"product","2":"type-product","3":"status-publish","4":"has-post-thumbnail","6":"product_cat-altres","7":"product_cat-otros","9":"first","10":"outofstock","11":"taxable","12":"shipping-taxable","13":"purchasable","14":"product-type-simple"},"acf":{"autor":"BALTHASAR, HANS URS VON","codart":"987232372","libros-coleccion":"","ediciones":"1","encuadernacion":"R\u00fastica","fecha_de_publicacion":"01\/01\/2008","novedad":"0","paginas":"83","subtitulo":"LA PASTORAL DE LAS CARTAS A LOS CORINTIOS","orden":"999","portada":"0","idioma":"spa","editorial":[{"ID":147849,"post_author":"3","post_date":"2022-10-14 11:53:41","post_date_gmt":"2022-10-14 09:53:41","post_content":"","post_title":"EDICIONES SAN JUAN","post_excerpt":"","post_status":"publish","comment_status":"closed","ping_status":"closed","post_password":"","post_name":"ediciones-san-juan","to_ping":"","pinged":"","post_modified":"2022-10-14 11:53:41","post_modified_gmt":"2022-10-14 09:53:41","post_content_filtered":"","post_parent":0,"guid":"http:\/\/dev.claret.cat\/editorial\/ediciones-san-juan\/","menu_order":0,"post_type":"editorial","post_mime_type":"","comment_count":"0","filter":"raw"}],"autores-libros":[{"ID":157363,"post_author":"3","post_date":"2022-10-14 15:28:14","post_date_gmt":"2022-10-14 13:28:14","post_content":"","post_title":"HANS URS VON BALTHASAR","post_excerpt":"","post_status":"publish","comment_status":"closed","ping_status":"closed","post_password":"","post_name":"hans-urs-von-balthasar","to_ping":"","pinged":"","post_modified":"2022-10-14 15:28:14","post_modified_gmt":"2022-10-14 13:28:14","post_content_filtered":"","post_parent":0,"guid":"http:\/\/dev.claret.cat\/autor\/hans-urs-von-balthasar\/","menu_order":0,"post_type":"autor","post_mime_type":"","comment_count":"0","filter":"raw"}]},"aioseo_notices":[],"_links":{"self":[{"href":"https:\/\/www.claret.cat\/es\/wp-json\/wp\/v2\/product\/434165","targetHints":{"allow":["GET"]}}],"collection":[{"href":"https:\/\/www.claret.cat\/es\/wp-json\/wp\/v2\/product"}],"about":[{"href":"https:\/\/www.claret.cat\/es\/wp-json\/wp\/v2\/types\/product"}],"wp:featuredmedia":[{"embeddable":true,"href":"https:\/\/www.claret.cat\/es\/wp-json\/wp\/v2\/media\/1017269"}],"wp:attachment":[{"href":"https:\/\/www.claret.cat\/es\/wp-json\/wp\/v2\/media?parent=434165"}],"wp:term":[{"taxonomy":"product_brand","embeddable":true,"href":"https:\/\/www.claret.cat\/es\/wp-json\/wp\/v2\/product_brand?post=434165"},{"taxonomy":"product_cat","embeddable":true,"href":"https:\/\/www.claret.cat\/es\/wp-json\/wp\/v2\/product_cat?post=434165"},{"taxonomy":"product_tag","embeddable":true,"href":"https:\/\/www.claret.cat\/es\/wp-json\/wp\/v2\/product_tag?post=434165"}],"curies":[{"name":"wp","href":"https:\/\/api.w.org\/{rel}","templated":true}]}}

<p>El libro San Pablo lucha con su comunidad tiene como origen esquemas para charlas a sacerdotes y su centro es la actividad pastoral según las dos Cartas a los Corintios.</p>
<p>La lucha a la que se refiere el título es la que se refleja en el texto bíblico: Pablo exhorta, reprende, llora, ironiza, sube el tono&#8230; por reducir a los corintios a la obediencia al Señor Jesucristo. El amor está en la lucha misma: son los celos de los que habla en el II Cor 12: sois sólo para Cristo, y tengo celos cuando os veo que apartáis de Él la mirada.</p>

Rústica
