{"id":434514,"date":"2023-05-18T19:55:13","date_gmt":"2023-05-18T17:55:13","guid":{"rendered":"https:\/\/www.claret.cat\/llibre\/sensatez-y-sentimiento-9788412535341\/"},"modified":"2025-01-31T15:26:17","modified_gmt":"2025-01-31T14:26:17","slug":"sensatez-y-sentimiento-9788412535341","status":"publish","type":"product","link":"https:\/\/www.claret.cat\/es\/libro\/sensatez-y-sentimiento-9788412535341\/","title":{"rendered":"SENSATEZ Y SENTIMIENTO"},"content":{"rendered":"<p>A ra\u00edz de la repentina muerte del padre de familia, las hermanas Dashwood ven profundamente alterada su vida, hasta entonces alegre y despreocupada. De pronto se encuentran desamparadas y tienen que irse de la casa familiar, que por herencia ha pasado a su hermanastro.<br \/> Las dos hermanas mayores \u2014Elinor, tranquila y prudente, y Marianne, impulsiva y rom\u00e1ntica\u2014 se enamorar\u00e1n y experimentar\u00e1n dolorosas decepciones, pero su sufrimiento las ayudar\u00e1 a comprenderse mejor y a descubrir que, para ser realmente felices, la sensatez debe dejar paso al sentimiento y el sentimiento debe ceder ante la sensatez.<br \/> sensatez.<br \/> Esta es, sin duda, una de las grandes novelas de Jane Austen y de la historia de la literatura universal.<\/p>\n","protected":false},"excerpt":{"rendered":"<p>AUSTEN, JANE<\/p>\n","protected":false},"featured_media":434515,"template":"","meta":{"_acf_changed":false,"om_disable_all_campaigns":false,"rs_blank_template":"","rs_page_bg_color":"","slide_template_v7":"","inline_featured_image":false,"_monsterinsights_skip_tracking":false,"_monsterinsights_sitenote_active":false,"_monsterinsights_sitenote_note":"","_monsterinsights_sitenote_category":0},"product_brand":[],"product_cat":[354,123],"product_tag":[],"class_list":{"0":"post-434514","1":"product","2":"type-product","3":"status-publish","4":"has-post-thumbnail","6":"product_cat-clasica","7":"product_cat-classica","9":"first","10":"instock","11":"taxable","12":"shipping-taxable","13":"purchasable","14":"product-type-simple"},"acf":{"autor":"AUSTEN, JANE","codart":"841253534","libros-coleccion":"FORA DE COL.LECCI\u00d3","ediciones":"1","encuadernacion":"Carton\u00e9","fecha_de_publicacion":"01\/05\/2023","novedad":"1","paginas":"401","subtitulo":"","orden":"0","portada":"0","idioma":"spa","editorial":[{"ID":6203,"post_author":"3","post_date":"2022-07-28 17:47:04","post_date_gmt":"2022-07-28 15:47:04","post_content":"","post_title":"EDICIONES INVISIBLES","post_excerpt":"","post_status":"publish","comment_status":"closed","ping_status":"closed","post_password":"","post_name":"ediciones-invisibles","to_ping":"","pinged":"","post_modified":"2022-07-28 17:47:04","post_modified_gmt":"2022-07-28 15:47:04","post_content_filtered":"","post_parent":0,"guid":"http:\/\/dev.claret.cat\/editorial\/ediciones-invisibles\/","menu_order":0,"post_type":"editorial","post_mime_type":"","comment_count":"0","filter":"raw"}],"autores-libros":[{"ID":158486,"post_author":"3","post_date":"2022-10-14 15:37:14","post_date_gmt":"2022-10-14 13:37:14","post_content":"","post_title":"JANE AUSTEN","post_excerpt":"","post_status":"publish","comment_status":"closed","ping_status":"closed","post_password":"","post_name":"jane-austen","to_ping":"","pinged":"","post_modified":"2022-10-14 15:37:14","post_modified_gmt":"2022-10-14 13:37:14","post_content_filtered":"","post_parent":0,"guid":"http:\/\/dev.claret.cat\/autor\/jane-austen\/","menu_order":0,"post_type":"autor","post_mime_type":"","comment_count":"0","filter":"raw"}]},"aioseo_notices":[],"_links":{"self":[{"href":"https:\/\/www.claret.cat\/es\/wp-json\/wp\/v2\/product\/434514","targetHints":{"allow":["GET"]}}],"collection":[{"href":"https:\/\/www.claret.cat\/es\/wp-json\/wp\/v2\/product"}],"about":[{"href":"https:\/\/www.claret.cat\/es\/wp-json\/wp\/v2\/types\/product"}],"wp:featuredmedia":[{"embeddable":true,"href":"https:\/\/www.claret.cat\/es\/wp-json\/wp\/v2\/media\/434515"}],"wp:attachment":[{"href":"https:\/\/www.claret.cat\/es\/wp-json\/wp\/v2\/media?parent=434514"}],"wp:term":[{"taxonomy":"product_brand","embeddable":true,"href":"https:\/\/www.claret.cat\/es\/wp-json\/wp\/v2\/product_brand?post=434514"},{"taxonomy":"product_cat","embeddable":true,"href":"https:\/\/www.claret.cat\/es\/wp-json\/wp\/v2\/product_cat?post=434514"},{"taxonomy":"product_tag","embeddable":true,"href":"https:\/\/www.claret.cat\/es\/wp-json\/wp\/v2\/product_tag?post=434514"}],"curies":[{"name":"wp","href":"https:\/\/api.w.org\/{rel}","templated":true}]}}

<p>A raíz de la repentina muerte del padre de familia, las hermanas Dashwood ven profundamente alterada su vida, hasta entonces alegre y despreocupada. De pronto se encuentran desamparadas y tienen que irse de la casa familiar, que por herencia ha pasado a su hermanastro.<br /> Las dos hermanas mayores —Elinor, tranquila y prudente, y Marianne, impulsiva y romántica— se enamorarán y experimentarán dolorosas decepciones, pero su sufrimiento las ayudará a comprenderse mejor y a descubrir que, para ser realmente felices, la sensatez debe dejar paso al sentimiento y el sentimiento debe ceder ante la sensatez.<br /> sensatez.<br /> Esta es, sin duda, una de las grandes novelas de Jane Austen y de la historia de la literatura universal.</p>

FORA DE COL.LECCIÓ

Cartoné
