{"id":43752,"date":"2022-10-02T21:36:28","date_gmt":"2022-10-02T19:36:28","guid":{"rendered":"http:\/\/dev.claret.cat\/producte\/que-hi-tens-al-cap-lis\/"},"modified":"2026-03-03T17:30:18","modified_gmt":"2026-03-03T16:30:18","slug":"que-hi-tens-al-cap-lis-9788448955809","status":"publish","type":"product","link":"https:\/\/www.claret.cat\/es\/libro\/que-hi-tens-al-cap-lis-9788448955809\/","title":{"rendered":"QU\u00c8 HI TENS AL CAP, LIS?"},"content":{"rendered":"<p>La Lis t\u00e9 l&#8221;honor de dur el cognom Testa, i formar part de la saga d&#8221;inventors per excel\u00b7l\u00e8ncia del m\u00f3n. Per\u00f2 a la seva edat encara no s&#8221;ha estrenat com a inventora, i sap que el temps se li esgota. I \u00e9s que mai cap Testa no ha trigat tant a presentar el seu primer invent. \u00bfPot ser que hi tingui alguna cosa a veure el fet que sigui l&#8221;\u00fanica noia Testa viva que existeix? I si resulta que no \u00e9s una Testa aut\u00e8ntica? Ser\u00e0 la primera Testa no Testa de la hist\u00f2ria? Ben aviat descobrir\u00e0 el secret que s&#8221;amaga darrere les poques dones Testa inventores que hi ha hagut al llarg dels anys. I es veur\u00e0 immersa en una missi\u00f3 ben complicada per enderrocar la seva pr\u00f2pia fam\u00edlia.<\/p>\n","protected":false},"excerpt":{"rendered":"<p>TORMO, RUTH<\/p>\n","protected":false},"featured_media":1082018,"template":"","meta":{"_acf_changed":false,"om_disable_all_campaigns":false,"rs_blank_template":"","rs_page_bg_color":"","slide_template_v7":"","inline_featured_image":false,"_monsterinsights_skip_tracking":false,"_monsterinsights_sitenote_active":false,"_monsterinsights_sitenote_note":"","_monsterinsights_sitenote_category":0},"product_brand":[],"product_cat":[132,566,117,362],"product_tag":[],"class_list":{"0":"post-43752","1":"product","2":"type-product","3":"status-publish","4":"has-post-thumbnail","6":"product_cat-lectures-per-preadolescents-6-12-anys","7":"product_cat-juvenil-3_infantil-juvenil-spa-spa","8":"product_cat-juvenil","9":"product_cat-libros-preadolescentes-6-12-anos","11":"first","12":"instock","13":"taxable","14":"shipping-taxable","15":"purchasable","16":"product-type-simple"},"acf":{"autor":"TORMO, RUTH","codart":"844895580","libros-coleccion":"FORA DE COL.LECCI\u00d3","ediciones":"1","encuadernacion":"R\u00fastica","fecha_de_publicacion":"01\/02\/2022","novedad":"1","paginas":"151","subtitulo":"","orden":"0","portada":"0","idioma":"cat","editorial":[{"ID":147525,"post_author":"3","post_date":"2022-10-14 11:51:14","post_date_gmt":"2022-10-14 09:51:14","post_content":"","post_title":"BARCANOVA","post_excerpt":"","post_status":"publish","comment_status":"closed","ping_status":"closed","post_password":"","post_name":"barcanova","to_ping":"","pinged":"","post_modified":"2022-10-14 11:51:14","post_modified_gmt":"2022-10-14 09:51:14","post_content_filtered":"","post_parent":0,"guid":"http:\/\/dev.claret.cat\/editorial\/barcanova\/","menu_order":0,"post_type":"editorial","post_mime_type":"","comment_count":"0","filter":"raw"}],"autores-libros":[{"ID":168714,"post_author":"3","post_date":"2022-10-14 22:21:21","post_date_gmt":"2022-10-14 20:21:21","post_content":"","post_title":"RUTH TORMO","post_excerpt":"","post_status":"publish","comment_status":"closed","ping_status":"closed","post_password":"","post_name":"ruth-tormo","to_ping":"","pinged":"","post_modified":"2022-10-14 22:21:21","post_modified_gmt":"2022-10-14 20:21:21","post_content_filtered":"","post_parent":0,"guid":"http:\/\/dev.claret.cat\/autor\/ruth-tormo\/","menu_order":0,"post_type":"autor","post_mime_type":"","comment_count":"0","filter":"raw"}],"booktrailer":"","resenas":""},"aioseo_notices":[],"_links":{"self":[{"href":"https:\/\/www.claret.cat\/es\/wp-json\/wp\/v2\/product\/43752","targetHints":{"allow":["GET"]}}],"collection":[{"href":"https:\/\/www.claret.cat\/es\/wp-json\/wp\/v2\/product"}],"about":[{"href":"https:\/\/www.claret.cat\/es\/wp-json\/wp\/v2\/types\/product"}],"wp:featuredmedia":[{"embeddable":true,"href":"https:\/\/www.claret.cat\/es\/wp-json\/wp\/v2\/media\/1082018"}],"wp:attachment":[{"href":"https:\/\/www.claret.cat\/es\/wp-json\/wp\/v2\/media?parent=43752"}],"wp:term":[{"taxonomy":"product_brand","embeddable":true,"href":"https:\/\/www.claret.cat\/es\/wp-json\/wp\/v2\/product_brand?post=43752"},{"taxonomy":"product_cat","embeddable":true,"href":"https:\/\/www.claret.cat\/es\/wp-json\/wp\/v2\/product_cat?post=43752"},{"taxonomy":"product_tag","embeddable":true,"href":"https:\/\/www.claret.cat\/es\/wp-json\/wp\/v2\/product_tag?post=43752"}],"curies":[{"name":"wp","href":"https:\/\/api.w.org\/{rel}","templated":true}]}}

QUÈ HI TENS AL CAP, LIS?

<p>La Lis té l&#8221;honor de dur el cognom Testa, i formar part de la saga d&#8221;inventors per excel·lència del món. Però a la seva edat encara no s&#8221;ha estrenat com a inventora, i sap que el temps se li esgota. I és que mai cap Testa no ha trigat tant a presentar el seu primer invent. ¿Pot ser que hi tingui alguna cosa a veure el fet que sigui l&#8221;única noia Testa viva que existeix? I si resulta que no és una Testa autèntica? Serà la primera Testa no Testa de la història? Ben aviat descobrirà el secret que s&#8221;amaga darrere les poques dones Testa inventores que hi ha hagut al llarg dels anys. I es veurà immersa en una missió ben complicada per enderrocar la seva pròpia família.</p>

FORA DE COL.LECCIÓ

Rústica
