{"id":444352,"date":"2023-05-22T17:20:02","date_gmt":"2023-05-22T15:20:02","guid":{"rendered":"https:\/\/www.claret.cat\/llibre\/orgullo-y-prejuicio-9788427236875\/"},"modified":"2025-04-07T11:44:33","modified_gmt":"2025-04-07T09:44:33","slug":"orgullo-y-prejuicio-9788427236875","status":"publish","type":"product","link":"https:\/\/www.claret.cat\/es\/libro\/orgullo-y-prejuicio-9788427236875\/","title":{"rendered":"ORGULLO Y PREJUICIO"},"content":{"rendered":"<p>UNO DE LOS GRANDES CL\u00c1SICOS DE LA LITERATURA, EN UNA NUEVA EDICI\u00d3N ADAPTADA CON ILUSTRACIONES DE MARTA GARC\u00cdA NAVARRO. Mr. Darcy es el hombre m\u00e1s arrogante, insufrible y maleducado que ha existido jam\u00e1s. O, al menos, esa es la opini\u00f3n de la joven y perspicaz Lizzy Bennet. Pero, para su desgracia, la mala suerte quiere que las vidas de ambos no dejen de cruzarse. \u00bfConseguir\u00e1 Lizzy superar sus prejuicios y ver a Darcy como algo m\u00e1s que un enemigo? Entre malentendidos, familiares entrometidos y alg\u00fan que otro esc\u00e1ndalo, el camino hacia el amor de los dos j\u00f3venes no podr\u00eda ser m\u00e1s accidentado.<\/p>\n","protected":false},"excerpt":{"rendered":"<p>AUSTEN, JANE<\/p>\n","protected":false},"featured_media":444353,"template":"","meta":{"_acf_changed":false,"om_disable_all_campaigns":false,"rs_blank_template":"","rs_page_bg_color":"","slide_template_v7":"","inline_featured_image":false,"_monsterinsights_skip_tracking":false,"_monsterinsights_sitenote_active":false,"_monsterinsights_sitenote_note":"","_monsterinsights_sitenote_category":0},"product_brand":[],"product_cat":[133,117,566,363],"product_tag":[],"class_list":{"0":"post-444352","1":"product","2":"type-product","3":"status-publish","4":"has-post-thumbnail","6":"product_cat-lectures-per-adolescents-12-18-anys","7":"product_cat-juvenil","8":"product_cat-juvenil-3_infantil-juvenil-spa-spa","9":"product_cat-lecturas-por-adolescentes-12-18-anos","11":"first","12":"instock","13":"taxable","14":"shipping-taxable","15":"purchasable","16":"product-type-simple"},"acf":{"autor":"AUSTEN, JANE","codart":"842723687","libros-coleccion":"INOLVIDABLES","ediciones":"1","encuadernacion":"Carton\u00e9","fecha_de_publicacion":"01\/05\/2023","novedad":"1","paginas":"226","subtitulo":"","orden":"0","portada":"0","idioma":"spa","editorial":[{"ID":6346,"post_author":"3","post_date":"2022-07-28 17:50:13","post_date_gmt":"2022-07-28 15:50:13","post_content":"","post_title":"RBA Molino","post_excerpt":"","post_status":"publish","comment_status":"closed","ping_status":"closed","post_password":"","post_name":"rba-molino","to_ping":"","pinged":"","post_modified":"2022-07-28 17:50:13","post_modified_gmt":"2022-07-28 15:50:13","post_content_filtered":"","post_parent":0,"guid":"http:\/\/dev.claret.cat\/editorial\/rba-molino\/","menu_order":0,"post_type":"editorial","post_mime_type":"","comment_count":"0","filter":"raw"}],"autores-libros":[{"ID":158486,"post_author":"3","post_date":"2022-10-14 15:37:14","post_date_gmt":"2022-10-14 13:37:14","post_content":"","post_title":"JANE AUSTEN","post_excerpt":"","post_status":"publish","comment_status":"closed","ping_status":"closed","post_password":"","post_name":"jane-austen","to_ping":"","pinged":"","post_modified":"2022-10-14 15:37:14","post_modified_gmt":"2022-10-14 13:37:14","post_content_filtered":"","post_parent":0,"guid":"http:\/\/dev.claret.cat\/autor\/jane-austen\/","menu_order":0,"post_type":"autor","post_mime_type":"","comment_count":"0","filter":"raw"}]},"aioseo_notices":[],"_links":{"self":[{"href":"https:\/\/www.claret.cat\/es\/wp-json\/wp\/v2\/product\/444352","targetHints":{"allow":["GET"]}}],"collection":[{"href":"https:\/\/www.claret.cat\/es\/wp-json\/wp\/v2\/product"}],"about":[{"href":"https:\/\/www.claret.cat\/es\/wp-json\/wp\/v2\/types\/product"}],"wp:featuredmedia":[{"embeddable":true,"href":"https:\/\/www.claret.cat\/es\/wp-json\/wp\/v2\/media\/444353"}],"wp:attachment":[{"href":"https:\/\/www.claret.cat\/es\/wp-json\/wp\/v2\/media?parent=444352"}],"wp:term":[{"taxonomy":"product_brand","embeddable":true,"href":"https:\/\/www.claret.cat\/es\/wp-json\/wp\/v2\/product_brand?post=444352"},{"taxonomy":"product_cat","embeddable":true,"href":"https:\/\/www.claret.cat\/es\/wp-json\/wp\/v2\/product_cat?post=444352"},{"taxonomy":"product_tag","embeddable":true,"href":"https:\/\/www.claret.cat\/es\/wp-json\/wp\/v2\/product_tag?post=444352"}],"curies":[{"name":"wp","href":"https:\/\/api.w.org\/{rel}","templated":true}]}}

<p>UNO DE LOS GRANDES CLÁSICOS DE LA LITERATURA, EN UNA NUEVA EDICIÓN ADAPTADA CON ILUSTRACIONES DE MARTA GARCÍA NAVARRO. Mr. Darcy es el hombre más arrogante, insufrible y maleducado que ha existido jamás. O, al menos, esa es la opinión de la joven y perspicaz Lizzy Bennet. Pero, para su desgracia, la mala suerte quiere que las vidas de ambos no dejen de cruzarse. ¿Conseguirá Lizzy superar sus prejuicios y ver a Darcy como algo más que un enemigo? Entre malentendidos, familiares entrometidos y algún que otro escándalo, el camino hacia el amor de los dos jóvenes no podría ser más accidentado.</p>

Cartoné
