{"id":445027,"date":"2023-05-29T12:26:23","date_gmt":"2023-05-29T10:26:23","guid":{"rendered":"https:\/\/www.claret.cat\/llibre\/beniju-y-el-torneo-legendario-9788419357700\/"},"modified":"2023-10-06T03:51:37","modified_gmt":"2023-10-06T01:51:37","slug":"beniju-y-el-torneo-legendario-9788419357700","status":"publish","type":"product","link":"https:\/\/www.claret.cat\/es\/libro\/beniju-y-el-torneo-legendario-9788419357700\/","title":{"rendered":"BENIJU Y EL TORNEO LEGENDARIO"},"content":{"rendered":"<p>La misi\u00f3n legendaria de BENIJU DESCUBRE LAS AVENTURAS DEL CAMPE\u00d3N MUNDIAL DE CLASH ROYALE Es el d\u00eda m\u00e1s importante de la vida de Beniju: empieza la competici\u00f3n m\u00e1s TOP entre reinos, y \u00a1\u00e9l ha sido seleccionado para participar! Beniju sabe que tiene que ser el mejor arquero si quiere que su equipo gane.Solo hay dos problemas: El primero es que sigue sin ser especialmente bueno con su punter\u00eda. El segundo, que no podr\u00eda estar menos concentrado. Y, encima, durante los juegos empiezan a desaparecer objetos m\u00e1gicos y algunos participantes est\u00e1n siendo hechizados\u2026 \u00bfQu\u00e9 o qui\u00e9n estar\u00e1 detr\u00e1s de todo esto?\u00bfCONSEGUIR\u00c1 BENIJU DESCUBRIR LA VERDAD Y SALVAR A TODOS LOS REINOS LEGENDARIOS?<\/p>\n","protected":false},"excerpt":{"rendered":"<p>BENIJU<\/p>\n","protected":false},"featured_media":445028,"template":"","meta":{"_acf_changed":false,"om_disable_all_campaigns":false,"rs_blank_template":"","rs_page_bg_color":"","slide_template_v7":"","inline_featured_image":false,"_monsterinsights_skip_tracking":false,"_monsterinsights_sitenote_active":false,"_monsterinsights_sitenote_note":"","_monsterinsights_sitenote_category":0},"product_brand":[],"product_cat":[90,540],"product_tag":[],"class_list":{"0":"post-445027","1":"product","2":"type-product","3":"status-publish","4":"has-post-thumbnail","6":"product_cat-altres","7":"product_cat-otros","9":"first","10":"instock","11":"taxable","12":"shipping-taxable","13":"purchasable","14":"product-type-simple"},"acf":{"autor":"BENIJU","codart":"841935770","libros-coleccion":"FORA DE COL.LECCI\u00d3","ediciones":"1","encuadernacion":"R\u00fastica","fecha_de_publicacion":"01\/06\/2023","novedad":"1","paginas":"158","subtitulo":"","orden":"0","portada":"0","idioma":"spa","editorial":[{"ID":6310,"post_author":"3","post_date":"2022-07-28 17:49:26","post_date_gmt":"2022-07-28 15:49:26","post_content":"","post_title":"MONTENA","post_excerpt":"","post_status":"publish","comment_status":"closed","ping_status":"closed","post_password":"","post_name":"montena","to_ping":"","pinged":"","post_modified":"2022-07-28 17:49:26","post_modified_gmt":"2022-07-28 15:49:26","post_content_filtered":"","post_parent":0,"guid":"http:\/\/dev.claret.cat\/editorial\/montena\/","menu_order":0,"post_type":"editorial","post_mime_type":"","comment_count":"0","filter":"raw"}],"autores-libros":[{"ID":412605,"post_author":"3","post_date":"2023-03-15 17:58:40","post_date_gmt":"2023-03-15 16:58:40","post_content":"","post_title":"BENIJU","post_excerpt":"","post_status":"publish","comment_status":"closed","ping_status":"closed","post_password":"","post_name":"beniju","to_ping":"","pinged":"","post_modified":"2023-03-15 17:58:40","post_modified_gmt":"2023-03-15 16:58:40","post_content_filtered":"","post_parent":0,"guid":"https:\/\/www.claret.cat\/autor\/beniju\/","menu_order":0,"post_type":"autor","post_mime_type":"","comment_count":"0","filter":"raw"}]},"aioseo_notices":[],"_links":{"self":[{"href":"https:\/\/www.claret.cat\/es\/wp-json\/wp\/v2\/product\/445027","targetHints":{"allow":["GET"]}}],"collection":[{"href":"https:\/\/www.claret.cat\/es\/wp-json\/wp\/v2\/product"}],"about":[{"href":"https:\/\/www.claret.cat\/es\/wp-json\/wp\/v2\/types\/product"}],"wp:featuredmedia":[{"embeddable":true,"href":"https:\/\/www.claret.cat\/es\/wp-json\/wp\/v2\/media\/445028"}],"wp:attachment":[{"href":"https:\/\/www.claret.cat\/es\/wp-json\/wp\/v2\/media?parent=445027"}],"wp:term":[{"taxonomy":"product_brand","embeddable":true,"href":"https:\/\/www.claret.cat\/es\/wp-json\/wp\/v2\/product_brand?post=445027"},{"taxonomy":"product_cat","embeddable":true,"href":"https:\/\/www.claret.cat\/es\/wp-json\/wp\/v2\/product_cat?post=445027"},{"taxonomy":"product_tag","embeddable":true,"href":"https:\/\/www.claret.cat\/es\/wp-json\/wp\/v2\/product_tag?post=445027"}],"curies":[{"name":"wp","href":"https:\/\/api.w.org\/{rel}","templated":true}]}}

<p>La misión legendaria de BENIJU DESCUBRE LAS AVENTURAS DEL CAMPEÓN MUNDIAL DE CLASH ROYALE Es el día más importante de la vida de Beniju: empieza la competición más TOP entre reinos, y ¡él ha sido seleccionado para participar! Beniju sabe que tiene que ser el mejor arquero si quiere que su equipo gane.Solo hay dos problemas: El primero es que sigue sin ser especialmente bueno con su puntería. El segundo, que no podría estar menos concentrado. Y, encima, durante los juegos empiezan a desaparecer objetos mágicos y algunos participantes están siendo hechizados… ¿Qué o quién estará detrás de todo esto?¿CONSEGUIRÁ BENIJU DESCUBRIR LA VERDAD Y SALVAR A TODOS LOS REINOS LEGENDARIOS?</p>

FORA DE COL.LECCIÓ

Rústica
