{"id":445128,"date":"2023-05-29T14:01:39","date_gmt":"2023-05-29T12:01:39","guid":{"rendered":"https:\/\/www.claret.cat\/llibre\/compredre-lislam-9788476510841\/"},"modified":"2023-10-11T02:32:10","modified_gmt":"2023-10-11T00:32:10","slug":"compredre-lislam-9788476510841","status":"publish","type":"product","link":"https:\/\/www.claret.cat\/es\/libro\/compredre-lislam-9788476510841\/","title":{"rendered":"COMPREDRE L&#8217;ISLAM"},"content":{"rendered":"<p>Al llarg de la hist\u00f2ria, l&#8217;Islam ha representat un repte per al m\u00f3n occidental: un repte pol\u00edtic i militar, per\u00f2 tamb\u00e9 intel lectual i religi\u00f3s. Occident en general no ha ent\u00e8s l&#8217;Islam com a civilitzaci\u00f3 i visi\u00f3 del m\u00f3n perqu\u00e8 no ha ent\u00e8s la seva ess\u00e8ncia, la seva ra\u00f3 de ser. Aclamat arreu com un cl\u00e0ssic imprescindible, aquest llibre no descriu l&#8217;Islam, sin\u00f3 que explica per qu\u00e8 els musulmans hi creuen.<\/p>\n","protected":false},"excerpt":{"rendered":"<p>SCHUON, FRITHJOF<\/p>\n","protected":false},"featured_media":445558,"template":"","meta":{"_acf_changed":false,"om_disable_all_campaigns":false,"rs_blank_template":"","rs_page_bg_color":"","slide_template_v7":"","inline_featured_image":false,"_monsterinsights_skip_tracking":false,"_monsterinsights_sitenote_active":false,"_monsterinsights_sitenote_note":"","_monsterinsights_sitenote_category":0},"product_brand":[],"product_cat":[544,94],"product_tag":[],"class_list":{"0":"post-445128","1":"product","2":"type-product","3":"status-publish","4":"has-post-thumbnail","6":"product_cat-religiones","7":"product_cat-religions","9":"first","10":"instock","11":"taxable","12":"shipping-taxable","13":"purchasable","14":"product-type-simple"},"acf":{"autor":"SCHUON, FRITHJOF","codart":"847651084","libros-coleccion":"SOPHIA PERENNIS","ediciones":"1","encuadernacion":"R\u00fastica","fecha_de_publicacion":"01\/05\/2023","novedad":"1","paginas":"196","subtitulo":"","orden":"0","portada":"0","idioma":"cat","editorial":[{"ID":148320,"post_author":"3","post_date":"2022-10-14 11:57:19","post_date_gmt":"2022-10-14 09:57:19","post_content":"","post_title":"JOSE J. DE OLA\u00d1ETA, EDITOR","post_excerpt":"","post_status":"publish","comment_status":"closed","ping_status":"closed","post_password":"","post_name":"jose-j-de-olaneta-editor","to_ping":"","pinged":"","post_modified":"2022-10-14 11:57:19","post_modified_gmt":"2022-10-14 09:57:19","post_content_filtered":"","post_parent":0,"guid":"http:\/\/dev.claret.cat\/editorial\/jose-j-de-olaneta-editor\/","menu_order":0,"post_type":"editorial","post_mime_type":"","comment_count":"0","filter":"raw"}],"autores-libros":[{"ID":156450,"post_author":"3","post_date":"2022-10-14 15:20:54","post_date_gmt":"2022-10-14 13:20:54","post_content":"","post_title":"FRITHJOF SCHUON","post_excerpt":"","post_status":"publish","comment_status":"closed","ping_status":"closed","post_password":"","post_name":"frithjof-schuon","to_ping":"","pinged":"","post_modified":"2022-10-14 15:20:54","post_modified_gmt":"2022-10-14 13:20:54","post_content_filtered":"","post_parent":0,"guid":"http:\/\/dev.claret.cat\/autor\/frithjof-schuon\/","menu_order":0,"post_type":"autor","post_mime_type":"","comment_count":"0","filter":"raw"}]},"aioseo_notices":[],"_links":{"self":[{"href":"https:\/\/www.claret.cat\/es\/wp-json\/wp\/v2\/product\/445128","targetHints":{"allow":["GET"]}}],"collection":[{"href":"https:\/\/www.claret.cat\/es\/wp-json\/wp\/v2\/product"}],"about":[{"href":"https:\/\/www.claret.cat\/es\/wp-json\/wp\/v2\/types\/product"}],"wp:featuredmedia":[{"embeddable":true,"href":"https:\/\/www.claret.cat\/es\/wp-json\/wp\/v2\/media\/445558"}],"wp:attachment":[{"href":"https:\/\/www.claret.cat\/es\/wp-json\/wp\/v2\/media?parent=445128"}],"wp:term":[{"taxonomy":"product_brand","embeddable":true,"href":"https:\/\/www.claret.cat\/es\/wp-json\/wp\/v2\/product_brand?post=445128"},{"taxonomy":"product_cat","embeddable":true,"href":"https:\/\/www.claret.cat\/es\/wp-json\/wp\/v2\/product_cat?post=445128"},{"taxonomy":"product_tag","embeddable":true,"href":"https:\/\/www.claret.cat\/es\/wp-json\/wp\/v2\/product_tag?post=445128"}],"curies":[{"name":"wp","href":"https:\/\/api.w.org\/{rel}","templated":true}]}}

<p>Al llarg de la història, l&#8217;Islam ha representat un repte per al món occidental: un repte polític i militar, però també intel lectual i religiós. Occident en general no ha entès l&#8217;Islam com a civilització i visió del món perquè no ha entès la seva essència, la seva raó de ser. Aclamat arreu com un clàssic imprescindible, aquest llibre no descriu l&#8217;Islam, sinó que explica per què els musulmans hi creuen.</p>

Rústica

JOSE J. DE OLAÑETA, EDITOR
