{"id":445304,"date":"2023-05-30T14:06:59","date_gmt":"2023-05-30T12:06:59","guid":{"rendered":"https:\/\/www.claret.cat\/llibre\/detectives-extraescolares-3-misterioso-secuestro-en-la-residencia-de-abuelos-9788408274278\/"},"modified":"2024-04-25T17:35:07","modified_gmt":"2024-04-25T15:35:07","slug":"detectives-extraescolares-3-misterioso-secuestro-en-la-residencia-de-abuelos-9788408274278","status":"publish","type":"product","link":"https:\/\/www.claret.cat\/es\/libro\/detectives-extraescolares-3-misterioso-secuestro-en-la-residencia-de-abuelos-9788408274278\/","title":{"rendered":"DETECTIVES EXTRAESCOLARES 3. MISTERIOSO SECUESTRO EN LA RESIDENCIA DE ABUELOS"},"content":{"rendered":"<p>Los Detectives Extraescolares corren a investigar en la Residencia para mayores Abueletes Felices. Facundo ha desaparecido y parece un secuestro. \u00bfEs eso posible? Nuestros intr\u00e9pidos sabuesos enseguida comprueban que aquel lugar y sus habitantes ocultan otros misterios, cada cual m\u00e1s extra\u00f1o.\u00a0<br \/> \u00bfD\u00f3nde est\u00e1 Facundo? \u00bfPor qu\u00e9 resuena su voz por toda la casa? \u00bfQu\u00e9 secretos guardan los abuelos? Nuestros h\u00e9roes se sorprender\u00e1n al encontrar pistas que hablan de brujer\u00eda, amor y tigres.\u00a0<br \/> \u00a0<br \/> Edici\u00f3n a todo color, mezclando p\u00e1ginas de c\u00f3mic y texto corrido como?Los Futbolisimos.\u00a0<br \/> \u00a0<br \/> Una colecci\u00f3n de detectives llena de humor recomendada para?ni\u00f1os y ni\u00f1as de 8 a\u00f1os?escrita e ilustrada por?Enrique Carlos Martin.\u00a0<br \/> \u00a0<br \/> Una serie perfecta para los fans de:\u00a0<\/p>\n<p> Perrock Holmes\u00a0<br \/> Los Buscapistas\u00a0<\/p>\n<p> Lechuza Detective\u00a0<br \/> Los Cazamisterios\u00a0<\/p>\n<p> Temas<\/p>\n<p> Acci\u00f3n y aventura\u00a0<\/p>\n<p> Misterios y detectives\u00a0<\/p>\n<p> Pistas y enigmas visuales\u00a0<\/p>\n<p> Humor y diversi\u00f3n\u00a0<\/p>\n<p> \u00a0<br \/> \u00bfQuieres ser un buen detective?\u00a0<br \/> Observa los dibujos, sigue las pistas e investiga el caso.\u00a0<br \/> \u00a1Forma parte de los Detectives Extraescolares y resuelve el misterio!<\/p>\n","protected":false},"excerpt":{"rendered":"<p>MART\u00cdN, ENRIQUE CARLOS<\/p>\n","protected":false},"featured_media":445305,"template":"","meta":{"_acf_changed":false,"om_disable_all_campaigns":false,"rs_blank_template":"","rs_page_bg_color":"","slide_template_v7":"","inline_featured_image":false,"_monsterinsights_skip_tracking":false,"_monsterinsights_sitenote_active":false,"_monsterinsights_sitenote_note":"","_monsterinsights_sitenote_category":0},"product_brand":[],"product_cat":[132,362],"product_tag":[],"class_list":{"0":"post-445304","1":"product","2":"type-product","3":"status-publish","4":"has-post-thumbnail","6":"product_cat-lectures-per-preadolescents-6-12-anys","7":"product_cat-libros-preadolescentes-6-12-anos","9":"first","10":"instock","11":"taxable","12":"shipping-taxable","13":"purchasable","14":"product-type-simple"},"acf":{"autor":"MART\u00cdN, ENRIQUE CARLOS","codart":"840827427","libros-coleccion":"FORA DE COL.LECCI\u00d3","ediciones":"1","encuadernacion":"R\u00fastica","fecha_de_publicacion":"01\/05\/2023","novedad":"1","paginas":"257","subtitulo":"","orden":"0","portada":"0","idioma":"spa","editorial":[{"ID":6233,"post_author":"3","post_date":"2022-07-28 17:47:48","post_date_gmt":"2022-07-28 15:47:48","post_content":"","post_title":"EDITORIAL PLANETA","post_excerpt":"","post_status":"publish","comment_status":"closed","ping_status":"closed","post_password":"","post_name":"editorial-planeta","to_ping":"","pinged":"","post_modified":"2022-07-28 17:47:48","post_modified_gmt":"2022-07-28 15:47:48","post_content_filtered":"","post_parent":0,"guid":"http:\/\/dev.claret.cat\/editorial\/editorial-planeta\/","menu_order":0,"post_type":"editorial","post_mime_type":"","comment_count":"0","filter":"raw"}],"autores-libros":[{"ID":379043,"post_author":"3","post_date":"2023-02-02 11:35:25","post_date_gmt":"2023-02-02 10:35:25","post_content":"","post_title":"ENRIQUE CARLOS MART\u00cdN","post_excerpt":"","post_status":"publish","comment_status":"closed","ping_status":"closed","post_password":"","post_name":"enrique-carlos-martin","to_ping":"","pinged":"","post_modified":"2023-02-02 11:35:25","post_modified_gmt":"2023-02-02 10:35:25","post_content_filtered":"","post_parent":0,"guid":"https:\/\/www.claret.cat\/autor\/enrique-carlos-martin\/","menu_order":0,"post_type":"autor","post_mime_type":"","comment_count":"0","filter":"raw"}]},"aioseo_notices":[],"_links":{"self":[{"href":"https:\/\/www.claret.cat\/es\/wp-json\/wp\/v2\/product\/445304","targetHints":{"allow":["GET"]}}],"collection":[{"href":"https:\/\/www.claret.cat\/es\/wp-json\/wp\/v2\/product"}],"about":[{"href":"https:\/\/www.claret.cat\/es\/wp-json\/wp\/v2\/types\/product"}],"wp:featuredmedia":[{"embeddable":true,"href":"https:\/\/www.claret.cat\/es\/wp-json\/wp\/v2\/media\/445305"}],"wp:attachment":[{"href":"https:\/\/www.claret.cat\/es\/wp-json\/wp\/v2\/media?parent=445304"}],"wp:term":[{"taxonomy":"product_brand","embeddable":true,"href":"https:\/\/www.claret.cat\/es\/wp-json\/wp\/v2\/product_brand?post=445304"},{"taxonomy":"product_cat","embeddable":true,"href":"https:\/\/www.claret.cat\/es\/wp-json\/wp\/v2\/product_cat?post=445304"},{"taxonomy":"product_tag","embeddable":true,"href":"https:\/\/www.claret.cat\/es\/wp-json\/wp\/v2\/product_tag?post=445304"}],"curies":[{"name":"wp","href":"https:\/\/api.w.org\/{rel}","templated":true}]}}

<p>Los Detectives Extraescolares corren a investigar en la Residencia para mayores Abueletes Felices. Facundo ha desaparecido y parece un secuestro. ¿Es eso posible? Nuestros intrépidos sabuesos enseguida comprueban que aquel lugar y sus habitantes ocultan otros misterios, cada cual más extraño. <br /> ¿Dónde está Facundo? ¿Por qué resuena su voz por toda la casa? ¿Qué secretos guardan los abuelos? Nuestros héroes se sorprenderán al encontrar pistas que hablan de brujería, amor y tigres. <br />  <br /> Edición a todo color, mezclando páginas de cómic y texto corrido como?Los Futbolisimos. <br />  <br /> Una colección de detectives llena de humor recomendada para?niños y niñas de 8 años?escrita e ilustrada por?Enrique Carlos Martin. <br />  <br /> Una serie perfecta para los fans de: </p>
<p> Perrock Holmes <br /> Los Buscapistas </p>
<p> Lechuza Detective <br /> Los Cazamisterios </p>
<p> Temas</p>
<p> Acción y aventura </p>
<p> Misterios y detectives </p>
<p> Pistas y enigmas visuales </p>
<p> Humor y diversión </p>
<p>  <br /> ¿Quieres ser un buen detective? <br /> Observa los dibujos, sigue las pistas e investiga el caso. <br /> ¡Forma parte de los Detectives Extraescolares y resuelve el misterio!</p>

<p>MARTÍN, ENRIQUE CARLOS</p>

MARTÍN, ENRIQUE CARLOS

FORA DE COL.LECCIÓ

Rústica

ENRIQUE CARLOS MARTÍN
