{"id":445940,"date":"2023-06-02T19:20:42","date_gmt":"2023-06-02T17:20:42","guid":{"rendered":"https:\/\/www.claret.cat\/llibre\/natura-sagrada-9788491364764\/"},"modified":"2026-04-07T10:01:17","modified_gmt":"2026-04-07T08:01:17","slug":"natura-sagrada-9788491364764","status":"publish","type":"product","link":"https:\/\/www.claret.cat\/es\/libro\/natura-sagrada-9788491364764\/","title":{"rendered":"NATURA SAGRADA"},"content":{"rendered":"<p>En aquest moment d\u2019emerg\u00e8ncia clim\u00e0tica que vivim \u00e9s necessari prendre consci\u00e8ncia de la urg\u00e8ncia de cuidar el nostre planeta. \u00c9s a dir: la nostra casa comuna, els arbres dels carrers, els boscos que ens envolten\u2026 L\u2019obra que teniu a les mans recull deu converses amb persones de diverses tradicions espirituals. Totes ens parlen de la seva viv\u00e8ncia de la natura, i de les relacions entre l\u2019espiritualitat i la naturalesa. Endinsar-se en aquestes entrevistes permet adonar-se que la cura de l\u2019entorn natural \u00e9s una preocupaci\u00f3 ecum\u00e8nica, que agrupa totes les creences. Les tradicions religioses tamb\u00e9 ens orienten a con\u00e8ixer quina \u00e9s la funci\u00f3 o el nostre paper en el cosmos. Aquest desig demana contemplaci\u00f3 i silenci, per\u00f2 sovint el soroll i l\u2019activitat fren\u00e8tica ens atrapen. Ara cal passar de les idees a la pr\u00e0ctica. Ens toca lluitar contra el paradigma tecnocr\u00e0tic i materialista, i contra l\u2019individualisme egoc\u00e8ntric. Perqu\u00e8 el m\u00f3n no \u00e9s un simple magatzem de recursos destinats a la producci\u00f3n, la manipulaci\u00f3 i el consum. No nom\u00e9s hem de mirar amb uns altres ulls el m\u00f3n que ens envolta. El cam\u00ed de l\u2019ecologia integral implica prendre decisions individuals i col\u00b7lectives respecte el nostre estil de vida. En aquest temps d\u2019emerg\u00e8ncia clim\u00e0tica que vivim el llibre ens ajuda a prendre consci\u00e8ncia de la necessitat de cuidar el nostre planeta.<\/p>\n<p><\/p>\n<p><\/p>\n","protected":false},"excerpt":{"rendered":"<p>MOR, LAURA ; GORDI, JOSEP<\/p>\n","protected":false},"featured_media":973766,"template":"","meta":{"_acf_changed":false,"om_disable_all_campaigns":false,"rs_blank_template":"","rs_page_bg_color":"","slide_template_v7":"","inline_featured_image":false,"_monsterinsights_skip_tracking":false,"_monsterinsights_sitenote_active":false,"_monsterinsights_sitenote_note":"","_monsterinsights_sitenote_category":0},"product_brand":[],"product_cat":[485,232,581,491,241],"product_tag":[],"class_list":{"0":"post-445940","1":"product","2":"type-product","3":"status-publish","4":"has-post-thumbnail","6":"product_cat-autores-espiritualidad-1_espiritualidad","7":"product_cat-autors-espiritualitat","8":"product_cat-editorial-claret","9":"product_cat-testimonios","10":"product_cat-testimonis","12":"first","13":"instock","14":"taxable","15":"shipping-taxable","16":"purchasable","17":"product-type-simple"},"acf":{"autor":"MOR, LAURA ; GORDI, JOSEP","codart":"849136476","libros-coleccion":"FORA DE COL.LECCI\u00d3","ediciones":"1","encuadernacion":"R\u00fastica","fecha_de_publicacion":"20\/06\/2023","novedad":"0","paginas":"124","subtitulo":"DEU CONVERSES ","orden":"0","portada":"1","idioma":"cat","editorial":[{"ID":6158,"post_author":"3","post_date":"2022-07-28 17:46:08","post_date_gmt":"2022-07-28 15:46:08","post_content":"","post_title":"CLARET","post_excerpt":"","post_status":"publish","comment_status":"closed","ping_status":"closed","post_password":"","post_name":"claret","to_ping":"","pinged":"","post_modified":"2022-07-28 17:46:08","post_modified_gmt":"2022-07-28 15:46:08","post_content_filtered":"","post_parent":0,"guid":"http:\/\/dev.claret.cat\/editorial\/claret\/","menu_order":0,"post_type":"editorial","post_mime_type":"","comment_count":"0","filter":"raw"}],"autores-libros":[{"ID":445939,"post_author":"3","post_date":"2023-06-02 19:20:39","post_date_gmt":"2023-06-02 17:20:39","post_content":"Laura Mor Iriarte \u00e9s periodista especialitzada en religi\u00f3.\u00a0Actualment treballa a l\u2019equip de comunicaci\u00f3 de la Fundaci\u00f3 Vedruna Catalunya Educaci\u00f3 i col\u00b7labora amb Catalunya\u00a0Religi\u00f3. S\u2019ha format en Comunicaci\u00f3 dels Conflictes i la Pau\u00a0(UAB), i en Comunicaci\u00f3 i Religi\u00f3 a l\u2019Era Digital (URL). Ha\u00a0treballat com a guionista al programa Signes dels Temps de\u00a0TV3, i en el servei de comunicaci\u00f3 dels Missioners Claretians\u00a0i del Centre Sant Jaume dels jesu\u00eftes. \u00c9s catequista i forma\u00a0part de Just\u00edcia i Pau de Barcelona i del Grup Sant Jordi de\u00a0promoci\u00f3 i defensa dels Drets Humans.","post_title":"LAURA MOR","post_excerpt":"","post_status":"publish","comment_status":"closed","ping_status":"closed","post_password":"","post_name":"laura-mor","to_ping":"","pinged":"","post_modified":"2023-06-14 12:33:48","post_modified_gmt":"2023-06-14 10:33:48","post_content_filtered":"","post_parent":0,"guid":"https:\/\/www.claret.cat\/autor\/laura-mor\/","menu_order":0,"post_type":"autor","post_mime_type":"","comment_count":"0","filter":"raw"},{"ID":366392,"post_author":"3","post_date":"2023-01-15 18:10:29","post_date_gmt":"2023-01-15 17:10:29","post_content":"Josep Gordi i Serrat \u00e9s doctor en Geografia\u00a0i al llarg de quasi trenta anys ha estat professor de geografia f\u00edsica a la Universitat\u00a0de Girona; tamb\u00e9 va ser deg\u00e0 de la Facultat de Lletres. Fa temps que va prendre\u00a0consci\u00e8ncia que la Natura s\u2019escriu amb\u00a0maj\u00fascula i s\u2019ha de viure com una unitat. D\u2019aquesta nova\u00a0\u00f2ptica neixen les seves darreres publicacions: Sant Francesc,\u00a0Verdaguer i la natura (2019),Tocats per la Natura (2020) i\u00a0Banys de bosc ( 2022). https:\/\/josepgordiarbresipaisatge.cat.","post_title":"JOSEP GORDI","post_excerpt":"","post_status":"publish","comment_status":"closed","ping_status":"closed","post_password":"","post_name":"josep-gordi","to_ping":"","pinged":"","post_modified":"2023-06-14 12:34:38","post_modified_gmt":"2023-06-14 10:34:38","post_content_filtered":"","post_parent":0,"guid":"https:\/\/www.claret.cat\/autor\/josep-gordi\/","menu_order":0,"post_type":"autor","post_mime_type":"","comment_count":"0","filter":"raw"}],"traductores-libros":"","ilustradores-libros":"","formato":"","linkebook":"","precioebook":"0","ebookportada":false,"ficha":"849136476_1687245334.pdf","muestra":"","presentacion":"","booktrailer":"<iframe width=\"834\" height=\"469\" src=\"https:\/\/www.youtube.com\/embed\/gosbGbRnVhM\" title=\"Booktr\u00e0iler del llibre Natura sagrada\" frameborder=\"0\" allow=\"accelerometer; autoplay; clipboard-write; encrypted-media; gyroscope; picture-in-picture; web-share\" allowfullscreen><\/iframe>","resenas":"<p>Catalunya Religi\u00f3, 23\/06\/2023<\/p>\n<p><a href=\"https:\/\/www.catalunyareligio.cat\/ca\/claret-publica-converses-colleccio-natura-sagrada?utm_source=dlvr.it&amp;utm_medium=twitter\" rel=\"noopener noreferrer\" target=\"_blank\">https:\/\/www.catalunyareligio.cat\/ca\/claret-publica-converses-colleccio-natura-sagrada?utm_source=dlvr.it&amp;utm_medium=twitter<\/a><\/p>\n<p><\/p>\n<p>Ag\u00e8ncia Flama, 01\/07\/2023<\/p>\n<p><a href=\"https:\/\/www.agenciaflama.cat\/un-llibre-per-coneixer-lexperiencia-de-deu-des-de-la-naturalesa-dins-de-nosaltres-hi-ha-un-ermita-que-enyora-la-cova\/\" rel=\"noopener noreferrer\" target=\"_blank\">https:\/\/www.agenciaflama.cat\/un-llibre-per-coneixer-lexperiencia-de-deu-des-de-la-naturalesa-dins-de-nosaltres-hi-ha-un-ermita-que-enyora-la-cova\/<\/a><\/p>\n<p><\/p>\n<p><\/p>\n<p>Full Parroquial Di\u00f2cesi de Girona, 16\/07\/2023<\/p>\n<p><a href=\"https:\/\/drive.google.com\/file\/d\/1KukaYUkcQWNI4iaN8TfVXeHTbYiaeYzN\/view?usp=sharing\" rel=\"noopener noreferrer\" target=\"_blank\">https:\/\/drive.google.com\/file\/d\/1KukaYUkcQWNI4iaN8TfVXeHTbYiaeYzN\/view?usp=sharing<\/a><\/p>\n<p><\/p>\n<p>R\u00e0dio Estel, 06\/09\/2023<\/p>\n<p><a href=\"https:\/\/www.estelfitxers.com\/audio\/2023-2024\/20230906-18_00SENSEDISTANCIA.MP3\" rel=\"noopener noreferrer\" target=\"_blank\">https:\/\/www.estelfitxers.com\/audio\/2023-2024\/20230906-18_00SENSEDISTANCIA.MP3<\/a><\/p>\n<p><\/p>\n<p>Catalunya Cristiana (catal\u00e0), 24\/09\/2023<\/p>\n<p><a href=\"https:\/\/drive.google.com\/file\/d\/1wmRKX1SCXHNfeDUt98HfPV6bxUVTEDf3\/view?usp=sharing\" rel=\"noopener noreferrer\" target=\"_blank\">https:\/\/drive.google.com\/file\/d\/1wmRKX1SCXHNfeDUt98HfPV6bxUVTEDf3\/view?usp=sharing<\/a><\/p>\n<p><\/p>\n<p>Catalunya Cristiana (castell\u00e0), 24\/09\/2023<\/p>\n<p><a href=\"https:\/\/drive.google.com\/file\/d\/1HSfRxYkw1XKJpfUMRAu1rHsdmokFIOSo\/view?usp=sharing\" rel=\"noopener noreferrer\" target=\"_blank\">https:\/\/drive.google.com\/file\/d\/1HSfRxYkw1XKJpfUMRAu1rHsdmokFIOSo\/view?usp=sharing<\/a><\/p>\n<p><\/p>\n<p>Catalunya Religi\u00f3, 28\/09\/2023<\/p>\n<p><a href=\"https:\/\/www.catalunyareligio.cat\/ca\/natura-ens-parla-creador\" rel=\"noopener noreferrer\" target=\"_blank\">https:\/\/www.catalunyareligio.cat\/ca\/natura-ens-parla-creador<\/a><\/p>\n<p><\/p>\n<p>Estris, 01\/02\/2024<\/p>\n<p><a href=\"https:\/\/drive.google.com\/file\/d\/1EpgcM1DWk4OcTtZovUdQXjVGXY-WFQG9\/view?usp=sharing\" rel=\"noopener noreferrer\" target=\"_blank\">https:\/\/drive.google.com\/file\/d\/1EpgcM1DWk4OcTtZovUdQXjVGXY-WFQG9\/view?usp=sharing<\/a><\/p>\n<p><\/p>\n<p>Catalunya Cristiana (catal\u00e0), 21\/04\/2024<\/p>\n<p><a href=\"https:\/\/drive.google.com\/file\/d\/18SLjzrxzu-w5tYaxCiwJay9QkiuyvtWd\/view?usp=sharing\" rel=\"noopener noreferrer\" target=\"_blank\">https:\/\/drive.google.com\/file\/d\/18SLjzrxzu-w5tYaxCiwJay9QkiuyvtWd\/view?usp=sharing<\/a><\/p>\n<p><\/p>\n<p>Ag\u00e8ncia Flama, 23\/04\/2024<\/p>\n<p><a href=\"https:\/\/www.agenciaflama.cat\/les-novetats-editorials-daquest-sant-jordi-tambe-en-clau-religiosa\/\" rel=\"noopener noreferrer\" target=\"_blank\">https:\/\/www.agenciaflama.cat\/les-novetats-editorials-daquest-sant-jordi-tambe-en-clau-religiosa\/<\/a><\/p>\n<p><\/p>\n<p>Catalunya Religi\u00f3, 21\/03\/2026<\/p>\n<p><a href=\"https:\/\/www.catalunyareligio.cat\/ca\/estrena-docuserie-natura-sagrada\" rel=\"noopener noreferrer\" target=\"_blank\">https:\/\/www.catalunyareligio.cat\/ca\/estrena-docuserie-natura-sagrada<\/a><\/p>\n<p><\/p>\n<p>Catalunya Cristiana, 31\/03\/2026<\/p>\n<p><a href=\"https:\/\/www.catalunyacristiana.cat\/sestrena-natura-sagrada-una-mirada-espiritual-a-la-geografia-catalana\/\" rel=\"noopener noreferrer\" target=\"_blank\">https:\/\/www.catalunyacristiana.cat\/sestrena-natura-sagrada-una-mirada-espiritual-a-la-geografia-catalana\/<\/a><\/p>\n","recomendamos":"","mas_vendido":""},"aioseo_notices":[],"_links":{"self":[{"href":"https:\/\/www.claret.cat\/es\/wp-json\/wp\/v2\/product\/445940","targetHints":{"allow":["GET"]}}],"collection":[{"href":"https:\/\/www.claret.cat\/es\/wp-json\/wp\/v2\/product"}],"about":[{"href":"https:\/\/www.claret.cat\/es\/wp-json\/wp\/v2\/types\/product"}],"wp:featuredmedia":[{"embeddable":true,"href":"https:\/\/www.claret.cat\/es\/wp-json\/wp\/v2\/media\/973766"}],"wp:attachment":[{"href":"https:\/\/www.claret.cat\/es\/wp-json\/wp\/v2\/media?parent=445940"}],"wp:term":[{"taxonomy":"product_brand","embeddable":true,"href":"https:\/\/www.claret.cat\/es\/wp-json\/wp\/v2\/product_brand?post=445940"},{"taxonomy":"product_cat","embeddable":true,"href":"https:\/\/www.claret.cat\/es\/wp-json\/wp\/v2\/product_cat?post=445940"},{"taxonomy":"product_tag","embeddable":true,"href":"https:\/\/www.claret.cat\/es\/wp-json\/wp\/v2\/product_tag?post=445940"}],"curies":[{"name":"wp","href":"https:\/\/api.w.org\/{rel}","templated":true}]}}

<p>En aquest moment d’emergència climàtica que vivim és necessari prendre consciència de la urgència de cuidar el nostre planeta. És a dir: la nostra casa comuna, els arbres dels carrers, els boscos que ens envolten… L’obra que teniu a les mans recull deu converses amb persones de diverses tradicions espirituals. Totes ens parlen de la seva vivència de la natura, i de les relacions entre l’espiritualitat i la naturalesa. Endinsar-se en aquestes entrevistes permet adonar-se que la cura de l’entorn natural és una preocupació ecumènica, que agrupa totes les creences. Les tradicions religioses també ens orienten a conèixer quina és la funció o el nostre paper en el cosmos. Aquest desig demana contemplació i silenci, però sovint el soroll i l’activitat frenètica ens atrapen. Ara cal passar de les idees a la pràctica. Ens toca lluitar contra el paradigma tecnocràtic i materialista, i contra l’individualisme egocèntric. Perquè el món no és un simple magatzem de recursos destinats a la producción, la manipulació i el consum. No només hem de mirar amb uns altres ulls el món que ens envolta. El camí de l’ecologia integral implica prendre decisions individuals i col·lectives respecte el nostre estil de vida. En aquest temps d’emergència climàtica que vivim el llibre ens ajuda a prendre consciència de la necessitat de cuidar el nostre planeta.</p>
<p></p>
<p></p>

FORA DE COL.LECCIÓ

Rústica

Laura Mor Iriarte és periodista especialitzada en religió. Actualment treballa a l’equip de comunicació de la Fundació Vedruna Catalunya Educació i col·labora amb Catalunya Religió. S’ha format en Comunicació dels Conflictes i la Pau (UAB), i en Comunicació i Religió a l’Era Digital (URL). Ha treballat com a guionista al programa Signes dels Temps de TV3, i en el servei de comunicació dels Missioners Claretians i del Centre Sant Jaume dels jesuïtes. És catequista i forma part de Justícia i Pau de Barcelona i del Grup Sant Jordi de promoció i defensa dels Drets Humans.

Josep Gordi i Serrat és doctor en Geografia i al llarg de quasi trenta anys ha estat professor de geografia física a la Universitat de Girona; també va ser degà de la Facultat de Lletres. Fa temps que va prendre consciència que la Natura s’escriu amb majúscula i s’ha de viure com una unitat. D’aquesta nova òptica neixen les seves darreres publicacions: Sant Francesc, Verdaguer i la natura (2019),Tocats per la Natura (2020) i Banys de bosc ( 2022). https://josepgordiarbresipaisatge.cat.

<iframe width="834" height="469" src="https://www.youtube.com/embed/gosbGbRnVhM" title="Booktràiler del llibre Natura sagrada" frameborder="0" allow="accelerometer; autoplay; clipboard-write; encrypted-media; gyroscope; picture-in-picture; web-share" allowfullscreen></iframe>

<p>Catalunya Religió, 23/06/2023</p>
<p><a href="https://www.catalunyareligio.cat/ca/claret-publica-converses-colleccio-natura-sagrada?utm_source=dlvr.it&amp;utm_medium=twitter" rel="noopener noreferrer" target="_blank">https://www.catalunyareligio.cat/ca/claret-publica-converses-colleccio-natura-sagrada?utm_source=dlvr.it&amp;utm_medium=twitter</a></p>
<p></p>
<p>Agència Flama, 01/07/2023</p>
<p><a href="https://www.agenciaflama.cat/un-llibre-per-coneixer-lexperiencia-de-deu-des-de-la-naturalesa-dins-de-nosaltres-hi-ha-un-ermita-que-enyora-la-cova/" rel="noopener noreferrer" target="_blank">https://www.agenciaflama.cat/un-llibre-per-coneixer-lexperiencia-de-deu-des-de-la-naturalesa-dins-de-nosaltres-hi-ha-un-ermita-que-enyora-la-cova/</a></p>
<p></p>
<p></p>
<p>Full Parroquial Diòcesi de Girona, 16/07/2023</p>
<p><a href="https://drive.google.com/file/d/1KukaYUkcQWNI4iaN8TfVXeHTbYiaeYzN/view?usp=sharing" rel="noopener noreferrer" target="_blank">https://drive.google.com/file/d/1KukaYUkcQWNI4iaN8TfVXeHTbYiaeYzN/view?usp=sharing</a></p>
<p></p>
<p>Ràdio Estel, 06/09/2023</p>
<p><a href="https://www.estelfitxers.com/audio/2023-2024/20230906-18_00SENSEDISTANCIA.MP3" rel="noopener noreferrer" target="_blank">https://www.estelfitxers.com/audio/2023-2024/20230906-18_00SENSEDISTANCIA.MP3</a></p>
<p></p>
<p>Catalunya Cristiana (català), 24/09/2023</p>
<p><a href="https://drive.google.com/file/d/1wmRKX1SCXHNfeDUt98HfPV6bxUVTEDf3/view?usp=sharing" rel="noopener noreferrer" target="_blank">https://drive.google.com/file/d/1wmRKX1SCXHNfeDUt98HfPV6bxUVTEDf3/view?usp=sharing</a></p>
<p></p>
<p>Catalunya Cristiana (castellà), 24/09/2023</p>
<p><a href="https://drive.google.com/file/d/1HSfRxYkw1XKJpfUMRAu1rHsdmokFIOSo/view?usp=sharing" rel="noopener noreferrer" target="_blank">https://drive.google.com/file/d/1HSfRxYkw1XKJpfUMRAu1rHsdmokFIOSo/view?usp=sharing</a></p>
<p></p>
<p>Catalunya Religió, 28/09/2023</p>
<p><a href="https://www.catalunyareligio.cat/ca/natura-ens-parla-creador" rel="noopener noreferrer" target="_blank">https://www.catalunyareligio.cat/ca/natura-ens-parla-creador</a></p>
<p></p>
<p>Estris, 01/02/2024</p>
<p><a href="https://drive.google.com/file/d/1EpgcM1DWk4OcTtZovUdQXjVGXY-WFQG9/view?usp=sharing" rel="noopener noreferrer" target="_blank">https://drive.google.com/file/d/1EpgcM1DWk4OcTtZovUdQXjVGXY-WFQG9/view?usp=sharing</a></p>
<p></p>
<p>Catalunya Cristiana (català), 21/04/2024</p>
<p><a href="https://drive.google.com/file/d/18SLjzrxzu-w5tYaxCiwJay9QkiuyvtWd/view?usp=sharing" rel="noopener noreferrer" target="_blank">https://drive.google.com/file/d/18SLjzrxzu-w5tYaxCiwJay9QkiuyvtWd/view?usp=sharing</a></p>
<p></p>
<p>Agència Flama, 23/04/2024</p>
<p><a href="https://www.agenciaflama.cat/les-novetats-editorials-daquest-sant-jordi-tambe-en-clau-religiosa/" rel="noopener noreferrer" target="_blank">https://www.agenciaflama.cat/les-novetats-editorials-daquest-sant-jordi-tambe-en-clau-religiosa/</a></p>
<p></p>
<p>Catalunya Religió, 21/03/2026</p>
<p><a href="https://www.catalunyareligio.cat/ca/estrena-docuserie-natura-sagrada" rel="noopener noreferrer" target="_blank">https://www.catalunyareligio.cat/ca/estrena-docuserie-natura-sagrada</a></p>
<p></p>
<p>Catalunya Cristiana, 31/03/2026</p>
<p><a href="https://www.catalunyacristiana.cat/sestrena-natura-sagrada-una-mirada-espiritual-a-la-geografia-catalana/" rel="noopener noreferrer" target="_blank">https://www.catalunyacristiana.cat/sestrena-natura-sagrada-una-mirada-espiritual-a-la-geografia-catalana/</a></p>
