{"id":446904,"date":"2023-06-12T16:36:31","date_gmt":"2023-06-12T14:36:31","guid":{"rendered":"https:\/\/www.claret.cat\/llibre\/la-granja-dels-animals-9788418196461\/"},"modified":"2023-10-11T01:46:05","modified_gmt":"2023-10-10T23:46:05","slug":"la-granja-dels-animals-9788418196461","status":"publish","type":"product","link":"https:\/\/www.claret.cat\/es\/libro\/la-granja-dels-animals-9788418196461\/","title":{"rendered":"LA GRANJA DELS ANIMALS"},"content":{"rendered":"<p>Un al\u00b7legat a favor de la llibertat i en contra el totalitarisme amb una nova traducci\u00f3 a c\u00e0rrec d&#8217;Albert Nolla. Aquesta s\u00e0tira de la revoluci\u00f3 russa i el triomf de l&#8217;estalinisme, escrita el 1945, s&#8217;ha convertit en un dels llibres m\u00e9s morda\u00e7os de tots els temps. Els animals de la granja pairal s&#8217;organitzen per fer fora els humans i crear un sistema de govern propi per poder viure amb m\u00e9s llibertat. Per\u00f2 en aquesta organitzaci\u00f3, aparentment tan ideal, aviat apareixen els primers indicis de totalitarisme, i els porcs, els l\u00edders m\u00e9s carism\u00e0tics del mas, es van convertint en opressors cada cop m\u00e9s cruels i tirans. \u00abDurant tot aquell estiu la feina de la granja va anar com un rellotge. Els animals eren feli\u00e7os com mai no s&#8217;haurien imaginat que es pogu\u00e9s ser-ho. Cada mos era un plaer viu i aut\u00e8ntic, ara que era realment el seu propi menjar, produ\u00eft per ells i per a ells, i no pas repartit per un amo mesqu\u00ed. Sense els humans, in\u00fatils i parasitaris, hi havia m\u00e9s provisions per a tothom\u00bb.<\/p>\n","protected":false},"excerpt":{"rendered":"<p>ORWELL, GEORGE<\/p>\n","protected":false},"featured_media":446905,"template":"","meta":{"_acf_changed":false,"om_disable_all_campaigns":false,"rs_blank_template":"","rs_page_bg_color":"","slide_template_v7":"","inline_featured_image":false,"_monsterinsights_skip_tracking":false,"_monsterinsights_sitenote_active":false,"_monsterinsights_sitenote_note":"","_monsterinsights_sitenote_category":0},"product_brand":[],"product_cat":[127,357],"product_tag":[],"class_list":{"0":"post-446904","1":"product","2":"type-product","3":"status-publish","4":"has-post-thumbnail","6":"product_cat-novella-contemporania","7":"product_cat-novela-contemporanea","9":"first","10":"instock","11":"taxable","12":"shipping-taxable","13":"purchasable","14":"product-type-simple"},"acf":{"editorial":[{"ID":147699,"post_author":"3","post_date":"2022-10-14 11:52:34","post_date_gmt":"2022-10-14 09:52:34","post_content":"","post_title":"Debutxaca","post_excerpt":"","post_status":"publish","comment_status":"closed","ping_status":"closed","post_password":"","post_name":"debutxaca","to_ping":"","pinged":"","post_modified":"2022-10-14 11:52:34","post_modified_gmt":"2022-10-14 09:52:34","post_content_filtered":"","post_parent":0,"guid":"http:\/\/dev.claret.cat\/editorial\/debutxaca\/","menu_order":0,"post_type":"editorial","post_mime_type":"","comment_count":"0","filter":"raw"}],"autores-libros":[{"ID":156738,"post_author":"3","post_date":"2022-10-14 15:23:13","post_date_gmt":"2022-10-14 13:23:13","post_content":"","post_title":"GEORGE ORWELL","post_excerpt":"","post_status":"publish","comment_status":"closed","ping_status":"closed","post_password":"","post_name":"george-orwell","to_ping":"","pinged":"","post_modified":"2022-10-14 15:23:13","post_modified_gmt":"2022-10-14 13:23:13","post_content_filtered":"","post_parent":0,"guid":"http:\/\/dev.claret.cat\/autor\/george-orwell\/","menu_order":0,"post_type":"autor","post_mime_type":"","comment_count":"0","filter":"raw"}],"autor":"ORWELL, GEORGE","codart":"841819646","libros-coleccion":"Narrativa","ediciones":"1","encuadernacion":"R\u00fastica","fecha_de_publicacion":"01\/06\/2023","novedad":"1","paginas":"124","subtitulo":"","orden":"0","portada":"0","idioma":"cat"},"aioseo_notices":[],"_links":{"self":[{"href":"https:\/\/www.claret.cat\/es\/wp-json\/wp\/v2\/product\/446904","targetHints":{"allow":["GET"]}}],"collection":[{"href":"https:\/\/www.claret.cat\/es\/wp-json\/wp\/v2\/product"}],"about":[{"href":"https:\/\/www.claret.cat\/es\/wp-json\/wp\/v2\/types\/product"}],"wp:featuredmedia":[{"embeddable":true,"href":"https:\/\/www.claret.cat\/es\/wp-json\/wp\/v2\/media\/446905"}],"wp:attachment":[{"href":"https:\/\/www.claret.cat\/es\/wp-json\/wp\/v2\/media?parent=446904"}],"wp:term":[{"taxonomy":"product_brand","embeddable":true,"href":"https:\/\/www.claret.cat\/es\/wp-json\/wp\/v2\/product_brand?post=446904"},{"taxonomy":"product_cat","embeddable":true,"href":"https:\/\/www.claret.cat\/es\/wp-json\/wp\/v2\/product_cat?post=446904"},{"taxonomy":"product_tag","embeddable":true,"href":"https:\/\/www.claret.cat\/es\/wp-json\/wp\/v2\/product_tag?post=446904"}],"curies":[{"name":"wp","href":"https:\/\/api.w.org\/{rel}","templated":true}]}}

<p>Un al·legat a favor de la llibertat i en contra el totalitarisme amb una nova traducció a càrrec d&#8217;Albert Nolla. Aquesta sàtira de la revolució russa i el triomf de l&#8217;estalinisme, escrita el 1945, s&#8217;ha convertit en un dels llibres més mordaços de tots els temps. Els animals de la granja pairal s&#8217;organitzen per fer fora els humans i crear un sistema de govern propi per poder viure amb més llibertat. Però en aquesta organització, aparentment tan ideal, aviat apareixen els primers indicis de totalitarisme, i els porcs, els líders més carismàtics del mas, es van convertint en opressors cada cop més cruels i tirans. «Durant tot aquell estiu la feina de la granja va anar com un rellotge. Els animals eren feliços com mai no s&#8217;haurien imaginat que es pogués ser-ho. Cada mos era un plaer viu i autèntic, ara que era realment el seu propi menjar, produït per ells i per a ells, i no pas repartit per un amo mesquí. Sense els humans, inútils i parasitaris, hi havia més provisions per a tothom».</p>

Rústica
