{"id":446950,"date":"2023-06-12T18:20:44","date_gmt":"2023-06-12T16:20:44","guid":{"rendered":"https:\/\/www.claret.cat\/llibre\/cap-al-cor-del-mon-9788498469950\/"},"modified":"2024-11-08T18:07:17","modified_gmt":"2024-11-08T17:07:17","slug":"cap-al-cor-del-mon-9788498469950","status":"publish","type":"product","link":"https:\/\/www.claret.cat\/es\/libro\/cap-al-cor-del-mon-9788498469950\/","title":{"rendered":"CAP AL COR DEL M\u00d3N"},"content":{"rendered":"<p>\u00abCap al cor del m\u00f3n \u00e9s un conjunt de textos  aparentment senzills, per\u00f2 d&#8217;una profunditat que emana d&#8217;una gran virtut: la de saber mirar a l&#8217;interior de les persones i de les coses per tal de descobrir-hi el que importa de veritat&#8230;\u00bb (Eug\u00e8nia Bieto). Cada text cont\u00e9 preguntes per a la reflexi\u00f3 i el treball en grup.<\/p>\n","protected":false},"excerpt":{"rendered":"<p>M\u00c0RIA I SERRANO, JOSEP F., SJ<\/p>\n","protected":false},"featured_media":446951,"template":"","meta":{"_acf_changed":false,"om_disable_all_campaigns":false,"rs_blank_template":"","rs_page_bg_color":"","slide_template_v7":"","inline_featured_image":false,"_monsterinsights_skip_tracking":false,"_monsterinsights_sitenote_active":false,"_monsterinsights_sitenote_note":"","_monsterinsights_sitenote_category":0},"product_brand":[],"product_cat":[581,345,79],"product_tag":[],"class_list":{"0":"post-446950","1":"product","2":"type-product","3":"status-publish","4":"has-post-thumbnail","6":"product_cat-editorial-claret","7":"product_cat-espiritualidad","8":"product_cat-espiritualitat","10":"first","11":"instock","12":"taxable","13":"shipping-taxable","14":"purchasable","15":"product-type-simple"},"acf":{"editorial":[{"ID":6158,"post_author":"3","post_date":"2022-07-28 17:46:08","post_date_gmt":"2022-07-28 15:46:08","post_content":"","post_title":"CLARET","post_excerpt":"","post_status":"publish","comment_status":"closed","ping_status":"closed","post_password":"","post_name":"claret","to_ping":"","pinged":"","post_modified":"2022-07-28 17:46:08","post_modified_gmt":"2022-07-28 15:46:08","post_content_filtered":"","post_parent":0,"guid":"http:\/\/dev.claret.cat\/editorial\/claret\/","menu_order":0,"post_type":"editorial","post_mime_type":"","comment_count":"0","filter":"raw"}],"autores-libros":[{"ID":5658,"post_author":"3","post_date":"2022-07-28 17:28:43","post_date_gmt":"2022-07-28 15:28:43","post_content":"","post_title":"JOSEP F. M\u00c0RIA I SERRANO, SJ","post_excerpt":"","post_status":"publish","comment_status":"closed","ping_status":"closed","post_password":"","post_name":"josep-f-maria-i-serrano-sj","to_ping":"","pinged":"","post_modified":"2022-07-28 17:28:43","post_modified_gmt":"2022-07-28 15:28:43","post_content_filtered":"","post_parent":0,"guid":"http:\/\/dev.claret.cat\/autor\/josep-f-maria-i-serrano-sj\/","menu_order":0,"post_type":"autor","post_mime_type":"","comment_count":"0","filter":"raw"}],"autor":"M\u00c0RIA I SERRANO, JOSEP F., SJ","codart":"849846995","libros-coleccion":"","ediciones":"1","encuadernacion":"R\u00fastica","fecha_de_publicacion":"15\/04\/2016","novedad":"0","paginas":"226","subtitulo":"","orden":"0","portada":"0","idioma":"cat"},"aioseo_notices":[],"_links":{"self":[{"href":"https:\/\/www.claret.cat\/es\/wp-json\/wp\/v2\/product\/446950","targetHints":{"allow":["GET"]}}],"collection":[{"href":"https:\/\/www.claret.cat\/es\/wp-json\/wp\/v2\/product"}],"about":[{"href":"https:\/\/www.claret.cat\/es\/wp-json\/wp\/v2\/types\/product"}],"wp:featuredmedia":[{"embeddable":true,"href":"https:\/\/www.claret.cat\/es\/wp-json\/wp\/v2\/media\/446951"}],"wp:attachment":[{"href":"https:\/\/www.claret.cat\/es\/wp-json\/wp\/v2\/media?parent=446950"}],"wp:term":[{"taxonomy":"product_brand","embeddable":true,"href":"https:\/\/www.claret.cat\/es\/wp-json\/wp\/v2\/product_brand?post=446950"},{"taxonomy":"product_cat","embeddable":true,"href":"https:\/\/www.claret.cat\/es\/wp-json\/wp\/v2\/product_cat?post=446950"},{"taxonomy":"product_tag","embeddable":true,"href":"https:\/\/www.claret.cat\/es\/wp-json\/wp\/v2\/product_tag?post=446950"}],"curies":[{"name":"wp","href":"https:\/\/api.w.org\/{rel}","templated":true}]}}

CAP AL COR DEL MÓN

<p>«Cap al cor del món és un conjunt de textos  aparentment senzills, però d&#8217;una profunditat que emana d&#8217;una gran virtut: la de saber mirar a l&#8217;interior de les persones i de les coses per tal de descobrir-hi el que importa de veritat&#8230;» (Eugènia Bieto). Cada text conté preguntes per a la reflexió i el treball en grup.</p>

<p>MÀRIA I SERRANO, JOSEP F., SJ</p>

JOSEP F. MÀRIA I SERRANO, SJ

MÀRIA I SERRANO, JOSEP F., SJ

Rústica
