{"id":447822,"date":"2023-06-19T13:15:03","date_gmt":"2023-06-19T11:15:03","guid":{"rendered":"https:\/\/www.claret.cat\/llibre\/juego-de-tronos-cancion-de-hielo-y-fuego-1-9788401032424\/"},"modified":"2023-10-11T01:40:04","modified_gmt":"2023-10-10T23:40:04","slug":"juego-de-tronos-cancion-de-hielo-y-fuego-1-9788401032424","status":"publish","type":"product","link":"https:\/\/www.claret.cat\/es\/libro\/juego-de-tronos-cancion-de-hielo-y-fuego-1-9788401032424\/","title":{"rendered":"JUEGO DE TRONOS (CANCI\u00d3N DE HIELO Y FUEGO 1)"},"content":{"rendered":"<p>Los cinco t\u00edtulos hasta ahora publicados de \u00abCanci\u00f3n de hielo y fuego\u00bb, Juego de tronos, Choque de reyes, Tormenta de espadas, Fest\u00edn de cuervos y Danza de dragones, llegan a las librer\u00edas en una nueva edici\u00f3n que conquistar\u00e1 tanto a los fans de esta saga \u00e9pica como a aquellos que esperan la oportunidad perfecta para adentrarse en sus p\u00e1ginas por primera vez. \u00abLarga vida a George Martin&#8230; Sacerdote literario, sabedor de su don para el personaje complejo, el lenguaje v\u00edvido y la visi\u00f3n salvaje de los mejores narradores.\u00bb<br \/>The New York Times \u00abCuando se juega al juego de tronos, solo se puede ganar o morir. No hay puntos intermedios.\u00bb En un mundo diferente al nuestro, en el que los veranos y los inviernos duran generaciones, un gran conflicto est\u00e1 a punto de estallar. Robert Baratheon ocupa el Trono de Hierro en el c\u00e1lido y opulento sur de Poniente. Se lo arrebat\u00f3 tras una sangrienta guerra al \u00faltimo rey loco de la dinast\u00eda Targaryen, se\u00f1ores de dragones. Sin embargo, ahora su poder se ve amenazado: en el norte, el Muro erigido para proteger el reino de las bestias y de los extra\u00f1os se tambalea. Hace siglos que nadie ve a los caminantes blancos, pero \u00bfqui\u00e9nes son entonces esos seres de ojos azules y fr\u00edos que se ocultan en las sombras de los bosques y que les arrebatan la vida y la mente a aquellos desafortunados que se cruzan en su camino? El final del verano est\u00e1 pr\u00f3ximo, se acerca el invierno y solo un milagro podr\u00e1 disipar las tinieblas.La cr\u00edtica ha dicho:<br \/>\u00abLarga vida a George Martin&#8230; Sacerdote literario, sabedor de su don para el personaje complejo, el lenguaje v\u00edvido y la visi\u00f3n salvaje de los mejores narradores.\u00bb<br \/>The New York Times \u00abLa capacidad de Martin para crear historias apasionantes de intriga es indiscutible.\u00bb<br \/>El Mundo \u00abEntre aquellos que se afanan en la gran tradici\u00f3n \u00e9pica de la fantas\u00eda, Martin es, con diferencia, el mejor.\u00bb<br \/>TIME Magazine\u00abEl sobrecogedor alcance de esta epopeya ha hecho que otros escritores de fantas\u00eda se lleven las manos a la cabeza.\u00bb<br \/>The Guardian \u00abEl escritor de la famosa saga hace tiempo que ha resuelto su porvenir y ha construido su indiscutible trono: el del nuevo rey de la literatura fant\u00e1stica.\u00bb<br \/>Vanitatis<\/p>\n","protected":false},"excerpt":{"rendered":"<p>R.R. MARTIN, GEORGE<\/p>\n","protected":false},"featured_media":447823,"template":"","meta":{"_acf_changed":false,"om_disable_all_campaigns":false,"rs_blank_template":"","rs_page_bg_color":"","slide_template_v7":"","inline_featured_image":false,"_monsterinsights_skip_tracking":false,"_monsterinsights_sitenote_active":false,"_monsterinsights_sitenote_note":"","_monsterinsights_sitenote_category":0},"product_brand":[],"product_cat":[127,357],"product_tag":[],"class_list":{"0":"post-447822","1":"product","2":"type-product","3":"status-publish","4":"has-post-thumbnail","6":"product_cat-novella-contemporania","7":"product_cat-novela-contemporanea","9":"first","10":"instock","11":"taxable","12":"shipping-taxable","13":"purchasable","14":"product-type-simple"},"acf":{"autor":"R.R. MARTIN, GEORGE","codart":"840103242","libros-coleccion":"Viento Abierto","ediciones":"1","encuadernacion":"Carton\u00e9","fecha_de_publicacion":"01\/06\/2023","novedad":"1","paginas":"795","subtitulo":"","orden":"0","portada":"0","idioma":"spa","editorial":[{"ID":6332,"post_author":"3","post_date":"2022-07-28 17:49:55","post_date_gmt":"2022-07-28 15:49:55","post_content":"","post_title":"PLAZA JANES, S.A.","post_excerpt":"","post_status":"publish","comment_status":"closed","ping_status":"closed","post_password":"","post_name":"plaza-janes-s-a","to_ping":"","pinged":"","post_modified":"2022-07-28 17:49:55","post_modified_gmt":"2022-07-28 15:49:55","post_content_filtered":"","post_parent":0,"guid":"http:\/\/dev.claret.cat\/editorial\/plaza-janes-s-a\/","menu_order":0,"post_type":"editorial","post_mime_type":"","comment_count":"0","filter":"raw"}],"autores-libros":[{"ID":156743,"post_author":"3","post_date":"2022-10-14 15:23:16","post_date_gmt":"2022-10-14 13:23:16","post_content":"","post_title":"GEORGE R.R. MARTIN","post_excerpt":"","post_status":"publish","comment_status":"closed","ping_status":"closed","post_password":"","post_name":"george-r-r-martin-5","to_ping":"","pinged":"","post_modified":"2022-10-14 15:23:16","post_modified_gmt":"2022-10-14 13:23:16","post_content_filtered":"","post_parent":0,"guid":"http:\/\/dev.claret.cat\/autor\/george-r-r-martin-5\/","menu_order":0,"post_type":"autor","post_mime_type":"","comment_count":"0","filter":"raw"}]},"aioseo_notices":[],"_links":{"self":[{"href":"https:\/\/www.claret.cat\/es\/wp-json\/wp\/v2\/product\/447822","targetHints":{"allow":["GET"]}}],"collection":[{"href":"https:\/\/www.claret.cat\/es\/wp-json\/wp\/v2\/product"}],"about":[{"href":"https:\/\/www.claret.cat\/es\/wp-json\/wp\/v2\/types\/product"}],"wp:featuredmedia":[{"embeddable":true,"href":"https:\/\/www.claret.cat\/es\/wp-json\/wp\/v2\/media\/447823"}],"wp:attachment":[{"href":"https:\/\/www.claret.cat\/es\/wp-json\/wp\/v2\/media?parent=447822"}],"wp:term":[{"taxonomy":"product_brand","embeddable":true,"href":"https:\/\/www.claret.cat\/es\/wp-json\/wp\/v2\/product_brand?post=447822"},{"taxonomy":"product_cat","embeddable":true,"href":"https:\/\/www.claret.cat\/es\/wp-json\/wp\/v2\/product_cat?post=447822"},{"taxonomy":"product_tag","embeddable":true,"href":"https:\/\/www.claret.cat\/es\/wp-json\/wp\/v2\/product_tag?post=447822"}],"curies":[{"name":"wp","href":"https:\/\/api.w.org\/{rel}","templated":true}]}}

JUEGO DE TRONOS (CANCIÓN DE HIELO Y FUEGO 1)

<p>Los cinco títulos hasta ahora publicados de «Canción de hielo y fuego», Juego de tronos, Choque de reyes, Tormenta de espadas, Festín de cuervos y Danza de dragones, llegan a las librerías en una nueva edición que conquistará tanto a los fans de esta saga épica como a aquellos que esperan la oportunidad perfecta para adentrarse en sus páginas por primera vez. «Larga vida a George Martin&#8230; Sacerdote literario, sabedor de su don para el personaje complejo, el lenguaje vívido y la visión salvaje de los mejores narradores.»<br />The New York Times «Cuando se juega al juego de tronos, solo se puede ganar o morir. No hay puntos intermedios.» En un mundo diferente al nuestro, en el que los veranos y los inviernos duran generaciones, un gran conflicto está a punto de estallar. Robert Baratheon ocupa el Trono de Hierro en el cálido y opulento sur de Poniente. Se lo arrebató tras una sangrienta guerra al último rey loco de la dinastía Targaryen, señores de dragones. Sin embargo, ahora su poder se ve amenazado: en el norte, el Muro erigido para proteger el reino de las bestias y de los extraños se tambalea. Hace siglos que nadie ve a los caminantes blancos, pero ¿quiénes son entonces esos seres de ojos azules y fríos que se ocultan en las sombras de los bosques y que les arrebatan la vida y la mente a aquellos desafortunados que se cruzan en su camino? El final del verano está próximo, se acerca el invierno y solo un milagro podrá disipar las tinieblas.La crítica ha dicho:<br />«Larga vida a George Martin&#8230; Sacerdote literario, sabedor de su don para el personaje complejo, el lenguaje vívido y la visión salvaje de los mejores narradores.»<br />The New York Times «La capacidad de Martin para crear historias apasionantes de intriga es indiscutible.»<br />El Mundo «Entre aquellos que se afanan en la gran tradición épica de la fantasía, Martin es, con diferencia, el mejor.»<br />TIME Magazine«El sobrecogedor alcance de esta epopeya ha hecho que otros escritores de fantasía se lleven las manos a la cabeza.»<br />The Guardian «El escritor de la famosa saga hace tiempo que ha resuelto su porvenir y ha construido su indiscutible trono: el del nuevo rey de la literatura fantástica.»<br />Vanitatis</p>

Cartoné
