{"id":447828,"date":"2023-06-19T13:15:24","date_gmt":"2023-06-19T11:15:24","guid":{"rendered":"https:\/\/www.claret.cat\/llibre\/danza-de-dragones-cancion-de-hielo-y-fuego-5-9788401032462\/"},"modified":"2023-10-11T01:40:00","modified_gmt":"2023-10-10T23:40:00","slug":"danza-de-dragones-cancion-de-hielo-y-fuego-5-9788401032462","status":"publish","type":"product","link":"https:\/\/www.claret.cat\/es\/libro\/danza-de-dragones-cancion-de-hielo-y-fuego-5-9788401032462\/","title":{"rendered":"DANZA DE DRAGONES (CANCI\u00d3N DE HIELO Y FUEGO 5)"},"content":{"rendered":"<p>Los cinco t\u00edtulos hasta ahora publicados de \u00abCanci\u00f3n de hielo y fuego\u00bb, Juego de tronos, Choque de reyes, Tormenta de espadas, Fest\u00edn de cuervos y Danza de dragones, llegan a las librer\u00edas en una nueva edici\u00f3n que conquistar\u00e1 tanto a los fans de esta saga \u00e9pica como a aquellos que esperan la oportunidad perfecta para adentrarse en sus p\u00e1ginas por primera vez.\u00abLarga vida a George Martin&#8230; Sacerdote literario, sabedor de su don para el personaje complejo, el lenguaje v\u00edvido y la visi\u00f3n salvaje de los mejores narradores.\u00bb<br \/>The New York Times \u00abMata al ni\u00f1o, Jon Nieve. El invierno se nos echa encima. Mata al ni\u00f1o y que nazca el hombre.\u00bbLa victoria de los leones Lannister ha dejado tras de s\u00ed un interminable reguero de sangre: lord Tywin yace enterrado, asesinado por mano de su propio hijo; la reina Cersei est\u00e1 encadenada y el peque\u00f1o rey Tommen ocupa un trono que podr\u00eda matarlo. El destino de Poniente pende de un hilo. En el Muro, Jon Nieve se ve obligado a consolidar por la espada su rango como lord comandante de la Guardia de la Noche. Mientras, al otro lado del mar Angosto, Daenerys Targaryen, la Madre de Dragones, defiende su dominio contra hordas de enemigos tanto viejos como nuevos. Tras huir a las Ciudades Libres, el parricida Tyrion Lannister podr\u00eda ser la clave para que la sangre del drag\u00f3n, que nunca lleg\u00f3 a extinguirse por completo, resurja. No obstante, todo esfuerzo tal vez resulte ser en vano. Porque ahora, verdaderamente&#8230; se acerca el invierno.La cr\u00edtica ha dicho:<br \/>\u00abLarga vida a George Martin&#8230; Sacerdote literario, sabedor de su don para el personaje complejo, el lenguaje v\u00edvido y la visi\u00f3n salvaje de los mejores narradores.\u00bb<br \/>The New York Times \u00abLa capacidad de Martin para crear historias apasionantes de intriga es indiscutible.\u00bb<br \/>El Mundo \u00abEntre aquellos que se afanan en la gran tradici\u00f3n \u00e9pica de la fantas\u00eda, Martin es, con diferencia, el mejor.\u00bb<br \/>TIME Magazine\u00abEl sobrecogedor alcance de esta epopeya ha hecho que otros escritores de fantas\u00eda se lleven las manos a la cabeza.\u00bb<br \/>The Guardian \u00abEl escritor de la famosa saga hace tiempo que ha resuelto su porvenir y ha construido su indiscutible trono: el del nuevo rey de la literatura fant\u00e1stica.\u00bb<br \/>Vanitatis<\/p>\n","protected":false},"excerpt":{"rendered":"<p>R.R. MARTIN, GEORGE<\/p>\n","protected":false},"featured_media":447829,"template":"","meta":{"_acf_changed":false,"om_disable_all_campaigns":false,"rs_blank_template":"","rs_page_bg_color":"","slide_template_v7":"","inline_featured_image":false,"_monsterinsights_skip_tracking":false,"_monsterinsights_sitenote_active":false,"_monsterinsights_sitenote_note":"","_monsterinsights_sitenote_category":0},"product_brand":[],"product_cat":[90,540],"product_tag":[],"class_list":{"0":"post-447828","1":"product","2":"type-product","3":"status-publish","4":"has-post-thumbnail","6":"product_cat-altres","7":"product_cat-otros","9":"first","10":"instock","11":"taxable","12":"shipping-taxable","13":"purchasable","14":"product-type-simple"},"acf":{"autor":"R.R. MARTIN, GEORGE","codart":"840103246","libros-coleccion":"Viento Abierto","ediciones":"1","encuadernacion":"Carton\u00e9","fecha_de_publicacion":"01\/06\/2023","novedad":"1","paginas":"1127","subtitulo":"","orden":"0","portada":"0","idioma":"spa","editorial":[{"ID":6332,"post_author":"3","post_date":"2022-07-28 17:49:55","post_date_gmt":"2022-07-28 15:49:55","post_content":"","post_title":"PLAZA JANES, S.A.","post_excerpt":"","post_status":"publish","comment_status":"closed","ping_status":"closed","post_password":"","post_name":"plaza-janes-s-a","to_ping":"","pinged":"","post_modified":"2022-07-28 17:49:55","post_modified_gmt":"2022-07-28 15:49:55","post_content_filtered":"","post_parent":0,"guid":"http:\/\/dev.claret.cat\/editorial\/plaza-janes-s-a\/","menu_order":0,"post_type":"editorial","post_mime_type":"","comment_count":"0","filter":"raw"}],"autores-libros":[{"ID":156743,"post_author":"3","post_date":"2022-10-14 15:23:16","post_date_gmt":"2022-10-14 13:23:16","post_content":"","post_title":"GEORGE R.R. MARTIN","post_excerpt":"","post_status":"publish","comment_status":"closed","ping_status":"closed","post_password":"","post_name":"george-r-r-martin-5","to_ping":"","pinged":"","post_modified":"2022-10-14 15:23:16","post_modified_gmt":"2022-10-14 13:23:16","post_content_filtered":"","post_parent":0,"guid":"http:\/\/dev.claret.cat\/autor\/george-r-r-martin-5\/","menu_order":0,"post_type":"autor","post_mime_type":"","comment_count":"0","filter":"raw"}]},"aioseo_notices":[],"_links":{"self":[{"href":"https:\/\/www.claret.cat\/es\/wp-json\/wp\/v2\/product\/447828","targetHints":{"allow":["GET"]}}],"collection":[{"href":"https:\/\/www.claret.cat\/es\/wp-json\/wp\/v2\/product"}],"about":[{"href":"https:\/\/www.claret.cat\/es\/wp-json\/wp\/v2\/types\/product"}],"wp:featuredmedia":[{"embeddable":true,"href":"https:\/\/www.claret.cat\/es\/wp-json\/wp\/v2\/media\/447829"}],"wp:attachment":[{"href":"https:\/\/www.claret.cat\/es\/wp-json\/wp\/v2\/media?parent=447828"}],"wp:term":[{"taxonomy":"product_brand","embeddable":true,"href":"https:\/\/www.claret.cat\/es\/wp-json\/wp\/v2\/product_brand?post=447828"},{"taxonomy":"product_cat","embeddable":true,"href":"https:\/\/www.claret.cat\/es\/wp-json\/wp\/v2\/product_cat?post=447828"},{"taxonomy":"product_tag","embeddable":true,"href":"https:\/\/www.claret.cat\/es\/wp-json\/wp\/v2\/product_tag?post=447828"}],"curies":[{"name":"wp","href":"https:\/\/api.w.org\/{rel}","templated":true}]}}

DANZA DE DRAGONES (CANCIÓN DE HIELO Y FUEGO 5)

<p>Los cinco títulos hasta ahora publicados de «Canción de hielo y fuego», Juego de tronos, Choque de reyes, Tormenta de espadas, Festín de cuervos y Danza de dragones, llegan a las librerías en una nueva edición que conquistará tanto a los fans de esta saga épica como a aquellos que esperan la oportunidad perfecta para adentrarse en sus páginas por primera vez.«Larga vida a George Martin&#8230; Sacerdote literario, sabedor de su don para el personaje complejo, el lenguaje vívido y la visión salvaje de los mejores narradores.»<br />The New York Times «Mata al niño, Jon Nieve. El invierno se nos echa encima. Mata al niño y que nazca el hombre.»La victoria de los leones Lannister ha dejado tras de sí un interminable reguero de sangre: lord Tywin yace enterrado, asesinado por mano de su propio hijo; la reina Cersei está encadenada y el pequeño rey Tommen ocupa un trono que podría matarlo. El destino de Poniente pende de un hilo. En el Muro, Jon Nieve se ve obligado a consolidar por la espada su rango como lord comandante de la Guardia de la Noche. Mientras, al otro lado del mar Angosto, Daenerys Targaryen, la Madre de Dragones, defiende su dominio contra hordas de enemigos tanto viejos como nuevos. Tras huir a las Ciudades Libres, el parricida Tyrion Lannister podría ser la clave para que la sangre del dragón, que nunca llegó a extinguirse por completo, resurja. No obstante, todo esfuerzo tal vez resulte ser en vano. Porque ahora, verdaderamente&#8230; se acerca el invierno.La crítica ha dicho:<br />«Larga vida a George Martin&#8230; Sacerdote literario, sabedor de su don para el personaje complejo, el lenguaje vívido y la visión salvaje de los mejores narradores.»<br />The New York Times «La capacidad de Martin para crear historias apasionantes de intriga es indiscutible.»<br />El Mundo «Entre aquellos que se afanan en la gran tradición épica de la fantasía, Martin es, con diferencia, el mejor.»<br />TIME Magazine«El sobrecogedor alcance de esta epopeya ha hecho que otros escritores de fantasía se lleven las manos a la cabeza.»<br />The Guardian «El escritor de la famosa saga hace tiempo que ha resuelto su porvenir y ha construido su indiscutible trono: el del nuevo rey de la literatura fantástica.»<br />Vanitatis</p>

Cartoné
