{"id":447831,"date":"2023-06-19T13:20:04","date_gmt":"2023-06-19T11:20:04","guid":{"rendered":"https:\/\/www.claret.cat\/llibre\/tormenta-de-espadas-cancion-de-hielo-y-fuego-3-9788401032448\/"},"modified":"2023-10-11T01:39:58","modified_gmt":"2023-10-10T23:39:58","slug":"tormenta-de-espadas-cancion-de-hielo-y-fuego-3-9788401032448","status":"publish","type":"product","link":"https:\/\/www.claret.cat\/es\/libro\/tormenta-de-espadas-cancion-de-hielo-y-fuego-3-9788401032448\/","title":{"rendered":"TORMENTA DE ESPADAS (CANCI\u00d3N DE HIELO Y FUEGO 3)"},"content":{"rendered":"<p>Los cinco t\u00edtulos hasta ahora publicados de \u00abCanci\u00f3n de hielo y fuego\u00bb, Juego de tronos, Choque de reyes, Tormenta de espadas, Fest\u00edn de cuervos y Danza de dragones, llegan a las librer\u00edas en una nueva edici\u00f3n que conquistar\u00e1 tanto a los fans de esta saga \u00e9pica como a aquellos que esperan la oportunidad perfecta para adentrarse en sus p\u00e1ginas por primera vez. \u00abLarga vida a George Martin&#8230; Sacerdote literario, sabedor de su don para el personaje complejo, el lenguaje v\u00edvido y la visi\u00f3n salvaje de los mejores narradores.\u00bb<br \/>The New York Times \u00abSe Acerca el Invierno, anunciaba el lema de los Stark, y sin duda hab\u00eda ca\u00eddo con crueldad sobre ellos.\u00bbEl juego de alianzas, traiciones y enga\u00f1os para hacerse con el Trono de Hierro se vuelve m\u00e1s despiadado tras la muerte del joven rey Renly Baratheon. Aunque la ambici\u00f3n de los que se disputan la victoria no conoce l\u00edmites, la amenaza m\u00e1s terrible acecha tanto a los cuatro reyes como a un Poniente devastado por el conflicto. Desde el lejano norte, una horda de b\u00e1rbaros y gigantes se cierne lentamente sobre los Siete Reinos. Sin embargo, junto al pueblo libre se aproxima un enemigo incluso m\u00e1s estremecedor: los Otros, unos guerreros sobrenaturales que no temen a la muerte porque la conocen muy bien. La Guardia de la Noche, minada y debilitada, tiene los d\u00edas contados. Su \u00faltima esperanza recae sobre los hombros de Jon Nieve, bastardo de Invernalia. Puede que el resultado de la guerra por el poder supremo a\u00fan est\u00e9 por decidirse&#8230;La cr\u00edtica ha dicho:<br \/>\u00abLarga vida a George Martin&#8230; Sacerdote literario, sabedor de su don para el personaje complejo, el lenguaje v\u00edvido y la visi\u00f3n salvaje de los mejores narradores.\u00bb<br \/>The New York Times \u00abLa capacidad de Martin para crear historias apasionantes de intriga es indiscutible.\u00bb<br \/>El Mundo \u00abEntre aquellos que se afanan en la gran tradici\u00f3n \u00e9pica de la fantas\u00eda, Martin es, con diferencia, el mejor.\u00bb<br \/>TIME Magazine\u00abEl sobrecogedor alcance de esta epopeya ha hecho que otros escritores de fantas\u00eda se lleven las manos a la cabeza.\u00bb<br \/>The Guardian \u00abEl escritor de la famosa saga hace tiempo que ha resuelto su porvenir y ha construido su indiscutible trono: el del nuevo rey de la literatura fant\u00e1stica.\u00bb<br \/>Vanitatis<\/p>\n","protected":false},"excerpt":{"rendered":"<p>R.R. MARTIN, GEORGE<\/p>\n","protected":false},"featured_media":447832,"template":"","meta":{"_acf_changed":false,"om_disable_all_campaigns":false,"rs_blank_template":"","rs_page_bg_color":"","slide_template_v7":"","inline_featured_image":false,"_monsterinsights_skip_tracking":false,"_monsterinsights_sitenote_active":false,"_monsterinsights_sitenote_note":"","_monsterinsights_sitenote_category":0},"product_brand":[],"product_cat":[127,357],"product_tag":[],"class_list":{"0":"post-447831","1":"product","2":"type-product","3":"status-publish","4":"has-post-thumbnail","6":"product_cat-novella-contemporania","7":"product_cat-novela-contemporanea","9":"first","10":"instock","11":"taxable","12":"shipping-taxable","13":"purchasable","14":"product-type-simple"},"acf":{"autor":"R.R. MARTIN, GEORGE","codart":"840103244","libros-coleccion":"Viento Abierto","ediciones":"1","encuadernacion":"Carton\u00e9","fecha_de_publicacion":"01\/06\/2023","novedad":"1","paginas":"1172","subtitulo":"","orden":"0","portada":"0","idioma":"spa","editorial":[{"ID":6332,"post_author":"3","post_date":"2022-07-28 17:49:55","post_date_gmt":"2022-07-28 15:49:55","post_content":"","post_title":"PLAZA JANES, S.A.","post_excerpt":"","post_status":"publish","comment_status":"closed","ping_status":"closed","post_password":"","post_name":"plaza-janes-s-a","to_ping":"","pinged":"","post_modified":"2022-07-28 17:49:55","post_modified_gmt":"2022-07-28 15:49:55","post_content_filtered":"","post_parent":0,"guid":"http:\/\/dev.claret.cat\/editorial\/plaza-janes-s-a\/","menu_order":0,"post_type":"editorial","post_mime_type":"","comment_count":"0","filter":"raw"}],"autores-libros":[{"ID":156743,"post_author":"3","post_date":"2022-10-14 15:23:16","post_date_gmt":"2022-10-14 13:23:16","post_content":"","post_title":"GEORGE R.R. MARTIN","post_excerpt":"","post_status":"publish","comment_status":"closed","ping_status":"closed","post_password":"","post_name":"george-r-r-martin-5","to_ping":"","pinged":"","post_modified":"2022-10-14 15:23:16","post_modified_gmt":"2022-10-14 13:23:16","post_content_filtered":"","post_parent":0,"guid":"http:\/\/dev.claret.cat\/autor\/george-r-r-martin-5\/","menu_order":0,"post_type":"autor","post_mime_type":"","comment_count":"0","filter":"raw"}]},"aioseo_notices":[],"_links":{"self":[{"href":"https:\/\/www.claret.cat\/es\/wp-json\/wp\/v2\/product\/447831","targetHints":{"allow":["GET"]}}],"collection":[{"href":"https:\/\/www.claret.cat\/es\/wp-json\/wp\/v2\/product"}],"about":[{"href":"https:\/\/www.claret.cat\/es\/wp-json\/wp\/v2\/types\/product"}],"wp:featuredmedia":[{"embeddable":true,"href":"https:\/\/www.claret.cat\/es\/wp-json\/wp\/v2\/media\/447832"}],"wp:attachment":[{"href":"https:\/\/www.claret.cat\/es\/wp-json\/wp\/v2\/media?parent=447831"}],"wp:term":[{"taxonomy":"product_brand","embeddable":true,"href":"https:\/\/www.claret.cat\/es\/wp-json\/wp\/v2\/product_brand?post=447831"},{"taxonomy":"product_cat","embeddable":true,"href":"https:\/\/www.claret.cat\/es\/wp-json\/wp\/v2\/product_cat?post=447831"},{"taxonomy":"product_tag","embeddable":true,"href":"https:\/\/www.claret.cat\/es\/wp-json\/wp\/v2\/product_tag?post=447831"}],"curies":[{"name":"wp","href":"https:\/\/api.w.org\/{rel}","templated":true}]}}

TORMENTA DE ESPADAS (CANCIÓN DE HIELO Y FUEGO 3)

<p>Los cinco títulos hasta ahora publicados de «Canción de hielo y fuego», Juego de tronos, Choque de reyes, Tormenta de espadas, Festín de cuervos y Danza de dragones, llegan a las librerías en una nueva edición que conquistará tanto a los fans de esta saga épica como a aquellos que esperan la oportunidad perfecta para adentrarse en sus páginas por primera vez. «Larga vida a George Martin&#8230; Sacerdote literario, sabedor de su don para el personaje complejo, el lenguaje vívido y la visión salvaje de los mejores narradores.»<br />The New York Times «Se Acerca el Invierno, anunciaba el lema de los Stark, y sin duda había caído con crueldad sobre ellos.»El juego de alianzas, traiciones y engaños para hacerse con el Trono de Hierro se vuelve más despiadado tras la muerte del joven rey Renly Baratheon. Aunque la ambición de los que se disputan la victoria no conoce límites, la amenaza más terrible acecha tanto a los cuatro reyes como a un Poniente devastado por el conflicto. Desde el lejano norte, una horda de bárbaros y gigantes se cierne lentamente sobre los Siete Reinos. Sin embargo, junto al pueblo libre se aproxima un enemigo incluso más estremecedor: los Otros, unos guerreros sobrenaturales que no temen a la muerte porque la conocen muy bien. La Guardia de la Noche, minada y debilitada, tiene los días contados. Su última esperanza recae sobre los hombros de Jon Nieve, bastardo de Invernalia. Puede que el resultado de la guerra por el poder supremo aún esté por decidirse&#8230;La crítica ha dicho:<br />«Larga vida a George Martin&#8230; Sacerdote literario, sabedor de su don para el personaje complejo, el lenguaje vívido y la visión salvaje de los mejores narradores.»<br />The New York Times «La capacidad de Martin para crear historias apasionantes de intriga es indiscutible.»<br />El Mundo «Entre aquellos que se afanan en la gran tradición épica de la fantasía, Martin es, con diferencia, el mejor.»<br />TIME Magazine«El sobrecogedor alcance de esta epopeya ha hecho que otros escritores de fantasía se lleven las manos a la cabeza.»<br />The Guardian «El escritor de la famosa saga hace tiempo que ha resuelto su porvenir y ha construido su indiscutible trono: el del nuevo rey de la literatura fantástica.»<br />Vanitatis</p>

Cartoné
