{"id":447915,"date":"2023-06-20T10:46:51","date_gmt":"2023-06-20T08:46:51","guid":{"rendered":"https:\/\/www.claret.cat\/llibre\/bipolar-y-a-mucha-honra-9788467066876\/"},"modified":"2023-10-11T02:19:53","modified_gmt":"2023-10-11T00:19:53","slug":"bipolar-y-a-mucha-honra-9788467066876","status":"publish","type":"product","link":"https:\/\/www.claret.cat\/es\/libro\/bipolar-y-a-mucha-honra-9788467066876\/","title":{"rendered":"BIPOLAR Y A MUCHA HONRA"},"content":{"rendered":"<p>Nunca pens\u00e9 que escribir\u00eda un libro, y menos que ser\u00eda por tener un trastorno mental; nunca pens\u00e9 que alguna vez me querr\u00eda quitar la vida; nunca pens\u00e9 que me pasar\u00edan tantas cosas como las que me han pasado, muchas incre\u00edblemente maravillosas gracias a mi trastorno y otras tremendamente duras. Todas me han ense\u00f1ado algo. Todas me han hecho m\u00e1s fuerte.<br \/> Y me gustar\u00eda compartirlas contigo.<br \/> Quiz\u00e1 algo de lo que cuento en este libro te ayude, quiz\u00e1 solo te divierta, quiz\u00e1 sea un punto de apoyo para continuar.<br \/> La vida es como el trastorno bipolar, con sus subidas y bajadas, con su drama y su comedia.<br \/> Este libro es un viaje de magia, miedos, lucha y mucho, mucho amor.<\/p>\n","protected":false},"excerpt":{"rendered":"<p>MART\u00cdN, JAVIER<\/p>\n","protected":false},"featured_media":447916,"template":"","meta":{"_acf_changed":false,"om_disable_all_campaigns":false,"rs_blank_template":"","rs_page_bg_color":"","slide_template_v7":"","inline_featured_image":false,"_monsterinsights_skip_tracking":false,"_monsterinsights_sitenote_active":false,"_monsterinsights_sitenote_note":"","_monsterinsights_sitenote_category":0},"product_brand":[],"product_cat":[180,448],"product_tag":[],"class_list":{"0":"post-447915","1":"product","2":"type-product","3":"status-publish","4":"has-post-thumbnail","6":"product_cat-psiquiatria-i-psicoterapia","7":"product_cat-psiquiatria-y-psicoterapia","9":"first","10":"instock","11":"taxable","12":"shipping-taxable","13":"purchasable","14":"product-type-simple"},"acf":{"autor":"MART\u00cdN, JAVIER","codart":"8467066876","libros-coleccion":"NO FICCION","ediciones":"1","encuadernacion":"R\u00fastica","fecha_de_publicacion":"01\/09\/2022","novedad":"1","paginas":"320","subtitulo":"","orden":"0","portada":"0","idioma":"spa","editorial":[{"ID":6247,"post_author":"3","post_date":"2022-07-28 17:48:06","post_date_gmt":"2022-07-28 15:48:06","post_content":"","post_title":"ESPASA, EDITORIAL","post_excerpt":"","post_status":"publish","comment_status":"closed","ping_status":"closed","post_password":"","post_name":"espasa-editorial","to_ping":"","pinged":"","post_modified":"2022-07-28 17:48:06","post_modified_gmt":"2022-07-28 15:48:06","post_content_filtered":"","post_parent":0,"guid":"http:\/\/dev.claret.cat\/editorial\/espasa-editorial\/","menu_order":0,"post_type":"editorial","post_mime_type":"","comment_count":"0","filter":"raw"}],"autores-libros":[{"ID":158737,"post_author":"3","post_date":"2022-10-14 15:39:13","post_date_gmt":"2022-10-14 13:39:13","post_content":"","post_title":"JAVIER MART\u00cdN","post_excerpt":"","post_status":"publish","comment_status":"closed","ping_status":"closed","post_password":"","post_name":"javier-martin","to_ping":"","pinged":"","post_modified":"2022-10-14 15:39:13","post_modified_gmt":"2022-10-14 13:39:13","post_content_filtered":"","post_parent":0,"guid":"http:\/\/dev.claret.cat\/autor\/javier-martin\/","menu_order":0,"post_type":"autor","post_mime_type":"","comment_count":"0","filter":"raw"}]},"aioseo_notices":[],"_links":{"self":[{"href":"https:\/\/www.claret.cat\/es\/wp-json\/wp\/v2\/product\/447915","targetHints":{"allow":["GET"]}}],"collection":[{"href":"https:\/\/www.claret.cat\/es\/wp-json\/wp\/v2\/product"}],"about":[{"href":"https:\/\/www.claret.cat\/es\/wp-json\/wp\/v2\/types\/product"}],"wp:featuredmedia":[{"embeddable":true,"href":"https:\/\/www.claret.cat\/es\/wp-json\/wp\/v2\/media\/447916"}],"wp:attachment":[{"href":"https:\/\/www.claret.cat\/es\/wp-json\/wp\/v2\/media?parent=447915"}],"wp:term":[{"taxonomy":"product_brand","embeddable":true,"href":"https:\/\/www.claret.cat\/es\/wp-json\/wp\/v2\/product_brand?post=447915"},{"taxonomy":"product_cat","embeddable":true,"href":"https:\/\/www.claret.cat\/es\/wp-json\/wp\/v2\/product_cat?post=447915"},{"taxonomy":"product_tag","embeddable":true,"href":"https:\/\/www.claret.cat\/es\/wp-json\/wp\/v2\/product_tag?post=447915"}],"curies":[{"name":"wp","href":"https:\/\/api.w.org\/{rel}","templated":true}]}}

<p>Nunca pensé que escribiría un libro, y menos que sería por tener un trastorno mental; nunca pensé que alguna vez me querría quitar la vida; nunca pensé que me pasarían tantas cosas como las que me han pasado, muchas increíblemente maravillosas gracias a mi trastorno y otras tremendamente duras. Todas me han enseñado algo. Todas me han hecho más fuerte.<br /> Y me gustaría compartirlas contigo.<br /> Quizá algo de lo que cuento en este libro te ayude, quizá solo te divierta, quizá sea un punto de apoyo para continuar.<br /> La vida es como el trastorno bipolar, con sus subidas y bajadas, con su drama y su comedia.<br /> Este libro es un viaje de magia, miedos, lucha y mucho, mucho amor.</p>

<p>MARTÍN, JAVIER</p>

MARTÍN, JAVIER

Rústica

JAVIER MARTÍN
