{"id":448348,"date":"2023-06-22T19:00:25","date_gmt":"2023-06-22T17:00:25","guid":{"rendered":"https:\/\/www.claret.cat\/llibre\/lengua-castellana-y-literatura-3o-primaria-la-leyenda-legado-licencia-digital-9788447945863\/"},"modified":"2023-10-11T02:15:30","modified_gmt":"2023-10-11T00:15:30","slug":"lengua-castellana-y-literatura-3o-primaria-la-leyenda-legado-licencia-digital-9788447945863","status":"publish","type":"product","link":"https:\/\/www.claret.cat\/es\/libro\/lengua-castellana-y-literatura-3o-primaria-la-leyenda-legado-licencia-digital-9788447945863\/","title":{"rendered":"LENGUA CASTELLANA Y LITERATURA 3\u00ba PRIMARIA LA LEYENDA LEGADO + LICENCIA DIGITAL"},"content":{"rendered":"","protected":false},"excerpt":{"rendered":"<p>MART\u00cdN S\u00c1NCHEZ, \u00d3SCAR JOS\u00c9 \/ ARAYA OLAZAR\u00c1N, CLAUDIA \/ GARC\u00cdA HACZEK, MANUEL \/ <\/p>\n","protected":false},"featured_media":448349,"template":"","meta":{"_acf_changed":false,"om_disable_all_campaigns":false,"rs_blank_template":"","rs_page_bg_color":"","slide_template_v7":"","inline_featured_image":false,"_monsterinsights_skip_tracking":false,"_monsterinsights_sitenote_active":false,"_monsterinsights_sitenote_note":"","_monsterinsights_sitenote_category":0},"product_brand":[],"product_cat":[579,571,138,146,572,139,574,141],"product_tag":[],"class_list":{"0":"post-448348","1":"product","2":"type-product","3":"status-publish","4":"has-post-thumbnail","6":"product_cat-cuadernos-de-trabajo","7":"product_cat-primaria-escolar-4_escolar-spa","8":"product_cat-primaria","9":"product_cat-quaderns-de-treball","10":"product_cat-secundaria-escolar-4_escolar-spa","11":"product_cat-secundaria","12":"product_cat-tutoria-escolar-4_escolar-spa","13":"product_cat-tutoria","15":"first","16":"instock","17":"taxable","18":"shipping-taxable","19":"purchasable","20":"product-type-simple"},"acf":{"autor":"MART\u00cdN S\u00c1NCHEZ, \u00d3SCAR JOS\u00c9 \/ ARAYA OLAZAR\u00c1N, CLAUDIA \/ GARC\u00cdA HACZEK, MANUEL \/ ","codart":"844794586","libros-coleccion":"FORA DE COL.LECCI\u00d3","ediciones":"1","encuadernacion":"R\u00fastica","fecha_de_publicacion":"01\/04\/2021","novedad":"1","paginas":"260","subtitulo":"","orden":"0","portada":"0","idioma":"spa","editorial":[{"ID":147536,"post_author":"3","post_date":"2022-10-14 11:51:19","post_date_gmt":"2022-10-14 09:51:19","post_content":"","post_title":"BAULA-EDELVIVES-VALENCIANO\/CATALAN-TXT-","post_excerpt":"","post_status":"publish","comment_status":"closed","ping_status":"closed","post_password":"","post_name":"baula-edelvives-valenciano-catalan-txt","to_ping":"","pinged":"","post_modified":"2022-10-14 11:51:19","post_modified_gmt":"2022-10-14 09:51:19","post_content_filtered":"","post_parent":0,"guid":"http:\/\/dev.claret.cat\/editorial\/baula-edelvives-valenciano-catalan-txt\/","menu_order":0,"post_type":"editorial","post_mime_type":"","comment_count":"0","filter":"raw"}],"autores-libros":[{"ID":446655,"post_author":"3","post_date":"2023-06-09 18:30:11","post_date_gmt":"2023-06-09 16:30:11","post_content":"","post_title":"CLAUDIA ARAYA OLAZAR\u00c1N","post_excerpt":"","post_status":"publish","comment_status":"closed","ping_status":"closed","post_password":"","post_name":"claudia-araya-olazaran","to_ping":"","pinged":"","post_modified":"2023-06-09 18:30:11","post_modified_gmt":"2023-06-09 16:30:11","post_content_filtered":"","post_parent":0,"guid":"https:\/\/www.claret.cat\/autor\/claudia-araya-olazaran\/","menu_order":0,"post_type":"autor","post_mime_type":"","comment_count":"0","filter":"raw"},{"ID":446656,"post_author":"3","post_date":"2023-06-09 18:30:13","post_date_gmt":"2023-06-09 16:30:13","post_content":"","post_title":"MANUEL GARC\u00cdA HACZEK","post_excerpt":"","post_status":"publish","comment_status":"closed","ping_status":"closed","post_password":"","post_name":"manuel-garcia-haczek","to_ping":"","pinged":"","post_modified":"2023-06-09 18:30:13","post_modified_gmt":"2023-06-09 16:30:13","post_content_filtered":"","post_parent":0,"guid":"https:\/\/www.claret.cat\/autor\/manuel-garcia-haczek\/","menu_order":0,"post_type":"autor","post_mime_type":"","comment_count":"0","filter":"raw"},{"ID":448347,"post_author":"3","post_date":"2023-06-22 19:00:23","post_date_gmt":"2023-06-22 17:00:23","post_content":"","post_title":"\u00d3SCAR JOS\u00c9 MART\u00cdN S\u00c1NCHEZ","post_excerpt":"","post_status":"publish","comment_status":"closed","ping_status":"closed","post_password":"","post_name":"oscar-jose-martin-sanchez","to_ping":"","pinged":"","post_modified":"2023-06-22 19:00:23","post_modified_gmt":"2023-06-22 17:00:23","post_content_filtered":"","post_parent":0,"guid":"https:\/\/www.claret.cat\/autor\/oscar-jose-martin-sanchez\/","menu_order":0,"post_type":"autor","post_mime_type":"","comment_count":"0","filter":"raw"}]},"aioseo_notices":[],"_links":{"self":[{"href":"https:\/\/www.claret.cat\/es\/wp-json\/wp\/v2\/product\/448348","targetHints":{"allow":["GET"]}}],"collection":[{"href":"https:\/\/www.claret.cat\/es\/wp-json\/wp\/v2\/product"}],"about":[{"href":"https:\/\/www.claret.cat\/es\/wp-json\/wp\/v2\/types\/product"}],"wp:featuredmedia":[{"embeddable":true,"href":"https:\/\/www.claret.cat\/es\/wp-json\/wp\/v2\/media\/448349"}],"wp:attachment":[{"href":"https:\/\/www.claret.cat\/es\/wp-json\/wp\/v2\/media?parent=448348"}],"wp:term":[{"taxonomy":"product_brand","embeddable":true,"href":"https:\/\/www.claret.cat\/es\/wp-json\/wp\/v2\/product_brand?post=448348"},{"taxonomy":"product_cat","embeddable":true,"href":"https:\/\/www.claret.cat\/es\/wp-json\/wp\/v2\/product_cat?post=448348"},{"taxonomy":"product_tag","embeddable":true,"href":"https:\/\/www.claret.cat\/es\/wp-json\/wp\/v2\/product_tag?post=448348"}],"curies":[{"name":"wp","href":"https:\/\/api.w.org\/{rel}","templated":true}]}}

LENGUA CASTELLANA Y LITERATURA 3º PRIMARIA LA LEYENDA LEGADO + LICENCIA DIGITAL

<p>MARTÍN SÁNCHEZ, ÓSCAR JOSÉ / ARAYA OLAZARÁN, CLAUDIA / GARCÍA HACZEK, MANUEL / </p>

MARTÍN SÁNCHEZ, ÓSCAR JOSÉ / ARAYA OLAZARÁN, CLAUDIA / GARCÍA HACZEK, MANUEL /

FORA DE COL.LECCIÓ

Rústica

CLAUDIA ARAYA OLAZARÁN

MANUEL GARCÍA HACZEK

ÓSCAR JOSÉ MARTÍN SÁNCHEZ
