{"id":449080,"date":"2023-06-29T16:45:03","date_gmt":"2023-06-29T14:45:03","guid":{"rendered":"https:\/\/www.claret.cat\/llibre\/el-pozo-de-sicar-2-competencias-para-la-mision-del-catequista-9788428840095\/"},"modified":"2024-05-24T10:12:18","modified_gmt":"2024-05-24T08:12:18","slug":"el-pozo-de-sicar-2-competencias-para-la-mision-del-catequista-9788428840095","status":"publish","type":"product","link":"https:\/\/www.claret.cat\/es\/libro\/el-pozo-de-sicar-2-competencias-para-la-mision-del-catequista-9788428840095\/","title":{"rendered":"EL POZO DE SICAR 2. COMPETENCIAS PARA LA MISI\u00d3N DEL CATEQUISTA"},"content":{"rendered":"<p>Material para la formaci\u00f3n de los catequistas desde los nuevos par\u00e1metros marcados por el nuevo Directorio para la catequesis.<\/p>\n","protected":false},"excerpt":{"rendered":"<p>SECRETARIADOS DE CATEQUESIS DE GALICIA<\/p>\n","protected":false},"featured_media":449081,"template":"","meta":{"_acf_changed":false,"om_disable_all_campaigns":false,"rs_blank_template":"","rs_page_bg_color":"","slide_template_v7":"","inline_featured_image":false,"_monsterinsights_skip_tracking":false,"_monsterinsights_sitenote_active":false,"_monsterinsights_sitenote_note":"","_monsterinsights_sitenote_category":0},"product_brand":[],"product_cat":[226,388,227,389],"product_tag":[],"class_list":{"0":"post-449080","1":"product","2":"type-product","3":"status-publish","4":"has-post-thumbnail","6":"product_cat-didactica","7":"product_cat-didactica-catequesis-1_espiritualidad","8":"product_cat-formacio","9":"product_cat-formacion","11":"first","12":"instock","13":"taxable","14":"shipping-taxable","15":"purchasable","16":"product-type-simple"},"acf":{"autor":"SECRETARIADOS DE CATEQUESIS DE GALICIA","codart":"842884009","libros-coleccion":"CATEQUESIS GALICIA","ediciones":"1","encuadernacion":"R\u00fastica","fecha_de_publicacion":"27\/06\/2023","novedad":"1","paginas":"72","subtitulo":"1. EL CATEQUISTA NARRADOR ","orden":"0","portada":"0","idioma":"spa","editorial":[{"ID":6335,"post_author":"3","post_date":"2022-07-28 17:49:59","post_date_gmt":"2022-07-28 15:49:59","post_content":"","post_title":"PPC altres","post_excerpt":"","post_status":"publish","comment_status":"closed","ping_status":"closed","post_password":"","post_name":"ppc-altres","to_ping":"","pinged":"","post_modified":"2022-07-28 17:49:59","post_modified_gmt":"2022-07-28 15:49:59","post_content_filtered":"","post_parent":0,"guid":"http:\/\/dev.claret.cat\/editorial\/ppc-altres\/","menu_order":0,"post_type":"editorial","post_mime_type":"","comment_count":"0","filter":"raw"}],"autores-libros":[{"ID":8438,"post_author":"3","post_date":"2022-09-30 09:48:35","post_date_gmt":"2022-09-30 07:48:35","post_content":"","post_title":"SECRETARIADOS DE CATEQUESIS DE GALICIA","post_excerpt":"","post_status":"publish","comment_status":"closed","ping_status":"closed","post_password":"","post_name":"secretariados-de-catequesis-de-galicia","to_ping":"","pinged":"","post_modified":"2022-09-30 09:48:35","post_modified_gmt":"2022-09-30 07:48:35","post_content_filtered":"","post_parent":0,"guid":"http:\/\/dev.claret.cat\/autor\/secretariados-de-catequesis-de-galicia\/","menu_order":0,"post_type":"autor","post_mime_type":"","comment_count":"0","filter":"raw"}]},"aioseo_notices":[],"_links":{"self":[{"href":"https:\/\/www.claret.cat\/es\/wp-json\/wp\/v2\/product\/449080","targetHints":{"allow":["GET"]}}],"collection":[{"href":"https:\/\/www.claret.cat\/es\/wp-json\/wp\/v2\/product"}],"about":[{"href":"https:\/\/www.claret.cat\/es\/wp-json\/wp\/v2\/types\/product"}],"wp:featuredmedia":[{"embeddable":true,"href":"https:\/\/www.claret.cat\/es\/wp-json\/wp\/v2\/media\/449081"}],"wp:attachment":[{"href":"https:\/\/www.claret.cat\/es\/wp-json\/wp\/v2\/media?parent=449080"}],"wp:term":[{"taxonomy":"product_brand","embeddable":true,"href":"https:\/\/www.claret.cat\/es\/wp-json\/wp\/v2\/product_brand?post=449080"},{"taxonomy":"product_cat","embeddable":true,"href":"https:\/\/www.claret.cat\/es\/wp-json\/wp\/v2\/product_cat?post=449080"},{"taxonomy":"product_tag","embeddable":true,"href":"https:\/\/www.claret.cat\/es\/wp-json\/wp\/v2\/product_tag?post=449080"}],"curies":[{"name":"wp","href":"https:\/\/api.w.org\/{rel}","templated":true}]}}

EL POZO DE SICAR 2. COMPETENCIAS PARA LA MISIÓN DEL CATEQUISTA

<p>Material para la formación de los catequistas desde los nuevos parámetros marcados por el nuevo Directorio para la catequesis.</p>

Rústica
