{"id":449087,"date":"2023-06-29T16:50:05","date_gmt":"2023-06-29T14:50:05","guid":{"rendered":"https:\/\/www.claret.cat\/llibre\/el-reloj-de-los-novios-9788428840170\/"},"modified":"2024-05-24T10:11:41","modified_gmt":"2024-05-24T08:11:41","slug":"el-reloj-de-los-novios-9788428840170","status":"publish","type":"product","link":"https:\/\/www.claret.cat\/es\/libro\/el-reloj-de-los-novios-9788428840170\/","title":{"rendered":"EL RELOJ DE LOS NOVIOS"},"content":{"rendered":"<p>La propuesta de trabajo de esta obra supone un tiempo magn\u00edfico que nos regalamos los novios para crecer en el amor y descubrir juntos si es tiempo de entregarnos incondicional y completamente el uno al otro, integr\u00e1ndolo todo.<br \/>En parte es una revisi\u00f3n de las m\u00e1s significativas dimensiones de la pareja y un entrenamiento de fortalezas y capacidades, pero adem\u00e1s hay un proceso que va desde nuestra historia compartida hasta el umbral en el que se plantean casarse, es decir, el discernimiento vocacional: a qu\u00e9 es cada uno llamado por el otro y, sobre todo, a qu\u00e9 somos llamados juntos por el Dios del amor.<br \/>Para ello se propone un m\u00e9todo progresivo de etapas, los \u201ctiempos\u201d, que figuramos como las doce horas de una esfera de reloj. Cada sesi\u00f3n o tiempo contiene una plegaria, una presentaci\u00f3n y un ejercicio pr\u00e1ctico para hacer en pareja y luego compartir en grupo.<\/p>\n","protected":false},"excerpt":{"rendered":"<p>VIDAL, FERNANDO ; MARCIEL, PALOMA<\/p>\n","protected":false},"featured_media":0,"template":"","meta":{"_acf_changed":false,"om_disable_all_campaigns":false,"rs_blank_template":"","rs_page_bg_color":"","slide_template_v7":"","inline_featured_image":false,"_monsterinsights_skip_tracking":false,"_monsterinsights_sitenote_active":false,"_monsterinsights_sitenote_note":"","_monsterinsights_sitenote_category":0},"product_brand":[],"product_cat":[250,397,417,282],"product_tag":[],"class_list":{"0":"post-449087","1":"product","2":"type-product","3":"status-publish","5":"product_cat-matrimoni","6":"product_cat-matrimonio","7":"product_cat-sacramentologia-teologia-1_espiritualidad","8":"product_cat-sacramentologia","10":"first","11":"instock","12":"taxable","13":"shipping-taxable","14":"purchasable","15":"product-type-simple"},"acf":{"autor":"VIDAL, FERNANDO ; MARCIEL, PALOMA","codart":"842884017","libros-coleccion":"","ediciones":"1","encuadernacion":"R\u00fastica","fecha_de_publicacion":"29\/06\/2023","novedad":"1","paginas":"189","subtitulo":"","orden":"0","portada":"0","idioma":"spa","editorial":[{"ID":6335,"post_author":"3","post_date":"2022-07-28 17:49:59","post_date_gmt":"2022-07-28 15:49:59","post_content":"","post_title":"PPC altres","post_excerpt":"","post_status":"publish","comment_status":"closed","ping_status":"closed","post_password":"","post_name":"ppc-altres","to_ping":"","pinged":"","post_modified":"2022-07-28 17:49:59","post_modified_gmt":"2022-07-28 15:49:59","post_content_filtered":"","post_parent":0,"guid":"http:\/\/dev.claret.cat\/editorial\/ppc-altres\/","menu_order":0,"post_type":"editorial","post_mime_type":"","comment_count":"0","filter":"raw"}],"autores-libros":[{"ID":449086,"post_author":"3","post_date":"2023-06-29 16:50:03","post_date_gmt":"2023-06-29 14:50:03","post_content":"","post_title":"PALOMA MARCIEL","post_excerpt":"","post_status":"publish","comment_status":"closed","ping_status":"closed","post_password":"","post_name":"paloma-marciel","to_ping":"","pinged":"","post_modified":"2023-06-29 16:50:03","post_modified_gmt":"2023-06-29 14:50:03","post_content_filtered":"","post_parent":0,"guid":"https:\/\/www.claret.cat\/autor\/paloma-marciel\/","menu_order":0,"post_type":"autor","post_mime_type":"","comment_count":"0","filter":"raw"},{"ID":155879,"post_author":"3","post_date":"2022-10-14 15:16:21","post_date_gmt":"2022-10-14 13:16:21","post_content":"","post_title":"FERNANDO VIDAL","post_excerpt":"","post_status":"publish","comment_status":"closed","ping_status":"closed","post_password":"","post_name":"fernando-vidal","to_ping":"","pinged":"","post_modified":"2022-10-14 15:16:21","post_modified_gmt":"2022-10-14 13:16:21","post_content_filtered":"","post_parent":0,"guid":"http:\/\/dev.claret.cat\/autor\/fernando-vidal\/","menu_order":0,"post_type":"autor","post_mime_type":"","comment_count":"0","filter":"raw"}]},"aioseo_notices":[],"_links":{"self":[{"href":"https:\/\/www.claret.cat\/es\/wp-json\/wp\/v2\/product\/449087","targetHints":{"allow":["GET"]}}],"collection":[{"href":"https:\/\/www.claret.cat\/es\/wp-json\/wp\/v2\/product"}],"about":[{"href":"https:\/\/www.claret.cat\/es\/wp-json\/wp\/v2\/types\/product"}],"wp:attachment":[{"href":"https:\/\/www.claret.cat\/es\/wp-json\/wp\/v2\/media?parent=449087"}],"wp:term":[{"taxonomy":"product_brand","embeddable":true,"href":"https:\/\/www.claret.cat\/es\/wp-json\/wp\/v2\/product_brand?post=449087"},{"taxonomy":"product_cat","embeddable":true,"href":"https:\/\/www.claret.cat\/es\/wp-json\/wp\/v2\/product_cat?post=449087"},{"taxonomy":"product_tag","embeddable":true,"href":"https:\/\/www.claret.cat\/es\/wp-json\/wp\/v2\/product_tag?post=449087"}],"curies":[{"name":"wp","href":"https:\/\/api.w.org\/{rel}","templated":true}]}}

<p>La propuesta de trabajo de esta obra supone un tiempo magnífico que nos regalamos los novios para crecer en el amor y descubrir juntos si es tiempo de entregarnos incondicional y completamente el uno al otro, integrándolo todo.<br />En parte es una revisión de las más significativas dimensiones de la pareja y un entrenamiento de fortalezas y capacidades, pero además hay un proceso que va desde nuestra historia compartida hasta el umbral en el que se plantean casarse, es decir, el discernimiento vocacional: a qué es cada uno llamado por el otro y, sobre todo, a qué somos llamados juntos por el Dios del amor.<br />Para ello se propone un método progresivo de etapas, los “tiempos”, que figuramos como las doce horas de una esfera de reloj. Cada sesión o tiempo contiene una plegaria, una presentación y un ejercicio práctico para hacer en pareja y luego compartir en grupo.</p>

Rústica
