{"id":449165,"date":"2023-06-30T15:55:04","date_gmt":"2023-06-30T13:55:04","guid":{"rendered":"https:\/\/www.claret.cat\/llibre\/lector-no-17-9788486545987\/"},"modified":"2023-10-11T02:11:48","modified_gmt":"2023-10-11T00:11:48","slug":"lector-no-17-entrenament-lector-velocitat-i-comprensio-9788486545987","status":"publish","type":"product","link":"https:\/\/www.claret.cat\/es\/libro\/lector-no-17-entrenament-lector-velocitat-i-comprensio-9788486545987\/","title":{"rendered":"LECTOR N\u00ba 17 &#8211; ENTRENAMENT LECTOR, VELOCITAT I COMPRENSI\u00d3"},"content":{"rendered":"<p>&#8211; Els quaderns de prim\u00e0ria &#8216;Lector: Velocitat i comprensi\u00f3 lectora&#8217; s\u00f3n un ajut espec\u00edfic per a millorar la capacitat lectora dels aprenents de &#8216;lector&#8217;, que es basen en el principi: &#8216;A llegir se n&#8221;apr\u00e8n llegint&#8217;.<br \/>&#8211; Estan pensats perqu\u00e8 el nen\/a els treballi individualment i, per implicar-lo en el seu proc\u00e9s lector.<br \/>&#8211; A tots els quaderns hi ha dos autocontrols on el nen\/a comprova el seu aven\u00e7.<br \/>&#8211; Els objectius s\u00f3n:<br \/>  a) Ampliaci\u00f3 del camp visual<br \/>  b) Gimn\u00e0stica d&#8221;ulls<br \/>  c) Rapidesa<br \/>  d) Comprensi\u00f3<br \/>  e) Anticipaci\u00f3<br \/>  f) Diversi\u00f3<\/p>\n","protected":false},"excerpt":{"rendered":"<p>AAVV<\/p>\n","protected":false},"featured_media":449166,"template":"","meta":{"_acf_changed":false,"om_disable_all_campaigns":false,"rs_blank_template":"","rs_page_bg_color":"","slide_template_v7":"","inline_featured_image":false,"_monsterinsights_skip_tracking":false,"_monsterinsights_sitenote_active":false,"_monsterinsights_sitenote_note":"","_monsterinsights_sitenote_category":0},"product_brand":[],"product_cat":[579,333,146,122],"product_tag":[],"class_list":{"0":"post-449165","1":"product","2":"type-product","3":"status-publish","4":"has-post-thumbnail","6":"product_cat-cuadernos-de-trabajo","7":"product_cat-cuadernos-de-vacaciones","8":"product_cat-quaderns-de-treball","9":"product_cat-quaderns-de-vacances","11":"first","12":"instock","13":"taxable","14":"shipping-taxable","15":"purchasable","16":"product-type-simple"},"acf":{"autor":"AAVV","codart":"848654598","libros-coleccion":"","ediciones":"1","encuadernacion":"R\u00fastica","fecha_de_publicacion":"01\/01\/2006","novedad":"0","paginas":"24","subtitulo":"","orden":"0","portada":"0","idioma":"cat","editorial":[{"ID":449155,"post_author":"3","post_date":"2023-06-30 14:10:03","post_date_gmt":"2023-06-30 12:10:03","post_content":"","post_title":"Editorial Nadal","post_excerpt":"","post_status":"publish","comment_status":"closed","ping_status":"closed","post_password":"","post_name":"editorial-nadal","to_ping":"","pinged":"","post_modified":"2023-06-30 14:10:03","post_modified_gmt":"2023-06-30 12:10:03","post_content_filtered":"","post_parent":0,"guid":"https:\/\/www.claret.cat\/editorial\/editorial-nadal\/","menu_order":0,"post_type":"editorial","post_mime_type":"","comment_count":"0","filter":"raw"}],"autores-libros":[{"ID":8279,"post_author":"3","post_date":"2022-09-30 09:47:23","post_date_gmt":"2022-09-30 07:47:23","post_content":"","post_title":"AAVV","post_excerpt":"","post_status":"publish","comment_status":"closed","ping_status":"closed","post_password":"","post_name":"aavv","to_ping":"","pinged":"","post_modified":"2022-09-30 09:47:23","post_modified_gmt":"2022-09-30 07:47:23","post_content_filtered":"","post_parent":0,"guid":"http:\/\/dev.claret.cat\/autor\/aavv\/","menu_order":0,"post_type":"autor","post_mime_type":"","comment_count":"0","filter":"raw"}]},"aioseo_notices":[],"_links":{"self":[{"href":"https:\/\/www.claret.cat\/es\/wp-json\/wp\/v2\/product\/449165","targetHints":{"allow":["GET"]}}],"collection":[{"href":"https:\/\/www.claret.cat\/es\/wp-json\/wp\/v2\/product"}],"about":[{"href":"https:\/\/www.claret.cat\/es\/wp-json\/wp\/v2\/types\/product"}],"wp:featuredmedia":[{"embeddable":true,"href":"https:\/\/www.claret.cat\/es\/wp-json\/wp\/v2\/media\/449166"}],"wp:attachment":[{"href":"https:\/\/www.claret.cat\/es\/wp-json\/wp\/v2\/media?parent=449165"}],"wp:term":[{"taxonomy":"product_brand","embeddable":true,"href":"https:\/\/www.claret.cat\/es\/wp-json\/wp\/v2\/product_brand?post=449165"},{"taxonomy":"product_cat","embeddable":true,"href":"https:\/\/www.claret.cat\/es\/wp-json\/wp\/v2\/product_cat?post=449165"},{"taxonomy":"product_tag","embeddable":true,"href":"https:\/\/www.claret.cat\/es\/wp-json\/wp\/v2\/product_tag?post=449165"}],"curies":[{"name":"wp","href":"https:\/\/api.w.org\/{rel}","templated":true}]}}

LECTOR Nº 17 &#8211; ENTRENAMENT LECTOR, VELOCITAT I COMPRENSIÓ

<p>&#8211; Els quaderns de primària &#8216;Lector: Velocitat i comprensió lectora&#8217; són un ajut específic per a millorar la capacitat lectora dels aprenents de &#8216;lector&#8217;, que es basen en el principi: &#8216;A llegir se n&#8221;aprèn llegint&#8217;.<br />&#8211; Estan pensats perquè el nen/a els treballi individualment i, per implicar-lo en el seu procés lector.<br />&#8211; A tots els quaderns hi ha dos autocontrols on el nen/a comprova el seu avenç.<br />&#8211; Els objectius són:<br />  a) Ampliació del camp visual<br />  b) Gimnàstica d&#8221;ulls<br />  c) Rapidesa<br />  d) Comprensió<br />  e) Anticipació<br />  f) Diversió</p>

Rústica
