{"id":449381,"date":"2023-07-03T13:02:42","date_gmt":"2023-07-03T11:02:42","guid":{"rendered":"https:\/\/www.claret.cat\/llibre\/biblia-bilingue-1-1-9788490736326\/"},"modified":"2025-11-07T13:35:12","modified_gmt":"2025-11-07T12:35:12","slug":"biblia-bilingue-1-1-9788490736326","status":"publish","type":"product","link":"https:\/\/www.claret.cat\/es\/libro\/biblia-bilingue-1-1-9788490736326\/","title":{"rendered":"BIBLIA BILING\u00dcE &#8211; 1 \/ 1"},"content":{"rendered":"<p>La Biblia Biling\u00fce es una edici\u00f3n que contiene los 73 libros b\u00edblicos can\u00f3nicos en sus idiomas originales y con traducci\u00f3n espa\u00f1ola.<br \/>Editada en tres vol\u00famenes (dos para el AT y un tercero para el NT), esta obra toma como referencia las ediciones m\u00e1s aceptadas y reputadas en el actual \u00e1mbito acad\u00e9mico: para el hebreo, la 5\u00aa edici\u00f3n (1997) de la Biblia Hebraica Stuttgartensia; para los libros griegos del AT (los Deuterocan\u00f3nicos), la 2\u00aa edici\u00f3n (2006) de la Septuaginta (Rahlfs-Hanhart); y finalmente, para el griego del NT, la 28\u00aa edici\u00f3n del cl\u00e1sico Novum Testamentum Graece (Nestle-Aland), todas ellas editadas por la prestigiosa Deutsche Bibelgesellschaft.<br \/>Por su parte, la traducci\u00f3n espa\u00f1ola corresponde a la 3\u00aa edici\u00f3n (2000) de la Sagrada Biblia de Cantera-Iglesias, revisada concretamente para esta edici\u00f3n por Juan Antonio Mayoral, Joan Ferrer y Juan Pedro Monferrer.<br \/>Una obra referencial para los estudios b\u00edblicos en el \u00e1mbito hispanohablante.<\/p>\n","protected":false},"excerpt":{"rendered":"<p>VERBO DIVINO<\/p>\n","protected":false},"featured_media":449382,"template":"","meta":{"_acf_changed":false,"om_disable_all_campaigns":false,"rs_blank_template":"","rs_page_bg_color":"","slide_template_v7":"","inline_featured_image":false,"_monsterinsights_skip_tracking":false,"_monsterinsights_sitenote_active":false,"_monsterinsights_sitenote_note":"","_monsterinsights_sitenote_category":0},"product_brand":[],"product_cat":[420,296],"product_tag":[],"class_list":{"0":"post-449381","1":"product","2":"type-product","3":"status-publish","4":"has-post-thumbnail","6":"product_cat-biblias","7":"product_cat-biblies","9":"first","10":"instock","11":"taxable","12":"shipping-taxable","13":"purchasable","14":"product-type-simple"},"acf":{"autor":"VERBO DIVINO","codart":"849073632","libros-coleccion":"FORA DE COL.LECCI\u00d3","ediciones":"1","encuadernacion":"Carton\u00e9","fecha_de_publicacion":"15\/06\/2023","novedad":"1","paginas":"2256","subtitulo":"ANTIGUO TESTAMENTO 1 - PENTATEUCO, LIBROS HIST\u00d3RICOS, PROFETAS ","orden":"0","portada":"0","idioma":"spa","editorial":[{"ID":6390,"post_author":"3","post_date":"2022-07-28 17:51:08","post_date_gmt":"2022-07-28 15:51:08","post_content":"","post_title":"VERBO DIVINO","post_excerpt":"","post_status":"publish","comment_status":"closed","ping_status":"closed","post_password":"","post_name":"verbo-divino","to_ping":"","pinged":"","post_modified":"2022-07-28 17:51:08","post_modified_gmt":"2022-07-28 15:51:08","post_content_filtered":"","post_parent":0,"guid":"http:\/\/dev.claret.cat\/editorial\/verbo-divino\/","menu_order":0,"post_type":"editorial","post_mime_type":"","comment_count":"0","filter":"raw"}],"autores-libros":[{"ID":6074,"post_author":"3","post_date":"2022-07-28 17:37:35","post_date_gmt":"2022-07-28 15:37:35","post_content":"","post_title":"VERBO DIVINO","post_excerpt":"","post_status":"publish","comment_status":"closed","ping_status":"closed","post_password":"","post_name":"verbo-divino","to_ping":"","pinged":"","post_modified":"2022-07-28 17:37:35","post_modified_gmt":"2022-07-28 15:37:35","post_content_filtered":"","post_parent":0,"guid":"http:\/\/dev.claret.cat\/autor\/verbo-divino\/","menu_order":0,"post_type":"autor","post_mime_type":"","comment_count":"0","filter":"raw"}],"booktrailer":"","resenas":""},"aioseo_notices":[],"_links":{"self":[{"href":"https:\/\/www.claret.cat\/es\/wp-json\/wp\/v2\/product\/449381","targetHints":{"allow":["GET"]}}],"collection":[{"href":"https:\/\/www.claret.cat\/es\/wp-json\/wp\/v2\/product"}],"about":[{"href":"https:\/\/www.claret.cat\/es\/wp-json\/wp\/v2\/types\/product"}],"wp:featuredmedia":[{"embeddable":true,"href":"https:\/\/www.claret.cat\/es\/wp-json\/wp\/v2\/media\/449382"}],"wp:attachment":[{"href":"https:\/\/www.claret.cat\/es\/wp-json\/wp\/v2\/media?parent=449381"}],"wp:term":[{"taxonomy":"product_brand","embeddable":true,"href":"https:\/\/www.claret.cat\/es\/wp-json\/wp\/v2\/product_brand?post=449381"},{"taxonomy":"product_cat","embeddable":true,"href":"https:\/\/www.claret.cat\/es\/wp-json\/wp\/v2\/product_cat?post=449381"},{"taxonomy":"product_tag","embeddable":true,"href":"https:\/\/www.claret.cat\/es\/wp-json\/wp\/v2\/product_tag?post=449381"}],"curies":[{"name":"wp","href":"https:\/\/api.w.org\/{rel}","templated":true}]}}

BIBLIA BILINGÜE &#8211; 1 / 1

<p>La Biblia Bilingüe es una edición que contiene los 73 libros bíblicos canónicos en sus idiomas originales y con traducción española.<br />Editada en tres volúmenes (dos para el AT y un tercero para el NT), esta obra toma como referencia las ediciones más aceptadas y reputadas en el actual ámbito académico: para el hebreo, la 5ª edición (1997) de la Biblia Hebraica Stuttgartensia; para los libros griegos del AT (los Deuterocanónicos), la 2ª edición (2006) de la Septuaginta (Rahlfs-Hanhart); y finalmente, para el griego del NT, la 28ª edición del clásico Novum Testamentum Graece (Nestle-Aland), todas ellas editadas por la prestigiosa Deutsche Bibelgesellschaft.<br />Por su parte, la traducción española corresponde a la 3ª edición (2000) de la Sagrada Biblia de Cantera-Iglesias, revisada concretamente para esta edición por Juan Antonio Mayoral, Joan Ferrer y Juan Pedro Monferrer.<br />Una obra referencial para los estudios bíblicos en el ámbito hispanohablante.</p>

FORA DE COL.LECCIÓ

Cartoné

ANTIGUO TESTAMENTO 1 - PENTATEUCO, LIBROS HISTÓRICOS, PROFETAS
