{"id":449609,"date":"2023-07-05T16:10:08","date_gmt":"2023-07-05T14:10:08","guid":{"rendered":"https:\/\/www.claret.cat\/llibre\/existencia-validez-y-eficacia-del-acto-juridico-canonico-9788431338534\/"},"modified":"2026-01-19T11:46:17","modified_gmt":"2026-01-19T10:46:17","slug":"existencia-validez-y-eficacia-del-acto-juridico-canonico-9788431338534","status":"publish","type":"product","link":"https:\/\/www.claret.cat\/es\/libro\/existencia-validez-y-eficacia-del-acto-juridico-canonico-9788431338534\/","title":{"rendered":"EXISTENCIA, VALIDEZ Y EFICACIA DEL ACTO JUR\u00cdDICO CAN\u00d3NICO"},"content":{"rendered":"<p>Esta obra recoge las piezas principales de la ciencia jur\u00eddica para la construcci\u00f3n de una teor\u00eda acerca de la eficacia del acto jur\u00eddico conforme a los principios can\u00f3nicos. Esta teor\u00eda puede considerarse \u00edntegra y sistem\u00e1tica y, a la vez, suficientemente aplicable y simple en todos los \u00e1mbitos de la actividad jur\u00eddica en la Iglesia. El libro empieza presentando la evoluci\u00f3n hist\u00f3rica de la doctrina civil y can\u00f3nica sobre el acto jur\u00eddico, desde el derecho romano hasta el derecho can\u00f3nico actual. A continuaci\u00f3n, se accede a un an\u00e1lisis de los elementos constitutivos del acto jur\u00eddico. Tomando pie de la estructura constitutiva del acto, y teniendo en cuenta las particularidades m\u00e1s significativas de algunos actos t\u00edpicamente can\u00f3nicos, se delimita el nivel esencial (ad existentiam) y el nivel productivo (ad validitatem), en relaci\u00f3n con cada uno de los elementos estructurales. El cap\u00edtulo final se destina al establecimiento de las categor\u00edas clave.<\/p>\n","protected":false},"excerpt":{"rendered":"<p>LUKASZ PAWICKI<\/p>\n","protected":false},"featured_media":449610,"template":"","meta":{"_acf_changed":false,"om_disable_all_campaigns":false,"rs_blank_template":"","rs_page_bg_color":"","slide_template_v7":"","inline_featured_image":false,"_monsterinsights_skip_tracking":false,"_monsterinsights_sitenote_active":false,"_monsterinsights_sitenote_note":"","_monsterinsights_sitenote_category":0},"product_brand":[],"product_cat":[519,518,293,292],"product_tag":[],"class_list":{"0":"post-449609","1":"product","2":"type-product","3":"status-publish","4":"has-post-thumbnail","6":"product_cat-derecho-canonico-eclesial","7":"product_cat-derecho-canonico-en-general","8":"product_cat-dret-canonic-eclesial","9":"product_cat-dret-canonic-en-general","11":"first","12":"instock","13":"taxable","14":"shipping-taxable","15":"purchasable","16":"product-type-simple"},"acf":{"autor":"LUKASZ PAWICKI","codart":"843133853","libros-coleccion":"Can\u00f3nica","ediciones":"1","encuadernacion":"R\u00fastica","fecha_de_publicacion":"01\/06\/2023","novedad":"1","paginas":"398","subtitulo":"","orden":"0","portada":"0","idioma":"spa","editorial":[{"ID":6251,"post_author":"3","post_date":"2022-07-28 17:48:11","post_date_gmt":"2022-07-28 15:48:11","post_content":"","post_title":"EUNSA. EDICIONES UNIVERSIDAD DE NAVARRA","post_excerpt":"","post_status":"publish","comment_status":"closed","ping_status":"closed","post_password":"","post_name":"eunsa-ediciones-universidad-de-navarra","to_ping":"","pinged":"","post_modified":"2022-07-28 17:48:11","post_modified_gmt":"2022-07-28 15:48:11","post_content_filtered":"","post_parent":0,"guid":"http:\/\/dev.claret.cat\/editorial\/eunsa-ediciones-universidad-de-navarra\/","menu_order":0,"post_type":"editorial","post_mime_type":"","comment_count":"0","filter":"raw"}],"autores-libros":[{"ID":449608,"post_author":"3","post_date":"2023-07-05 16:10:06","post_date_gmt":"2023-07-05 14:10:06","post_content":"","post_title":"LUKASZ PAWICKI","post_excerpt":"","post_status":"publish","comment_status":"closed","ping_status":"closed","post_password":"","post_name":"lukasz-pawicki","to_ping":"","pinged":"","post_modified":"2023-07-05 16:10:06","post_modified_gmt":"2023-07-05 14:10:06","post_content_filtered":"","post_parent":0,"guid":"https:\/\/www.claret.cat\/autor\/lukasz-pawicki\/","menu_order":0,"post_type":"autor","post_mime_type":"","comment_count":"0","filter":"raw"}],"booktrailer":"","resenas":""},"aioseo_notices":[],"_links":{"self":[{"href":"https:\/\/www.claret.cat\/es\/wp-json\/wp\/v2\/product\/449609","targetHints":{"allow":["GET"]}}],"collection":[{"href":"https:\/\/www.claret.cat\/es\/wp-json\/wp\/v2\/product"}],"about":[{"href":"https:\/\/www.claret.cat\/es\/wp-json\/wp\/v2\/types\/product"}],"wp:featuredmedia":[{"embeddable":true,"href":"https:\/\/www.claret.cat\/es\/wp-json\/wp\/v2\/media\/449610"}],"wp:attachment":[{"href":"https:\/\/www.claret.cat\/es\/wp-json\/wp\/v2\/media?parent=449609"}],"wp:term":[{"taxonomy":"product_brand","embeddable":true,"href":"https:\/\/www.claret.cat\/es\/wp-json\/wp\/v2\/product_brand?post=449609"},{"taxonomy":"product_cat","embeddable":true,"href":"https:\/\/www.claret.cat\/es\/wp-json\/wp\/v2\/product_cat?post=449609"},{"taxonomy":"product_tag","embeddable":true,"href":"https:\/\/www.claret.cat\/es\/wp-json\/wp\/v2\/product_tag?post=449609"}],"curies":[{"name":"wp","href":"https:\/\/api.w.org\/{rel}","templated":true}]}}

EXISTENCIA, VALIDEZ Y EFICACIA DEL ACTO JURÍDICO CANÓNICO

<p>Esta obra recoge las piezas principales de la ciencia jurídica para la construcción de una teoría acerca de la eficacia del acto jurídico conforme a los principios canónicos. Esta teoría puede considerarse íntegra y sistemática y, a la vez, suficientemente aplicable y simple en todos los ámbitos de la actividad jurídica en la Iglesia. El libro empieza presentando la evolución histórica de la doctrina civil y canónica sobre el acto jurídico, desde el derecho romano hasta el derecho canónico actual. A continuación, se accede a un análisis de los elementos constitutivos del acto jurídico. Tomando pie de la estructura constitutiva del acto, y teniendo en cuenta las particularidades más significativas de algunos actos típicamente canónicos, se delimita el nivel esencial (ad existentiam) y el nivel productivo (ad validitatem), en relación con cada uno de los elementos estructurales. El capítulo final se destina al establecimiento de las categorías clave.</p>

Canónica

Rústica
