{"id":452214,"date":"2023-07-17T12:31:28","date_gmt":"2023-07-17T10:31:28","guid":{"rendered":"https:\/\/www.claret.cat\/llibre\/guerrero-9788435064279\/"},"modified":"2023-10-11T01:19:48","modified_gmt":"2023-10-10T23:19:48","slug":"guerrero-9788435064279","status":"publish","type":"product","link":"https:\/\/www.claret.cat\/es\/libro\/guerrero-9788435064279\/","title":{"rendered":"GUERRERO"},"content":{"rendered":"<p>CARATACO, REBELDE A ROMA<\/p>\n<p> Confiados en sus letales legiones y su estrategia militar, Roma comienza la conquista de Britania en el 43 d. C. Y pronto, pese a lo dif\u00edcil del terreno, lograr\u00e1 imponer su poder y su dominio en la mayor parte del territorio, dispersando y aniquilando a un enemigo dividido y mal preparado.<\/p>\n<p> Pero Carataco no est\u00e1 dispuesto a rendirse. El ingenioso hijo menor de un rey tribal ha sido entrenado desde su nacimiento para ser el mejor de los guerreros y liderar a su pueblo. Tras ser instruido en la ni\u00f1ez por los druidas, el duro y constante entrenamiento lo han convertido en un pr\u00edncipe fuerte y astuto, y est\u00e1 dispuesto a regresar al reino de su padre para encabezar la rebeli\u00f3n. Y ser\u00e1 as\u00ed, bajo sus \u00f3rdenes, como los pueblos de Britania se preparen para repeler a un enemigo que no espera batalla alguna. Pero los britanos no luchan s\u00f3lo por conservar la vida, sino tambi\u00e9n por su propia cultura, su tierra y sus gentes. Y todo ello los convierte en un oponente muy peligroso. Ahora, al fin, la batalla est\u00e1 a punto de empezar\u2026<\/p>\n","protected":false},"excerpt":{"rendered":"<p>SCARROW, SIMON<\/p>\n","protected":false},"featured_media":452215,"template":"","meta":{"_acf_changed":false,"om_disable_all_campaigns":false,"rs_blank_template":"","rs_page_bg_color":"","slide_template_v7":"","inline_featured_image":false,"_monsterinsights_skip_tracking":false,"_monsterinsights_sitenote_active":false,"_monsterinsights_sitenote_note":"","_monsterinsights_sitenote_category":0},"product_brand":[],"product_cat":[130,360],"product_tag":[],"class_list":{"0":"post-452214","1":"product","2":"type-product","3":"status-publish","4":"has-post-thumbnail","6":"product_cat-novella-historica-i-ficcio","7":"product_cat-novela-historica-y-ficcion","9":"first","10":"instock","11":"taxable","12":"shipping-taxable","13":"purchasable","14":"product-type-simple"},"acf":{"autor":"SCARROW, SIMON","codart":"843506427","libros-coleccion":"Narrativas Hist\u00f3ricas","ediciones":"1","encuadernacion":"Carton\u00e9","fecha_de_publicacion":"01\/07\/2023","novedad":"1","paginas":"512","subtitulo":"CARATACO, REBELDE A ROMA","orden":"0","portada":"0","idioma":"spa","editorial":[{"ID":147773,"post_author":"3","post_date":"2022-10-14 11:53:07","post_date_gmt":"2022-10-14 09:53:07","post_content":"","post_title":"EDHASA","post_excerpt":"","post_status":"publish","comment_status":"closed","ping_status":"closed","post_password":"","post_name":"edhasa","to_ping":"","pinged":"","post_modified":"2022-10-14 11:53:07","post_modified_gmt":"2022-10-14 09:53:07","post_content_filtered":"","post_parent":0,"guid":"http:\/\/dev.claret.cat\/editorial\/edhasa\/","menu_order":0,"post_type":"editorial","post_mime_type":"","comment_count":"0","filter":"raw"}],"autores-libros":[{"ID":169556,"post_author":"3","post_date":"2022-10-14 22:28:11","post_date_gmt":"2022-10-14 20:28:11","post_content":"","post_title":"SIMON SCARROW","post_excerpt":"","post_status":"publish","comment_status":"closed","ping_status":"closed","post_password":"","post_name":"simon-scarrow","to_ping":"","pinged":"","post_modified":"2022-10-14 22:28:11","post_modified_gmt":"2022-10-14 20:28:11","post_content_filtered":"","post_parent":0,"guid":"http:\/\/dev.claret.cat\/autor\/simon-scarrow\/","menu_order":0,"post_type":"autor","post_mime_type":"","comment_count":"0","filter":"raw"}]},"aioseo_notices":[],"_links":{"self":[{"href":"https:\/\/www.claret.cat\/es\/wp-json\/wp\/v2\/product\/452214","targetHints":{"allow":["GET"]}}],"collection":[{"href":"https:\/\/www.claret.cat\/es\/wp-json\/wp\/v2\/product"}],"about":[{"href":"https:\/\/www.claret.cat\/es\/wp-json\/wp\/v2\/types\/product"}],"wp:featuredmedia":[{"embeddable":true,"href":"https:\/\/www.claret.cat\/es\/wp-json\/wp\/v2\/media\/452215"}],"wp:attachment":[{"href":"https:\/\/www.claret.cat\/es\/wp-json\/wp\/v2\/media?parent=452214"}],"wp:term":[{"taxonomy":"product_brand","embeddable":true,"href":"https:\/\/www.claret.cat\/es\/wp-json\/wp\/v2\/product_brand?post=452214"},{"taxonomy":"product_cat","embeddable":true,"href":"https:\/\/www.claret.cat\/es\/wp-json\/wp\/v2\/product_cat?post=452214"},{"taxonomy":"product_tag","embeddable":true,"href":"https:\/\/www.claret.cat\/es\/wp-json\/wp\/v2\/product_tag?post=452214"}],"curies":[{"name":"wp","href":"https:\/\/api.w.org\/{rel}","templated":true}]}}

<p>CARATACO, REBELDE A ROMA</p>
<p> Confiados en sus letales legiones y su estrategia militar, Roma comienza la conquista de Britania en el 43 d. C. Y pronto, pese a lo difícil del terreno, logrará imponer su poder y su dominio en la mayor parte del territorio, dispersando y aniquilando a un enemigo dividido y mal preparado.</p>
<p> Pero Carataco no está dispuesto a rendirse. El ingenioso hijo menor de un rey tribal ha sido entrenado desde su nacimiento para ser el mejor de los guerreros y liderar a su pueblo. Tras ser instruido en la niñez por los druidas, el duro y constante entrenamiento lo han convertido en un príncipe fuerte y astuto, y está dispuesto a regresar al reino de su padre para encabezar la rebelión. Y será así, bajo sus órdenes, como los pueblos de Britania se preparen para repeler a un enemigo que no espera batalla alguna. Pero los britanos no luchan sólo por conservar la vida, sino también por su propia cultura, su tierra y sus gentes. Y todo ello los convierte en un oponente muy peligroso. Ahora, al fin, la batalla está a punto de empezar…</p>

Narrativas Históricas

Cartoné
