{"id":452715,"date":"2023-07-20T16:15:05","date_gmt":"2023-07-20T14:15:05","guid":{"rendered":"https:\/\/www.claret.cat\/llibre\/edueva-9788491364818\/"},"modified":"2026-04-22T10:16:15","modified_gmt":"2026-04-22T08:16:15","slug":"edueva-9788491364818","status":"publish","type":"product","link":"https:\/\/www.claret.cat\/es\/libro\/edueva-9788491364818\/","title":{"rendered":"EDU&amp;EVA"},"content":{"rendered":"<p><span>La Fundaci\u00f3 Escola Cristiana de Catalunya reuneix en aquesta obra un conjunt d\u2019escrits elaborats des del Departament de Pastoral en els \u00faltims anys a mode de llocs de meditaci\u00f3 compartida sobre el di\u00e0leg entre l\u2019Evangelitzaci\u00f3 i la Educaci\u00f3 com a motor i ra\u00f3 de ser del quotidi\u00e0 dels centres escolars que en formen part. \u00c9s un llibre destinat a tota la comunitat educativa, principalment als equips de titularitat, direcci\u00f3 de centres, equips docents i fam\u00edlies,&#8230;<\/span><\/p>\n","protected":false},"excerpt":{"rendered":"<p>FUNDACI\u00d3 ESCOLA CRISTIANA DE CATALUNYA,<\/p>\n","protected":false},"featured_media":1034527,"template":"","meta":{"_acf_changed":false,"om_disable_all_campaigns":false,"rs_blank_template":"","rs_page_bg_color":"","slide_template_v7":"","inline_featured_image":false,"_monsterinsights_skip_tracking":false,"_monsterinsights_sitenote_active":false,"_monsterinsights_sitenote_note":"","_monsterinsights_sitenote_category":0},"product_brand":[],"product_cat":[259,504,581,408,270,407,269],"product_tag":[],"class_list":{"0":"post-452715","1":"product","2":"type-product","3":"status-publish","4":"has-post-thumbnail","6":"product_cat-de-lensenyament","7":"product_cat-de-la-ensenanza","8":"product_cat-editorial-claret","9":"product_cat-familiar-pastoral-1_espiritualidad","10":"product_cat-familiar-pastoral","11":"product_cat-juvenil-pastoral-1_espiritualidad","12":"product_cat-juvenil-pastoral","14":"first","15":"instock","16":"taxable","17":"shipping-taxable","18":"purchasable","19":"product-type-simple"},"acf":{"autor":"FUNDACI\u00d3 ESCOLA CRISTIANA DE CATALUNYA,","codart":"849136481","libros-coleccion":"","ediciones":"1","encuadernacion":"R\u00fastica","fecha_de_publicacion":"26\/09\/2023","novedad":"1","paginas":"146","subtitulo":"PROPOSTES DE TREBALL SOBRE EDUCACI\u00d3 I EVANGELI A L'ESCOLA CRISTIANA ","orden":"0","portada":"1","idioma":"cat","editorial":[{"ID":6158,"post_author":"3","post_date":"2022-07-28 17:46:08","post_date_gmt":"2022-07-28 15:46:08","post_content":"","post_title":"CLARET","post_excerpt":"","post_status":"publish","comment_status":"closed","ping_status":"closed","post_password":"","post_name":"claret","to_ping":"","pinged":"","post_modified":"2022-07-28 17:46:08","post_modified_gmt":"2022-07-28 15:46:08","post_content_filtered":"","post_parent":0,"guid":"http:\/\/dev.claret.cat\/editorial\/claret\/","menu_order":0,"post_type":"editorial","post_mime_type":"","comment_count":"0","filter":"raw"}],"autores-libros":[{"ID":581034,"post_author":"3","post_date":"2023-09-04 12:45:09","post_date_gmt":"2023-09-04 10:45:09","post_content":"La Fundaci\u00f3 Escola Cristiana de Catalunya promou una educaci\u00f3 de qualitat, d\u2019acord amb els principis i valors cristians, oferint els serveis necessaris i el suport i ferm comprom\u00eds amb les fam\u00edlies, per a la coordinaci\u00f3 de les escoles cristianes de Catalunya, la\r\nseva cont\u00ednua actualitzaci\u00f3 pastoral, pedag\u00f2gica i organitzativa, a trav\u00e9s del seu car\u00e0cter propi, de la formaci\u00f3 dels seus professors i directius i del suport a la direcci\u00f3 i a la gesti\u00f3 dels titulars dels centres en tots els processos que es desenvolupen en les escoles.","post_title":"FUNDACI\u00d3 ESCOLA CRISTIANA DE CATALUNYA","post_excerpt":"","post_status":"publish","comment_status":"closed","ping_status":"closed","post_password":"","post_name":"fundacio-escola-cristiana-de-catalunya","to_ping":"","pinged":"","post_modified":"2023-09-20 10:35:22","post_modified_gmt":"2023-09-20 08:35:22","post_content_filtered":"","post_parent":0,"guid":"https:\/\/www.claret.cat\/autor\/fundacio-escola-cristiana-de-catalunya\/","menu_order":0,"post_type":"autor","post_mime_type":"","comment_count":"0","filter":"raw"}],"booktrailer":"<iframe width=\"862\" height=\"485\" src=\"https:\/\/www.youtube.com\/embed\/7FT6QDjD3Pg\" title=\"Booktr\u00e0iler del llibre EDU&amp;EVA\" frameborder=\"0\" allow=\"accelerometer; autoplay; clipboard-write; encrypted-media; gyroscope; picture-in-picture; web-share\" allowfullscreen><\/iframe>","linkebook":"","ficha":"849136481_1693998490.pdf","muestra":"","precioebook":"0","presentacion":"<iframe width=\"858\" height=\"483\" src=\"https:\/\/www.youtube.com\/embed\/jKIUcOm_rfI\" title=\"EDU&amp;EVA, Fundaci\u00f3 Escola Cristiana de Catalunya, presentaci\u00f3 del llibre de l&#39;Editorial Claret\" frameborder=\"0\" allow=\"accelerometer; autoplay; clipboard-write; encrypted-media; gyroscope; picture-in-picture; web-share\" allowfullscreen><\/iframe>","resenas":"<p>Catalunya Religi\u00f3, 06\/10\/2023<\/p>\n<p><a href=\"https:\/\/www.catalunyareligio.cat\/ca\/no-tenir-por-unir-educacio-evangelitzacio-nostres?utm_source=dlvr.it&amp;utm_medium=twitter\" rel=\"noopener noreferrer\" target=\"_blank\">https:\/\/www.catalunyareligio.cat\/ca\/no-tenir-por-unir-educacio-evangelitzacio-nostres?utm_source=dlvr.it&amp;utm_medium=twitter<\/a><\/p>\n<p><\/p>\n<p>COPE El Mirall de l&#8217;Esgl\u00e9sia (5:21), 13\/10\/2023<\/p>\n<p><a href=\"https:\/\/www.cope.es\/emisoras\/catalunya\/barcelona-provincia\/barcelona\/el-mirall\/noticias\/mirall-ofereix-llibre-sobre-educacio-evangeli-anuncia-una-nova-ordenacio-sacerdotal-20231013_2945920\" rel=\"noopener noreferrer\" target=\"_blank\">https:\/\/www.cope.es\/emisoras\/catalunya\/barcelona-provincia\/barcelona\/el-mirall\/noticias\/mirall-ofereix-llibre-sobre-educacio-evangeli-anuncia-una-nova-ordenacio-sacerdotal-20231013_2945920<\/a><\/p>\n<p><\/p>\n<p>Catalunya Cristiana (catal\u00e0), 29\/10\/2023<\/p>\n<p><a href=\"https:\/\/drive.google.com\/file\/d\/1qaytTZLSedYUoHRbL7KT8hjyQIYp2Kuq\/view?usp=sharing\" rel=\"noopener noreferrer\" target=\"_blank\">https:\/\/drive.google.com\/file\/d\/1qaytTZLSedYUoHRbL7KT8hjyQIYp2Kuq\/view?usp=sharing<\/a><\/p>\n<p><\/p>\n<p>Catalunya Cristiana (castell\u00e0), 29\/10\/2023<\/p>\n<p><a href=\"https:\/\/drive.google.com\/file\/d\/16XhFVRWrDkRdl9aWDSw3GASrCOPJbIq1\/view?usp=sharing\" rel=\"noopener noreferrer\" target=\"_blank\">https:\/\/drive.google.com\/file\/d\/16XhFVRWrDkRdl9aWDSw3GASrCOPJbIq1\/view?usp=sharing<\/a><\/p>\n<p><\/p>\n<p>Catalunya Religi\u00f3, 20\/11\/2023<\/p>\n<p><a href=\"https:\/\/www.catalunyareligio.cat\/ca\/blog\/escola-cristiana\/edueva-inherent-dialeg-entre-educacio-309242\" rel=\"noopener noreferrer\" target=\"_blank\">https:\/\/www.catalunyareligio.cat\/ca\/blog\/escola-cristiana\/edueva-inherent-dialeg-entre-educacio-309242<\/a><\/p>\n<p><\/p>\n<p>Catalunya Cristiana (catal\u00e0), 17\/12\/2023<\/p>\n<p><a href=\"https:\/\/drive.google.com\/file\/d\/1z0Ljmd-paUJTII46hvDQL4wszT_otPJm\/view?usp=sharing\" rel=\"noopener noreferrer\" target=\"_blank\">https:\/\/drive.google.com\/file\/d\/1z0Ljmd-paUJTII46hvDQL4wszT_otPJm\/view?usp=sharing<\/a><\/p>\n<p><\/p>\n<p>Catalunya Cristiana (castell\u00e0), 17\/12\/2023<\/p>\n<p><a href=\"https:\/\/drive.google.com\/file\/d\/1lAYmvPm5ysFRtq7CM1HB9-6PrjKpEr1v\/view?usp=sharing\" rel=\"noopener noreferrer\" target=\"_blank\">https:\/\/drive.google.com\/file\/d\/1lAYmvPm5ysFRtq7CM1HB9-6PrjKpEr1v\/view?usp=sharing<\/a><\/p>\n","traductores-libros":"","ilustradores-libros":"","formato":"","ebookportada":false,"recomendamos":"","mas_vendido":""},"aioseo_notices":[],"_links":{"self":[{"href":"https:\/\/www.claret.cat\/es\/wp-json\/wp\/v2\/product\/452715","targetHints":{"allow":["GET"]}}],"collection":[{"href":"https:\/\/www.claret.cat\/es\/wp-json\/wp\/v2\/product"}],"about":[{"href":"https:\/\/www.claret.cat\/es\/wp-json\/wp\/v2\/types\/product"}],"wp:featuredmedia":[{"embeddable":true,"href":"https:\/\/www.claret.cat\/es\/wp-json\/wp\/v2\/media\/1034527"}],"wp:attachment":[{"href":"https:\/\/www.claret.cat\/es\/wp-json\/wp\/v2\/media?parent=452715"}],"wp:term":[{"taxonomy":"product_brand","embeddable":true,"href":"https:\/\/www.claret.cat\/es\/wp-json\/wp\/v2\/product_brand?post=452715"},{"taxonomy":"product_cat","embeddable":true,"href":"https:\/\/www.claret.cat\/es\/wp-json\/wp\/v2\/product_cat?post=452715"},{"taxonomy":"product_tag","embeddable":true,"href":"https:\/\/www.claret.cat\/es\/wp-json\/wp\/v2\/product_tag?post=452715"}],"curies":[{"name":"wp","href":"https:\/\/api.w.org\/{rel}","templated":true}]}}

<p><span>La Fundació Escola Cristiana de Catalunya reuneix en aquesta obra un conjunt d’escrits elaborats des del Departament de Pastoral en els últims anys a mode de llocs de meditació compartida sobre el diàleg entre l’Evangelització i la Educació com a motor i raó de ser del quotidià dels centres escolars que en formen part. És un llibre destinat a tota la comunitat educativa, principalment als equips de titularitat, direcció de centres, equips docents i famílies,&#8230;</span></p>

<p>FUNDACIÓ ESCOLA CRISTIANA DE CATALUNYA,</p>

FUNDACIÓ ESCOLA CRISTIANA DE CATALUNYA,

Rústica

PROPOSTES DE TREBALL SOBRE EDUCACIÓ I EVANGELI A L'ESCOLA CRISTIANA

La Fundació Escola Cristiana de Catalunya promou una educació de qualitat, d’acord amb els principis i valors cristians, oferint els serveis necessaris i el suport i ferm compromís amb les famílies, per a la coordinació de les escoles cristianes de Catalunya, la
seva contínua actualització pastoral, pedagògica i organitzativa, a través del seu caràcter propi, de la formació dels seus professors i directius i del suport a la direcció i a la gestió dels titulars dels centres en tots els processos que es desenvolupen en les escoles.

FUNDACIÓ ESCOLA CRISTIANA DE CATALUNYA

<iframe width="862" height="485" src="https://www.youtube.com/embed/7FT6QDjD3Pg" title="Booktràiler del llibre EDU&amp;EVA" frameborder="0" allow="accelerometer; autoplay; clipboard-write; encrypted-media; gyroscope; picture-in-picture; web-share" allowfullscreen></iframe>

<iframe width="858" height="483" src="https://www.youtube.com/embed/jKIUcOm_rfI" title="EDU&amp;EVA, Fundació Escola Cristiana de Catalunya, presentació del llibre de l&#39;Editorial Claret" frameborder="0" allow="accelerometer; autoplay; clipboard-write; encrypted-media; gyroscope; picture-in-picture; web-share" allowfullscreen></iframe>

<p>Catalunya Religió, 06/10/2023</p>
<p><a href="https://www.catalunyareligio.cat/ca/no-tenir-por-unir-educacio-evangelitzacio-nostres?utm_source=dlvr.it&amp;utm_medium=twitter" rel="noopener noreferrer" target="_blank">https://www.catalunyareligio.cat/ca/no-tenir-por-unir-educacio-evangelitzacio-nostres?utm_source=dlvr.it&amp;utm_medium=twitter</a></p>
<p></p>
<p>COPE El Mirall de l&#8217;Església (5:21), 13/10/2023</p>
<p><a href="https://www.cope.es/emisoras/catalunya/barcelona-provincia/barcelona/el-mirall/noticias/mirall-ofereix-llibre-sobre-educacio-evangeli-anuncia-una-nova-ordenacio-sacerdotal-20231013_2945920" rel="noopener noreferrer" target="_blank">https://www.cope.es/emisoras/catalunya/barcelona-provincia/barcelona/el-mirall/noticias/mirall-ofereix-llibre-sobre-educacio-evangeli-anuncia-una-nova-ordenacio-sacerdotal-20231013_2945920</a></p>
<p></p>
<p>Catalunya Cristiana (català), 29/10/2023</p>
<p><a href="https://drive.google.com/file/d/1qaytTZLSedYUoHRbL7KT8hjyQIYp2Kuq/view?usp=sharing" rel="noopener noreferrer" target="_blank">https://drive.google.com/file/d/1qaytTZLSedYUoHRbL7KT8hjyQIYp2Kuq/view?usp=sharing</a></p>
<p></p>
<p>Catalunya Cristiana (castellà), 29/10/2023</p>
<p><a href="https://drive.google.com/file/d/16XhFVRWrDkRdl9aWDSw3GASrCOPJbIq1/view?usp=sharing" rel="noopener noreferrer" target="_blank">https://drive.google.com/file/d/16XhFVRWrDkRdl9aWDSw3GASrCOPJbIq1/view?usp=sharing</a></p>
<p></p>
<p>Catalunya Religió, 20/11/2023</p>
<p><a href="https://www.catalunyareligio.cat/ca/blog/escola-cristiana/edueva-inherent-dialeg-entre-educacio-309242" rel="noopener noreferrer" target="_blank">https://www.catalunyareligio.cat/ca/blog/escola-cristiana/edueva-inherent-dialeg-entre-educacio-309242</a></p>
<p></p>
<p>Catalunya Cristiana (català), 17/12/2023</p>
<p><a href="https://drive.google.com/file/d/1z0Ljmd-paUJTII46hvDQL4wszT_otPJm/view?usp=sharing" rel="noopener noreferrer" target="_blank">https://drive.google.com/file/d/1z0Ljmd-paUJTII46hvDQL4wszT_otPJm/view?usp=sharing</a></p>
<p></p>
<p>Catalunya Cristiana (castellà), 17/12/2023</p>
<p><a href="https://drive.google.com/file/d/1lAYmvPm5ysFRtq7CM1HB9-6PrjKpEr1v/view?usp=sharing" rel="noopener noreferrer" target="_blank">https://drive.google.com/file/d/1lAYmvPm5ysFRtq7CM1HB9-6PrjKpEr1v/view?usp=sharing</a></p>
