{"id":46713,"date":"2022-10-02T22:26:55","date_gmt":"2022-10-02T20:26:55","guid":{"rendered":"http:\/\/dev.claret.cat\/producte\/por-que-tomas-a-mal-que-yo-sea-bueno\/"},"modified":"2024-05-02T16:06:33","modified_gmt":"2024-05-02T14:06:33","slug":"por-que-tomas-a-mal-que-yo-sea-bueno-9788418303883","status":"publish","type":"product","link":"https:\/\/www.claret.cat\/es\/libro\/por-que-tomas-a-mal-que-yo-sea-bueno-9788418303883\/","title":{"rendered":"\u00bfPOR QU\u00c9 TOMAS A MAL QUE YO SEA BUENO?"},"content":{"rendered":"<p>El lector reconocer\u00e1 en el t\u00edtulo de este libro la frase del due\u00f1o de la vi\u00f1a a la queja de los obreros que trabajaron desde el inicio de la jornada (Mt 20, 15). Protestaban \u2013quiz\u00e1 con nuestra simpat\u00eda\u2013 porque los que llegaron \u00faltimos reciban lo mismo que ellos.<\/p>\n<p>Estos personajes son la expresi\u00f3n de una pregunta inquietante: \u201c\u00bfEs justa la misericordia de Dios?\u201d. Dicho de otro modo: \u00bfSon compatibles el amor y la justicia? \u00bfC\u00f3mo comprender esta tensi\u00f3n sin traicionar ninguno de sus extremos?<\/p>\n<p>Para enfrentar estas preguntas, el autor se propone abordar la misericordia en el contexto m\u00e1s amplio del amor divino, al que podr\u00edamos representar como un concierto en el que los distintos atributos ejecutan su parte de la partitura salv\u00edfica.<\/p>\n<p>En la medida en que nos asemejamos a Dios participamos de su simplicidad, capaz de integrar lo disperso, lo aparentemente contradictorio, en el contexto siempre mayor de la sabidur\u00eda del amor.<\/p>\n","protected":false},"excerpt":{"rendered":"<p>DI CI\u00d3, ANDR\u00c9S F.<\/p>\n","protected":false},"featured_media":330574,"template":"","meta":{"_acf_changed":false,"om_disable_all_campaigns":false,"rs_blank_template":"","rs_page_bg_color":"","slide_template_v7":"","inline_featured_image":false,"_monsterinsights_skip_tracking":false,"_monsterinsights_sitenote_active":false,"_monsterinsights_sitenote_note":"","_monsterinsights_sitenote_category":0},"product_brand":[],"product_cat":[289,515,288,514],"product_tag":[],"class_list":{"0":"post-46713","1":"product","2":"type-product","3":"status-publish","4":"has-post-thumbnail","6":"product_cat-moral-de-la-persona-bioetica","7":"product_cat-moral-de-la-persona-bioetica-teologia-1_espiritualidad","8":"product_cat-moral-fonamental","9":"product_cat-moral-fundamental","11":"first","12":"instock","13":"taxable","14":"shipping-taxable","15":"purchasable","16":"product-type-simple"},"acf":{"autor":"DI CI\u00d3, ANDR\u00c9S F.","codart":"841830388","libros-coleccion":"","ediciones":"1","encuadernacion":"R\u00fastica","fecha_de_publicacion":"23\/12\/2021","novedad":"1","paginas":"98","subtitulo":"LA MISERICORDIA EN TENSI\u00d3N","orden":"0","portada":"0","idioma":"spa","editorial":[{"ID":6309,"post_author":"3","post_date":"2022-07-28 17:49:25","post_date_gmt":"2022-07-28 15:49:25","post_content":"","post_title":"Monte Carmelo","post_excerpt":"","post_status":"publish","comment_status":"closed","ping_status":"closed","post_password":"","post_name":"monte-carmelo","to_ping":"","pinged":"","post_modified":"2022-07-28 17:49:25","post_modified_gmt":"2022-07-28 15:49:25","post_content_filtered":"","post_parent":0,"guid":"http:\/\/dev.claret.cat\/editorial\/monte-carmelo\/","menu_order":0,"post_type":"editorial","post_mime_type":"","comment_count":"0","filter":"raw"}],"autores-libros":[{"ID":150264,"post_author":"3","post_date":"2022-10-14 14:31:33","post_date_gmt":"2022-10-14 12:31:33","post_content":"","post_title":"ANDR\u00c9S F. DI CI\u00d3","post_excerpt":"","post_status":"publish","comment_status":"closed","ping_status":"closed","post_password":"","post_name":"andres-f-di-cio","to_ping":"","pinged":"","post_modified":"2022-10-14 14:31:33","post_modified_gmt":"2022-10-14 12:31:33","post_content_filtered":"","post_parent":0,"guid":"http:\/\/dev.claret.cat\/autor\/andres-f-di-cio\/","menu_order":0,"post_type":"autor","post_mime_type":"","comment_count":"0","filter":"raw"}]},"aioseo_notices":[],"_links":{"self":[{"href":"https:\/\/www.claret.cat\/es\/wp-json\/wp\/v2\/product\/46713","targetHints":{"allow":["GET"]}}],"collection":[{"href":"https:\/\/www.claret.cat\/es\/wp-json\/wp\/v2\/product"}],"about":[{"href":"https:\/\/www.claret.cat\/es\/wp-json\/wp\/v2\/types\/product"}],"wp:featuredmedia":[{"embeddable":true,"href":"https:\/\/www.claret.cat\/es\/wp-json\/wp\/v2\/media\/330574"}],"wp:attachment":[{"href":"https:\/\/www.claret.cat\/es\/wp-json\/wp\/v2\/media?parent=46713"}],"wp:term":[{"taxonomy":"product_brand","embeddable":true,"href":"https:\/\/www.claret.cat\/es\/wp-json\/wp\/v2\/product_brand?post=46713"},{"taxonomy":"product_cat","embeddable":true,"href":"https:\/\/www.claret.cat\/es\/wp-json\/wp\/v2\/product_cat?post=46713"},{"taxonomy":"product_tag","embeddable":true,"href":"https:\/\/www.claret.cat\/es\/wp-json\/wp\/v2\/product_tag?post=46713"}],"curies":[{"name":"wp","href":"https:\/\/api.w.org\/{rel}","templated":true}]}}

¿POR QUÉ TOMAS A MAL QUE YO SEA BUENO?

<p>El lector reconocerá en el título de este libro la frase del dueño de la viña a la queja de los obreros que trabajaron desde el inicio de la jornada (Mt 20, 15). Protestaban –quizá con nuestra simpatía– porque los que llegaron últimos reciban lo mismo que ellos.</p>
<p>Estos personajes son la expresión de una pregunta inquietante: “¿Es justa la misericordia de Dios?”. Dicho de otro modo: ¿Son compatibles el amor y la justicia? ¿Cómo comprender esta tensión sin traicionar ninguno de sus extremos?</p>
<p>Para enfrentar estas preguntas, el autor se propone abordar la misericordia en el contexto más amplio del amor divino, al que podríamos representar como un concierto en el que los distintos atributos ejecutan su parte de la partitura salvífica.</p>
<p>En la medida en que nos asemejamos a Dios participamos de su simplicidad, capaz de integrar lo disperso, lo aparentemente contradictorio, en el contexto siempre mayor de la sabiduría del amor.</p>

<p>DI CIÓ, ANDRÉS F.</p>

DI CIÓ, ANDRÉS F.

Rústica

LA MISERICORDIA EN TENSIÓN

ANDRÉS F. DI CIÓ
