{"id":48001,"date":"2022-10-02T22:48:16","date_gmt":"2022-10-02T20:48:16","guid":{"rendered":"http:\/\/dev.claret.cat\/producte\/els-homes-plorem\/"},"modified":"2024-05-03T11:03:04","modified_gmt":"2024-05-03T09:03:04","slug":"els-homes-plorem-9788418522765","status":"publish","type":"product","link":"https:\/\/www.claret.cat\/es\/libro\/els-homes-plorem-9788418522765\/","title":{"rendered":"ELS HOMES PLOREM"},"content":{"rendered":"<p>El Nil est\u00e0 conf\u00f3s. Nota que s&#8217;est\u00e0 fent gran i sap que els nens quan creixen es converteixen en homes. Per\u00f2&#8230; com \u00e9s ser un home?  Mira al seu voltant, observa la fam\u00edlia, els homes de la televisi\u00f3, del carrer&#8230; I ja se sent preparat, avui el Nil es presentar\u00e0 a l&#8217;escola fet tot un home.<\/p>\n<p> Acompanyem al Nil a l&#8217;aventura de cr\u00e9ixer i de descobrir la import\u00e0ncia de sentir-se i ser un mateix.<\/p>\n","protected":false},"excerpt":{"rendered":"<p>TURU, JOAN<\/p>\n","protected":false},"featured_media":392493,"template":"","meta":{"_acf_changed":false,"om_disable_all_campaigns":false,"rs_blank_template":"","rs_page_bg_color":"","slide_template_v7":"","inline_featured_image":false,"_monsterinsights_skip_tracking":false,"_monsterinsights_sitenote_active":false,"_monsterinsights_sitenote_note":"","_monsterinsights_sitenote_category":0},"product_brand":[],"product_cat":[131,132,361,362],"product_tag":[],"class_list":{"0":"post-48001","1":"product","2":"type-product","3":"status-publish","4":"has-post-thumbnail","6":"product_cat-contes-per-infants-0-6-anys","7":"product_cat-lectures-per-preadolescents-6-12-anys","8":"product_cat-cuentos-para-ninos-0-6-anos","9":"product_cat-libros-preadolescentes-6-12-anos","11":"first","12":"instock","13":"taxable","14":"shipping-taxable","15":"purchasable","16":"product-type-simple"},"acf":{"autor":"TURU, JOAN","codart":"841852276","libros-coleccion":"Tresors","ediciones":"1","encuadernacion":"Carton\u00e9","fecha_de_publicacion":"01\/10\/2021","novedad":"1","paginas":"40","subtitulo":"","orden":"0","portada":"0","idioma":"cat","editorial":[{"ID":148063,"post_author":"3","post_date":"2022-10-14 11:55:21","post_date_gmt":"2022-10-14 09:55:21","post_content":"","post_title":"EL CEP I LA NANSA EDICIONS","post_excerpt":"","post_status":"publish","comment_status":"closed","ping_status":"closed","post_password":"","post_name":"el-cep-i-la-nansa-edicions","to_ping":"","pinged":"","post_modified":"2022-10-14 11:55:21","post_modified_gmt":"2022-10-14 09:55:21","post_content_filtered":"","post_parent":0,"guid":"http:\/\/dev.claret.cat\/editorial\/el-cep-i-la-nansa-edicions\/","menu_order":0,"post_type":"editorial","post_mime_type":"","comment_count":"0","filter":"raw"}],"autores-libros":[{"ID":159442,"post_author":"3","post_date":"2022-10-14 15:44:53","post_date_gmt":"2022-10-14 13:44:53","post_content":"","post_title":"JOAN TURU","post_excerpt":"","post_status":"publish","comment_status":"closed","ping_status":"closed","post_password":"","post_name":"joan-turu","to_ping":"","pinged":"","post_modified":"2022-10-14 15:44:53","post_modified_gmt":"2022-10-14 13:44:53","post_content_filtered":"","post_parent":0,"guid":"http:\/\/dev.claret.cat\/autor\/joan-turu\/","menu_order":0,"post_type":"autor","post_mime_type":"","comment_count":"0","filter":"raw"}]},"aioseo_notices":[],"_links":{"self":[{"href":"https:\/\/www.claret.cat\/es\/wp-json\/wp\/v2\/product\/48001","targetHints":{"allow":["GET"]}}],"collection":[{"href":"https:\/\/www.claret.cat\/es\/wp-json\/wp\/v2\/product"}],"about":[{"href":"https:\/\/www.claret.cat\/es\/wp-json\/wp\/v2\/types\/product"}],"wp:featuredmedia":[{"embeddable":true,"href":"https:\/\/www.claret.cat\/es\/wp-json\/wp\/v2\/media\/392493"}],"wp:attachment":[{"href":"https:\/\/www.claret.cat\/es\/wp-json\/wp\/v2\/media?parent=48001"}],"wp:term":[{"taxonomy":"product_brand","embeddable":true,"href":"https:\/\/www.claret.cat\/es\/wp-json\/wp\/v2\/product_brand?post=48001"},{"taxonomy":"product_cat","embeddable":true,"href":"https:\/\/www.claret.cat\/es\/wp-json\/wp\/v2\/product_cat?post=48001"},{"taxonomy":"product_tag","embeddable":true,"href":"https:\/\/www.claret.cat\/es\/wp-json\/wp\/v2\/product_tag?post=48001"}],"curies":[{"name":"wp","href":"https:\/\/api.w.org\/{rel}","templated":true}]}}

<p>El Nil està confós. Nota que s&#8217;està fent gran i sap que els nens quan creixen es converteixen en homes. Però&#8230; com és ser un home?  Mira al seu voltant, observa la família, els homes de la televisió, del carrer&#8230; I ja se sent preparat, avui el Nil es presentarà a l&#8217;escola fet tot un home.</p>
<p> Acompanyem al Nil a l&#8217;aventura de créixer i de descobrir la importància de sentir-se i ser un mateix.</p>

Cartoné
