{"id":48297,"date":"2022-10-02T22:53:13","date_gmt":"2022-10-02T20:53:13","guid":{"rendered":"http:\/\/dev.claret.cat\/producte\/eres-tu-o-esperamos-a-otro-lc-7-19\/"},"modified":"2024-05-23T04:54:25","modified_gmt":"2024-05-23T02:54:25","slug":"eres-tu-o-esperamos-a-otro-lc-7-19-9788490737279","status":"publish","type":"product","link":"https:\/\/www.claret.cat\/es\/libro\/eres-tu-o-esperamos-a-otro-lc-7-19-9788490737279\/","title":{"rendered":"\u00bfERES T\u00da O ESPERAMOS A OTRO? (Lc 7, 19)"},"content":{"rendered":"<p>Ser salvadas por Jesucristo, \u00bfsignifica algo hoy? El encuentro con Jesucristo es liberador y profundamente humanizante. En una cultura androc\u00e9ntrica, ser salvada posee un significado de dependencia que justifica las desigualdades y cierta violencia normalizada en distintas dimensiones de la vida.  Si la salvaci\u00f3n es una experiencia central y definitiva del seguimiento cristiano, ser portadoras de salvaci\u00f3n hace de las mujeres protagonistas de este siglo, ya que hacen que el mundo se replantee las categor\u00edas culturales y la praxis sociocomunitaria y, en nuestra tradici\u00f3n, cuestionan el planteamiento jer\u00e1rquico y frecuentemente patriarcal. Esperamos que este libro sirva de acicate al di\u00e1logo teol\u00f3gico del que emerjan claves para transformar el mundo.<\/p>\n","protected":false},"excerpt":{"rendered":"<p>VARIOS AUTORES &#8211; VERBO DIVINO<\/p>\n","protected":false},"featured_media":373059,"template":"","meta":{"_acf_changed":false,"om_disable_all_campaigns":false,"rs_blank_template":"","rs_page_bg_color":"","slide_template_v7":"","inline_featured_image":false,"_monsterinsights_skip_tracking":false,"_monsterinsights_sitenote_active":false,"_monsterinsights_sitenote_note":"","_monsterinsights_sitenote_category":0},"product_brand":[],"product_cat":[276,414],"product_tag":[],"class_list":{"0":"post-48297","1":"product","2":"type-product","3":"status-publish","4":"has-post-thumbnail","6":"product_cat-cristologia-teologia","7":"product_cat-cristologia-teologia-1_espiritualidad","9":"first","10":"instock","11":"taxable","12":"shipping-taxable","13":"purchasable","14":"product-type-simple"},"acf":{"autor":"VARIOS AUTORES - VERBO DIVINO","codart":"849073727","libros-coleccion":"Aletheia","ediciones":"1","encuadernacion":"R\u00fastica","fecha_de_publicacion":"22\/11\/2021","novedad":"1","paginas":"240","subtitulo":"LA SALVACI\u00d3N EN LA QUE CREEMOS LAS MUJERES","orden":"0","portada":"0","idioma":"spa","editorial":[{"ID":6390,"post_author":"3","post_date":"2022-07-28 17:51:08","post_date_gmt":"2022-07-28 15:51:08","post_content":"","post_title":"VERBO DIVINO","post_excerpt":"","post_status":"publish","comment_status":"closed","ping_status":"closed","post_password":"","post_name":"verbo-divino","to_ping":"","pinged":"","post_modified":"2022-07-28 17:51:08","post_modified_gmt":"2022-07-28 15:51:08","post_content_filtered":"","post_parent":0,"guid":"http:\/\/dev.claret.cat\/editorial\/verbo-divino\/","menu_order":0,"post_type":"editorial","post_mime_type":"","comment_count":"0","filter":"raw"}],"autores-libros":[{"ID":170839,"post_author":"3","post_date":"2022-10-14 22:38:34","post_date_gmt":"2022-10-14 20:38:34","post_content":"","post_title":"VARIOS AUTORES - VERBO DIVINO","post_excerpt":"","post_status":"publish","comment_status":"closed","ping_status":"closed","post_password":"","post_name":"varios-autores-verbo-divino","to_ping":"","pinged":"","post_modified":"2022-10-14 22:38:34","post_modified_gmt":"2022-10-14 20:38:34","post_content_filtered":"","post_parent":0,"guid":"http:\/\/dev.claret.cat\/autor\/varios-autores-verbo-divino\/","menu_order":0,"post_type":"autor","post_mime_type":"","comment_count":"0","filter":"raw"}]},"aioseo_notices":[],"_links":{"self":[{"href":"https:\/\/www.claret.cat\/es\/wp-json\/wp\/v2\/product\/48297","targetHints":{"allow":["GET"]}}],"collection":[{"href":"https:\/\/www.claret.cat\/es\/wp-json\/wp\/v2\/product"}],"about":[{"href":"https:\/\/www.claret.cat\/es\/wp-json\/wp\/v2\/types\/product"}],"wp:featuredmedia":[{"embeddable":true,"href":"https:\/\/www.claret.cat\/es\/wp-json\/wp\/v2\/media\/373059"}],"wp:attachment":[{"href":"https:\/\/www.claret.cat\/es\/wp-json\/wp\/v2\/media?parent=48297"}],"wp:term":[{"taxonomy":"product_brand","embeddable":true,"href":"https:\/\/www.claret.cat\/es\/wp-json\/wp\/v2\/product_brand?post=48297"},{"taxonomy":"product_cat","embeddable":true,"href":"https:\/\/www.claret.cat\/es\/wp-json\/wp\/v2\/product_cat?post=48297"},{"taxonomy":"product_tag","embeddable":true,"href":"https:\/\/www.claret.cat\/es\/wp-json\/wp\/v2\/product_tag?post=48297"}],"curies":[{"name":"wp","href":"https:\/\/api.w.org\/{rel}","templated":true}]}}

¿ERES TÚ O ESPERAMOS A OTRO? (Lc 7, 19)

<p>Ser salvadas por Jesucristo, ¿significa algo hoy? El encuentro con Jesucristo es liberador y profundamente humanizante. En una cultura androcéntrica, ser salvada posee un significado de dependencia que justifica las desigualdades y cierta violencia normalizada en distintas dimensiones de la vida.  Si la salvación es una experiencia central y definitiva del seguimiento cristiano, ser portadoras de salvación hace de las mujeres protagonistas de este siglo, ya que hacen que el mundo se replantee las categorías culturales y la praxis sociocomunitaria y, en nuestra tradición, cuestionan el planteamiento jerárquico y frecuentemente patriarcal. Esperamos que este libro sirva de acicate al diálogo teológico del que emerjan claves para transformar el mundo.</p>

Rústica

LA SALVACIÓN EN LA QUE CREEMOS LAS MUJERES
