{"id":48655,"date":"2022-10-02T22:59:29","date_gmt":"2022-10-02T20:59:29","guid":{"rendered":"http:\/\/dev.claret.cat\/producte\/quan-cridem-els-nostres-noms\/"},"modified":"2025-02-01T00:16:20","modified_gmt":"2025-01-31T23:16:20","slug":"quan-cridem-els-nostres-noms-9788418375835","status":"publish","type":"product","link":"https:\/\/www.claret.cat\/es\/libro\/quan-cridem-els-nostres-noms-9788418375835\/","title":{"rendered":"QUAN CRIDEM ELS NOSTRES NOMS"},"content":{"rendered":"<p>Patriarcat i feminisme al segle XXI.<\/p>\n<p>Una obra clara i directa, basada en casos reals atesos per l&#8221;autora, sobre les conseq\u00fc\u00e8ncies psicol\u00f2giques que t\u00e9 el patriarcat en les dones, i que ofereix eines per alliberar-se d&#8221;aquesta c\u00e0rrega. Alguns dels temes que l&#8221;autora tracta s\u00f3n: el #MeToo i el #cu\u00e9ntalo, l&#8221;aquelarre de la culpa, la hipersexualitzaci\u00f3 dels cossos, la perversi\u00f3 del missatge, el purple washing, la identitat i la interseccionalitat, l&#8221;autodefensa feminista, les cadenes d&#8221;or i el m\u00f3n dels poderosos, la sororitat o el cercle de les dones, entre altres.<\/p>\n<p>Amb il\u00b7lustracions de Nirvana Jim\u00e9nez.<\/p>\n","protected":false},"excerpt":{"rendered":"<p>ALFAGEME, ALBA<\/p>\n","protected":false},"featured_media":63148,"template":"","meta":{"_acf_changed":false,"om_disable_all_campaigns":false,"rs_blank_template":"","rs_page_bg_color":"","slide_template_v7":"","inline_featured_image":false,"_monsterinsights_skip_tracking":false,"_monsterinsights_sitenote_active":false,"_monsterinsights_sitenote_note":"","_monsterinsights_sitenote_category":0},"product_brand":[],"product_cat":[376,178],"product_tag":[],"class_list":{"0":"post-48655","1":"product","2":"type-product","3":"status-publish","4":"has-post-thumbnail","6":"product_cat-autores-psicologia-2_humanidades","7":"product_cat-autors-psicologia","9":"first","10":"instock","11":"taxable","12":"shipping-taxable","13":"purchasable","14":"product-type-simple"},"acf":{"autor":"ALFAGEME, ALBA","codart":"841837583","libros-coleccion":"Univers","ediciones":"1","encuadernacion":"R\u00fastica","fecha_de_publicacion":"01\/11\/2021","novedad":"1","paginas":"189","subtitulo":"GUIA PER L'AUTOCONSCI\u00c8NCIA I RESILI\u00c8NCIA FEMINISTA","orden":"0","portada":"0","idioma":"cat","editorial":[{"ID":6384,"post_author":"3","post_date":"2022-07-28 17:51:02","post_date_gmt":"2022-07-28 15:51:02","post_content":"","post_title":"Univers Llibres","post_excerpt":"","post_status":"publish","comment_status":"closed","ping_status":"closed","post_password":"","post_name":"univers-llibres","to_ping":"","pinged":"","post_modified":"2022-07-28 17:51:02","post_modified_gmt":"2022-07-28 15:51:02","post_content_filtered":"","post_parent":0,"guid":"http:\/\/dev.claret.cat\/editorial\/univers-llibres\/","menu_order":0,"post_type":"editorial","post_mime_type":"","comment_count":"0","filter":"raw"}],"autores-libros":[{"ID":149370,"post_author":"3","post_date":"2022-10-14 14:24:19","post_date_gmt":"2022-10-14 12:24:19","post_content":"","post_title":"ALBA ALFAGEME","post_excerpt":"","post_status":"publish","comment_status":"closed","ping_status":"closed","post_password":"","post_name":"alba-alfageme","to_ping":"","pinged":"","post_modified":"2022-10-14 14:24:19","post_modified_gmt":"2022-10-14 12:24:19","post_content_filtered":"","post_parent":0,"guid":"http:\/\/dev.claret.cat\/autor\/alba-alfageme\/","menu_order":0,"post_type":"autor","post_mime_type":"","comment_count":"0","filter":"raw"}]},"aioseo_notices":[],"_links":{"self":[{"href":"https:\/\/www.claret.cat\/es\/wp-json\/wp\/v2\/product\/48655","targetHints":{"allow":["GET"]}}],"collection":[{"href":"https:\/\/www.claret.cat\/es\/wp-json\/wp\/v2\/product"}],"about":[{"href":"https:\/\/www.claret.cat\/es\/wp-json\/wp\/v2\/types\/product"}],"wp:featuredmedia":[{"embeddable":true,"href":"https:\/\/www.claret.cat\/es\/wp-json\/wp\/v2\/media\/63148"}],"wp:attachment":[{"href":"https:\/\/www.claret.cat\/es\/wp-json\/wp\/v2\/media?parent=48655"}],"wp:term":[{"taxonomy":"product_brand","embeddable":true,"href":"https:\/\/www.claret.cat\/es\/wp-json\/wp\/v2\/product_brand?post=48655"},{"taxonomy":"product_cat","embeddable":true,"href":"https:\/\/www.claret.cat\/es\/wp-json\/wp\/v2\/product_cat?post=48655"},{"taxonomy":"product_tag","embeddable":true,"href":"https:\/\/www.claret.cat\/es\/wp-json\/wp\/v2\/product_tag?post=48655"}],"curies":[{"name":"wp","href":"https:\/\/api.w.org\/{rel}","templated":true}]}}

<p>Patriarcat i feminisme al segle XXI.</p>
<p>Una obra clara i directa, basada en casos reals atesos per l&#8221;autora, sobre les conseqüències psicològiques que té el patriarcat en les dones, i que ofereix eines per alliberar-se d&#8221;aquesta càrrega. Alguns dels temes que l&#8221;autora tracta són: el #MeToo i el #cuéntalo, l&#8221;aquelarre de la culpa, la hipersexualització dels cossos, la perversió del missatge, el purple washing, la identitat i la interseccionalitat, l&#8221;autodefensa feminista, les cadenes d&#8221;or i el món dels poderosos, la sororitat o el cercle de les dones, entre altres.</p>
<p>Amb il·lustracions de Nirvana Jiménez.</p>

Rústica

GUIA PER L'AUTOCONSCIÈNCIA I RESILIÈNCIA FEMINISTA
