{"id":48679,"date":"2022-10-02T22:59:52","date_gmt":"2022-10-02T20:59:52","guid":{"rendered":"http:\/\/dev.claret.cat\/producte\/espiritualidad-para-la-depresion\/"},"modified":"2025-09-19T16:42:00","modified_gmt":"2025-09-19T14:42:00","slug":"espiritualidad-para-la-depresion-9788433031549","status":"publish","type":"product","link":"https:\/\/www.claret.cat\/es\/libro\/espiritualidad-para-la-depresion-9788433031549\/","title":{"rendered":"ESPIRITUALIDAD PARA LA DEPRESI\u00d3N"},"content":{"rendered":"<p>Muchas personas que sufren depresi\u00f3n no encuentran, por desgracia, demasiada comprensi\u00f3n en maestros espirituales que desconocen las pautas b\u00e1sicas de la psicolog\u00eda.<br \/> Este libro pretende unir la lectura orante del Evangelio con la Terapia de Aceptaci\u00f3n y Compromiso (ACT, en ingl\u00e9s), que se ha demostrado una herramienta potente en la terapia antidepresiva.<br \/> De esta manera, espiritualidad y psicolog\u00eda se dan la mano para un conocimiento m\u00e1s integral de la persona, y m\u00e1s certero a la hora de ayudar en los procesos depresivos. Es posible que solo quien est\u00e9 deprimido pueda comprender bien estas p\u00e1ginas, o que le lleguen realmente al coraz\u00f3n. Pero tambi\u00e9n ser\u00e1n de utilidad para familiares y amigos de quienes est\u00e9n sufriendo ese proceso emocional, ya que es frecuente que se repitan t\u00f3picos y frases desafortunadas que, lejos de ayudar, a\u00f1aden sufrimiento a las personas deprimidas.<\/p>\n<p> Rafael Pardo (Pamplona, 1977) es sacerdote, Licenciado en Historia por la Universidad de Sevilla y Doctor en Teolog\u00eda por la Universidad de Navarra. Ha publicado numerosos libros de car\u00e1cter espiritual, hist\u00f3rico y psicol\u00f3gico, algunos de ellos en esta misma editorial.<\/p>\n","protected":false},"excerpt":{"rendered":"<p>PARDO, RAFAEL<\/p>\n","protected":false},"featured_media":347283,"template":"","meta":{"_acf_changed":false,"om_disable_all_campaigns":false,"rs_blank_template":"","rs_page_bg_color":"","slide_template_v7":"","inline_featured_image":false,"_monsterinsights_skip_tracking":false,"_monsterinsights_sitenote_active":false,"_monsterinsights_sitenote_note":"","_monsterinsights_sitenote_category":0},"product_brand":[],"product_cat":[485,232,495,245],"product_tag":[],"class_list":{"0":"post-48679","1":"product","2":"type-product","3":"status-publish","4":"has-post-thumbnail","6":"product_cat-autores-espiritualidad-1_espiritualidad","7":"product_cat-autors-espiritualitat","8":"product_cat-diversa-espiritualidad-1_espiritualidad","9":"product_cat-diversa","11":"first","12":"instock","13":"taxable","14":"shipping-taxable","15":"purchasable","16":"product-type-simple"},"acf":{"autor":"PARDO, RAFAEL","codart":"843303154","libros-coleccion":"Caminos","ediciones":"1","encuadernacion":"R\u00fastica","fecha_de_publicacion":"19\/11\/2021","novedad":"1","paginas":"158","subtitulo":"","orden":"0","portada":"0","idioma":"spa","editorial":[{"ID":6179,"post_author":"3","post_date":"2022-07-28 17:46:36","post_date_gmt":"2022-07-28 15:46:36","post_content":"","post_title":"DESCLEE DE BROUWER","post_excerpt":"","post_status":"publish","comment_status":"closed","ping_status":"closed","post_password":"","post_name":"desclee-de-brouwer","to_ping":"","pinged":"","post_modified":"2022-07-28 17:46:36","post_modified_gmt":"2022-07-28 15:46:36","post_content_filtered":"","post_parent":0,"guid":"http:\/\/dev.claret.cat\/editorial\/desclee-de-brouwer\/","menu_order":0,"post_type":"editorial","post_mime_type":"","comment_count":"0","filter":"raw"}],"autores-libros":[{"ID":167604,"post_author":"3","post_date":"2022-10-14 18:12:32","post_date_gmt":"2022-10-14 16:12:32","post_content":"","post_title":"RAFAEL PARDO","post_excerpt":"","post_status":"publish","comment_status":"closed","ping_status":"closed","post_password":"","post_name":"rafael-pardo","to_ping":"","pinged":"","post_modified":"2022-10-14 18:12:32","post_modified_gmt":"2022-10-14 16:12:32","post_content_filtered":"","post_parent":0,"guid":"http:\/\/dev.claret.cat\/autor\/rafael-pardo\/","menu_order":0,"post_type":"autor","post_mime_type":"","comment_count":"0","filter":"raw"}],"booktrailer":"","resenas":""},"aioseo_notices":[],"_links":{"self":[{"href":"https:\/\/www.claret.cat\/es\/wp-json\/wp\/v2\/product\/48679","targetHints":{"allow":["GET"]}}],"collection":[{"href":"https:\/\/www.claret.cat\/es\/wp-json\/wp\/v2\/product"}],"about":[{"href":"https:\/\/www.claret.cat\/es\/wp-json\/wp\/v2\/types\/product"}],"wp:featuredmedia":[{"embeddable":true,"href":"https:\/\/www.claret.cat\/es\/wp-json\/wp\/v2\/media\/347283"}],"wp:attachment":[{"href":"https:\/\/www.claret.cat\/es\/wp-json\/wp\/v2\/media?parent=48679"}],"wp:term":[{"taxonomy":"product_brand","embeddable":true,"href":"https:\/\/www.claret.cat\/es\/wp-json\/wp\/v2\/product_brand?post=48679"},{"taxonomy":"product_cat","embeddable":true,"href":"https:\/\/www.claret.cat\/es\/wp-json\/wp\/v2\/product_cat?post=48679"},{"taxonomy":"product_tag","embeddable":true,"href":"https:\/\/www.claret.cat\/es\/wp-json\/wp\/v2\/product_tag?post=48679"}],"curies":[{"name":"wp","href":"https:\/\/api.w.org\/{rel}","templated":true}]}}

ESPIRITUALIDAD PARA LA DEPRESIÓN

<p>Muchas personas que sufren depresión no encuentran, por desgracia, demasiada comprensión en maestros espirituales que desconocen las pautas básicas de la psicología.<br /> Este libro pretende unir la lectura orante del Evangelio con la Terapia de Aceptación y Compromiso (ACT, en inglés), que se ha demostrado una herramienta potente en la terapia antidepresiva.<br /> De esta manera, espiritualidad y psicología se dan la mano para un conocimiento más integral de la persona, y más certero a la hora de ayudar en los procesos depresivos. Es posible que solo quien esté deprimido pueda comprender bien estas páginas, o que le lleguen realmente al corazón. Pero también serán de utilidad para familiares y amigos de quienes estén sufriendo ese proceso emocional, ya que es frecuente que se repitan tópicos y frases desafortunadas que, lejos de ayudar, añaden sufrimiento a las personas deprimidas.</p>
<p> Rafael Pardo (Pamplona, 1977) es sacerdote, Licenciado en Historia por la Universidad de Sevilla y Doctor en Teología por la Universidad de Navarra. Ha publicado numerosos libros de carácter espiritual, histórico y psicológico, algunos de ellos en esta misma editorial.</p>

Rústica
