{"id":49040,"date":"2022-10-02T23:05:30","date_gmt":"2022-10-02T21:05:30","guid":{"rendered":"http:\/\/dev.claret.cat\/producte\/levantate-te-hago-testigo-de-las-cosas-que-has-visto-cf-he-2616\/"},"modified":"2024-05-02T07:54:12","modified_gmt":"2024-05-02T05:54:12","slug":"levantate-te-hago-testigo-de-las-cosas-que-has-visto-cf-he-2616-9788428564472","status":"publish","type":"product","link":"https:\/\/www.claret.cat\/es\/libro\/levantate-te-hago-testigo-de-las-cosas-que-has-visto-cf-he-2616-9788428564472\/","title":{"rendered":"\u00a1LEV\u00c1NTATE! TE HAGO TESTIGO DE LAS COSAS QUE HAS VISTO. (cf He 26,16)"},"content":{"rendered":"<p>Una vez m\u00e1s, con motivo de la XXXVI Jornada Mundial de la Juventud, el Papa Francisco quiere tomar de la mano a los j\u00f3venes para caminar juntos tras la dura prueba de la pandemia en la que muchos de ellos han luchado por la vida, han sembrado esperanza y defendido la libertad y la justicia. El Papa se dirige a cada uno de los j\u00f3venes inst\u00e1ndolos a levantarse, porque cuando ellos se levantan es como si se levantara el mundo entero tan necesitado de su fuerza, entusiasmo y pasi\u00f3n.<br \/> \u00ab\u00a1Lev\u00e1ntate!&#8230; \u00a1Hay una misi\u00f3n que te espera! Tambi\u00e9n t\u00fa puedes ser testigo de las obras que Jes\u00fas ha comenzado a realizar en ti\u00bb.<\/p>\n","protected":false},"excerpt":{"rendered":"<p>PAPA FRANCISCO<\/p>\n","protected":false},"featured_media":450610,"template":"","meta":{"_acf_changed":false,"om_disable_all_campaigns":false,"rs_blank_template":"","rs_page_bg_color":"","slide_template_v7":"","inline_featured_image":false,"_monsterinsights_skip_tracking":false,"_monsterinsights_sitenote_active":false,"_monsterinsights_sitenote_note":"","_monsterinsights_sitenote_category":0},"product_brand":[],"product_cat":[468,207],"product_tag":[],"class_list":{"0":"post-49040","1":"product","2":"type-product","3":"status-publish","4":"has-post-thumbnail","6":"product_cat-epistolas-catolicas","7":"product_cat-epistoles-catoliques","9":"first","10":"instock","11":"taxable","12":"shipping-taxable","13":"purchasable","14":"product-type-simple"},"acf":{"autor":"PAPA FRANCISCO","codart":"842856447","libros-coleccion":"Enc\u00edclicas y Documentos","ediciones":"1","encuadernacion":"R\u00fastica","fecha_de_publicacion":"17\/11\/2021","novedad":"1","paginas":"16","subtitulo":"MENSAJE DEL PAPA FRANCISCO PARA LA XXXVI JORNADA MUNDIAL DE LA JUVENTUD","orden":"0","portada":"0","idioma":"spa","editorial":[{"ID":6356,"post_author":"3","post_date":"2022-07-28 17:50:26","post_date_gmt":"2022-07-28 15:50:26","post_content":"","post_title":"SAN PABLO COMUNICACI\u00d3N","post_excerpt":"","post_status":"publish","comment_status":"closed","ping_status":"closed","post_password":"","post_name":"san-pablo-comunicacion","to_ping":"","pinged":"","post_modified":"2022-07-28 17:50:26","post_modified_gmt":"2022-07-28 15:50:26","post_content_filtered":"","post_parent":0,"guid":"http:\/\/dev.claret.cat\/editorial\/san-pablo-comunicacion\/","menu_order":0,"post_type":"editorial","post_mime_type":"","comment_count":"0","filter":"raw"}],"autores-libros":[{"ID":5919,"post_author":"3","post_date":"2022-07-28 17:34:18","post_date_gmt":"2022-07-28 15:34:18","post_content":"","post_title":"PAPA FRANCISCO","post_excerpt":"","post_status":"publish","comment_status":"closed","ping_status":"closed","post_password":"","post_name":"papa-francisco","to_ping":"","pinged":"","post_modified":"2022-07-28 17:34:18","post_modified_gmt":"2022-07-28 15:34:18","post_content_filtered":"","post_parent":0,"guid":"http:\/\/dev.claret.cat\/autor\/papa-francisco\/","menu_order":0,"post_type":"autor","post_mime_type":"","comment_count":"0","filter":"raw"}]},"aioseo_notices":[],"_links":{"self":[{"href":"https:\/\/www.claret.cat\/es\/wp-json\/wp\/v2\/product\/49040","targetHints":{"allow":["GET"]}}],"collection":[{"href":"https:\/\/www.claret.cat\/es\/wp-json\/wp\/v2\/product"}],"about":[{"href":"https:\/\/www.claret.cat\/es\/wp-json\/wp\/v2\/types\/product"}],"wp:featuredmedia":[{"embeddable":true,"href":"https:\/\/www.claret.cat\/es\/wp-json\/wp\/v2\/media\/450610"}],"wp:attachment":[{"href":"https:\/\/www.claret.cat\/es\/wp-json\/wp\/v2\/media?parent=49040"}],"wp:term":[{"taxonomy":"product_brand","embeddable":true,"href":"https:\/\/www.claret.cat\/es\/wp-json\/wp\/v2\/product_brand?post=49040"},{"taxonomy":"product_cat","embeddable":true,"href":"https:\/\/www.claret.cat\/es\/wp-json\/wp\/v2\/product_cat?post=49040"},{"taxonomy":"product_tag","embeddable":true,"href":"https:\/\/www.claret.cat\/es\/wp-json\/wp\/v2\/product_tag?post=49040"}],"curies":[{"name":"wp","href":"https:\/\/api.w.org\/{rel}","templated":true}]}}

¡LEVÁNTATE! TE HAGO TESTIGO DE LAS COSAS QUE HAS VISTO. (cf He 26,16)

<p>Una vez más, con motivo de la XXXVI Jornada Mundial de la Juventud, el Papa Francisco quiere tomar de la mano a los jóvenes para caminar juntos tras la dura prueba de la pandemia en la que muchos de ellos han luchado por la vida, han sembrado esperanza y defendido la libertad y la justicia. El Papa se dirige a cada uno de los jóvenes instándolos a levantarse, porque cuando ellos se levantan es como si se levantara el mundo entero tan necesitado de su fuerza, entusiasmo y pasión.<br /> «¡Levántate!&#8230; ¡Hay una misión que te espera! También tú puedes ser testigo de las obras que Jesús ha comenzado a realizar en ti».</p>

Encíclicas y Documentos

Rústica

SAN PABLO COMUNICACIÓN
