{"id":50123,"date":"2022-10-05T19:17:34","date_gmt":"2022-10-05T17:17:34","guid":{"rendered":"http:\/\/dev.claret.cat\/producte\/es-busca-autor\/"},"modified":"2024-02-08T12:24:55","modified_gmt":"2024-02-08T11:24:55","slug":"es-busca-autor-9788468356709","status":"publish","type":"product","link":"https:\/\/www.claret.cat\/es\/libro\/es-busca-autor-9788468356709\/","title":{"rendered":"ES BUSCA AUTOR"},"content":{"rendered":"<p>T?agraden els contes?  Hi passen moltes coses! Per\u00f2 i si un conte no t\u00e9 autor aleshores qu\u00e8?  Els quatre personatges de la nostra historia, el llop, el conill, la tortuga i el mussol, tamb\u00e9 es fan la mateixa pregunta.<\/p>\n","protected":false},"excerpt":{"rendered":"<p>GALAN, ANA<\/p>\n","protected":false},"featured_media":269570,"template":"","meta":{"_acf_changed":false,"om_disable_all_campaigns":false,"rs_blank_template":"","rs_page_bg_color":"","slide_template_v7":"","inline_featured_image":false,"_monsterinsights_skip_tracking":false,"_monsterinsights_sitenote_active":false,"_monsterinsights_sitenote_note":"","_monsterinsights_sitenote_category":0},"product_brand":[],"product_cat":[131,361],"product_tag":[],"class_list":{"0":"post-50123","1":"product","2":"type-product","3":"status-publish","4":"has-post-thumbnail","6":"product_cat-contes-per-infants-0-6-anys","7":"product_cat-cuentos-para-ninos-0-6-anos","9":"first","10":"instock","11":"taxable","12":"shipping-taxable","13":"purchasable","14":"product-type-simple"},"acf":{"editorial":[{"ID":6193,"post_author":"3","post_date":"2022-07-28 17:46:53","post_date_gmt":"2022-07-28 15:46:53","post_content":"","post_title":"EDEBE GUADIEL","post_excerpt":"","post_status":"publish","comment_status":"closed","ping_status":"closed","post_password":"","post_name":"edebe-guadiel","to_ping":"","pinged":"","post_modified":"2022-07-28 17:46:53","post_modified_gmt":"2022-07-28 15:46:53","post_content_filtered":"","post_parent":0,"guid":"http:\/\/dev.claret.cat\/editorial\/edebe-guadiel\/","menu_order":0,"post_type":"editorial","post_mime_type":"","comment_count":"0","filter":"raw"}],"autor":"GALAN, ANA","codart":"846835670","libros-coleccion":"","ediciones":"1","encuadernacion":"Carton\u00e9","fecha_de_publicacion":"01\/05\/2022","novedad":"1","paginas":"32","subtitulo":"","orden":"0","portada":"0","idioma":"cat","autores-libros":[{"ID":150071,"post_author":"3","post_date":"2022-10-14 14:29:59","post_date_gmt":"2022-10-14 12:29:59","post_content":"","post_title":"ANA GALAN","post_excerpt":"","post_status":"publish","comment_status":"closed","ping_status":"closed","post_password":"","post_name":"ana-galan","to_ping":"","pinged":"","post_modified":"2022-10-14 14:29:59","post_modified_gmt":"2022-10-14 12:29:59","post_content_filtered":"","post_parent":0,"guid":"http:\/\/dev.claret.cat\/autor\/ana-galan\/","menu_order":0,"post_type":"autor","post_mime_type":"","comment_count":"0","filter":"raw"}]},"aioseo_notices":[],"_links":{"self":[{"href":"https:\/\/www.claret.cat\/es\/wp-json\/wp\/v2\/product\/50123","targetHints":{"allow":["GET"]}}],"collection":[{"href":"https:\/\/www.claret.cat\/es\/wp-json\/wp\/v2\/product"}],"about":[{"href":"https:\/\/www.claret.cat\/es\/wp-json\/wp\/v2\/types\/product"}],"wp:featuredmedia":[{"embeddable":true,"href":"https:\/\/www.claret.cat\/es\/wp-json\/wp\/v2\/media\/269570"}],"wp:attachment":[{"href":"https:\/\/www.claret.cat\/es\/wp-json\/wp\/v2\/media?parent=50123"}],"wp:term":[{"taxonomy":"product_brand","embeddable":true,"href":"https:\/\/www.claret.cat\/es\/wp-json\/wp\/v2\/product_brand?post=50123"},{"taxonomy":"product_cat","embeddable":true,"href":"https:\/\/www.claret.cat\/es\/wp-json\/wp\/v2\/product_cat?post=50123"},{"taxonomy":"product_tag","embeddable":true,"href":"https:\/\/www.claret.cat\/es\/wp-json\/wp\/v2\/product_tag?post=50123"}],"curies":[{"name":"wp","href":"https:\/\/api.w.org\/{rel}","templated":true}]}}

<p>T?agraden els contes?  Hi passen moltes coses! Però i si un conte no té autor aleshores què?  Els quatre personatges de la nostra historia, el llop, el conill, la tortuga i el mussol, també es fan la mateixa pregunta.</p>

Cartoné
