{"id":579965,"date":"2023-08-28T17:00:47","date_gmt":"2023-08-28T15:00:47","guid":{"rendered":"https:\/\/www.claret.cat\/llibre\/mi-primer-libro-de-los-colores-coleccion-eric-carle-9788448864897\/"},"modified":"2023-10-11T01:15:11","modified_gmt":"2023-10-10T23:15:11","slug":"mi-primer-libro-de-los-colores-coleccion-eric-carle-9788448864897","status":"publish","type":"product","link":"https:\/\/www.claret.cat\/es\/libro\/mi-primer-libro-de-los-colores-coleccion-eric-carle-9788448864897\/","title":{"rendered":"MI PRIMER LIBRO DE LOS COLORES (COLECCI\u00d3N ERIC CARLE)"},"content":{"rendered":"<p>Aprende los COLORES de manera divertida y entretenida con este did\u00e1ctico libro de la nueva colecci\u00f3n del autor de La peque\u00f1a oruga glotona. \u00bfDe qu\u00e9 color son las uvas? \u00bfY este lindo p\u00e1jaro? Desc\u00fabrelo en este colorido libro, con el que te lo pasar\u00e1s en grande aprendiendo mientras reconoces y relacionas los colores con sus ilustraciones. Flores rosas, \u00e1rboles verdes\u2026 \u00a1y mucho m\u00e1s!Mi primer libro de los colores es uno de los t\u00edtulos de la nueva colecci\u00f3n de Eric Carle, aclamado ilustrador y escritor cuyos libros han vendido millones de ejemplares en el mundo. Los ni\u00f1os peque\u00f1os disfrutar\u00e1n mirando las p\u00e1ginas y relacionando colores con objetos en este precioso libro de cart\u00f3n f\u00e1cil de manipular por sus peque\u00f1as manitas.<\/p>\n","protected":false},"excerpt":{"rendered":"<p>CARLE, ERIC<\/p>\n","protected":false},"featured_media":579966,"template":"","meta":{"_acf_changed":false,"om_disable_all_campaigns":false,"rs_blank_template":"","rs_page_bg_color":"","slide_template_v7":"","inline_featured_image":false,"_monsterinsights_skip_tracking":false,"_monsterinsights_sitenote_active":false,"_monsterinsights_sitenote_note":"","_monsterinsights_sitenote_category":0},"product_brand":[],"product_cat":[131,361],"product_tag":[],"class_list":{"0":"post-579965","1":"product","2":"type-product","3":"status-publish","4":"has-post-thumbnail","6":"product_cat-contes-per-infants-0-6-anys","7":"product_cat-cuentos-para-ninos-0-6-anos","9":"first","10":"instock","11":"taxable","12":"shipping-taxable","13":"purchasable","14":"product-type-simple"},"acf":{"autor":"CARLE, ERIC","codart":"844886489","libros-coleccion":"Peque\u00f1as manitas","ediciones":"1","encuadernacion":"Carpeta","fecha_de_publicacion":"01\/08\/2023","novedad":"1","paginas":"12","subtitulo":"","orden":"0","portada":"0","idioma":"cat","editorial":[{"ID":6141,"post_author":"3","post_date":"2022-07-28 17:45:46","post_date_gmt":"2022-07-28 15:45:46","post_content":"","post_title":"BEASCOA","post_excerpt":"","post_status":"publish","comment_status":"closed","ping_status":"closed","post_password":"","post_name":"beascoa","to_ping":"","pinged":"","post_modified":"2022-07-28 17:45:46","post_modified_gmt":"2022-07-28 15:45:46","post_content_filtered":"","post_parent":0,"guid":"http:\/\/dev.claret.cat\/editorial\/beascoa\/","menu_order":0,"post_type":"editorial","post_mime_type":"","comment_count":"0","filter":"raw"}],"autores-libros":[{"ID":155252,"post_author":"3","post_date":"2022-10-14 15:11:21","post_date_gmt":"2022-10-14 13:11:21","post_content":"","post_title":"ERIC CARLE","post_excerpt":"","post_status":"publish","comment_status":"closed","ping_status":"closed","post_password":"","post_name":"eric-carle","to_ping":"","pinged":"","post_modified":"2022-10-14 15:11:21","post_modified_gmt":"2022-10-14 13:11:21","post_content_filtered":"","post_parent":0,"guid":"http:\/\/dev.claret.cat\/autor\/eric-carle\/","menu_order":0,"post_type":"autor","post_mime_type":"","comment_count":"0","filter":"raw"}]},"aioseo_notices":[],"_links":{"self":[{"href":"https:\/\/www.claret.cat\/es\/wp-json\/wp\/v2\/product\/579965","targetHints":{"allow":["GET"]}}],"collection":[{"href":"https:\/\/www.claret.cat\/es\/wp-json\/wp\/v2\/product"}],"about":[{"href":"https:\/\/www.claret.cat\/es\/wp-json\/wp\/v2\/types\/product"}],"wp:featuredmedia":[{"embeddable":true,"href":"https:\/\/www.claret.cat\/es\/wp-json\/wp\/v2\/media\/579966"}],"wp:attachment":[{"href":"https:\/\/www.claret.cat\/es\/wp-json\/wp\/v2\/media?parent=579965"}],"wp:term":[{"taxonomy":"product_brand","embeddable":true,"href":"https:\/\/www.claret.cat\/es\/wp-json\/wp\/v2\/product_brand?post=579965"},{"taxonomy":"product_cat","embeddable":true,"href":"https:\/\/www.claret.cat\/es\/wp-json\/wp\/v2\/product_cat?post=579965"},{"taxonomy":"product_tag","embeddable":true,"href":"https:\/\/www.claret.cat\/es\/wp-json\/wp\/v2\/product_tag?post=579965"}],"curies":[{"name":"wp","href":"https:\/\/api.w.org\/{rel}","templated":true}]}}

MI PRIMER LIBRO DE LOS COLORES (COLECCIÓN ERIC CARLE)

<p>Aprende los COLORES de manera divertida y entretenida con este didáctico libro de la nueva colección del autor de La pequeña oruga glotona. ¿De qué color son las uvas? ¿Y este lindo pájaro? Descúbrelo en este colorido libro, con el que te lo pasarás en grande aprendiendo mientras reconoces y relacionas los colores con sus ilustraciones. Flores rosas, árboles verdes… ¡y mucho más!Mi primer libro de los colores es uno de los títulos de la nueva colección de Eric Carle, aclamado ilustrador y escritor cuyos libros han vendido millones de ejemplares en el mundo. Los niños pequeños disfrutarán mirando las páginas y relacionando colores con objetos en este precioso libro de cartón fácil de manipular por sus pequeñas manitas.</p>

Pequeñas manitas
