{"id":580115,"date":"2023-08-29T14:25:23","date_gmt":"2023-08-29T12:25:23","guid":{"rendered":"https:\/\/www.claret.cat\/llibre\/tens-por-iverson-9788411580151\/"},"modified":"2026-04-21T11:07:12","modified_gmt":"2026-04-21T09:07:12","slug":"tens-por-iverson-9788411580151","status":"publish","type":"product","link":"https:\/\/www.claret.cat\/es\/libro\/tens-por-iverson-9788411580151\/","title":{"rendered":"TENS POR, IVERSON?"},"content":{"rendered":"<p>A la festa anual de disfresses del Bosc Blau tothom ha de portar un vestit que faci por. Per\u00f2 l&#8221;Iverson no sap qu\u00e8 \u00e9s la por! Com pot ser que un ogre no s\u00e0piga qu\u00e8 \u00e9s la por? En Bitmax, la Mus i en Wagner ajudaran el seu amic a trobar alguna cosa que li faci por.<\/p>\n","protected":false},"excerpt":{"rendered":"<p>COPONS RAMON, JAUME<\/p>\n","protected":false},"featured_media":797232,"template":"","meta":{"_acf_changed":false,"om_disable_all_campaigns":false,"rs_blank_template":"","rs_page_bg_color":"","slide_template_v7":"","inline_featured_image":false,"_monsterinsights_skip_tracking":false,"_monsterinsights_sitenote_active":false,"_monsterinsights_sitenote_note":"","_monsterinsights_sitenote_category":0},"product_brand":[],"product_cat":[132,362],"product_tag":[],"class_list":{"0":"post-580115","1":"product","2":"type-product","3":"status-publish","4":"has-post-thumbnail","6":"product_cat-lectures-per-preadolescents-6-12-anys","7":"product_cat-libros-preadolescentes-6-12-anos","9":"first","10":"instock","11":"taxable","12":"shipping-taxable","13":"purchasable","14":"product-type-simple"},"acf":{"autor":"COPONS RAMON, JAUME","codart":"841158015","libros-coleccion":"FORA DE COL.LECCI\u00d3","ediciones":"1","encuadernacion":"Carton\u00e9","fecha_de_publicacion":"01\/09\/2023","novedad":"1","paginas":"67","subtitulo":"","orden":"0","portada":"0","idioma":"cat","editorial":[{"ID":147649,"post_author":"3","post_date":"2022-10-14 11:52:11","post_date_gmt":"2022-10-14 09:52:11","post_content":"","post_title":"COMBEL EDITORIAL","post_excerpt":"","post_status":"publish","comment_status":"closed","ping_status":"closed","post_password":"","post_name":"combel-editorial","to_ping":"","pinged":"","post_modified":"2022-10-14 11:52:11","post_modified_gmt":"2022-10-14 09:52:11","post_content_filtered":"","post_parent":0,"guid":"http:\/\/dev.claret.cat\/editorial\/combel-editorial\/","menu_order":0,"post_type":"editorial","post_mime_type":"","comment_count":"0","filter":"raw"}],"autores-libros":[{"ID":158579,"post_author":"3","post_date":"2022-10-14 15:37:58","post_date_gmt":"2022-10-14 13:37:58","post_content":"","post_title":"JAUME COPONS RAMON","post_excerpt":"","post_status":"publish","comment_status":"closed","ping_status":"closed","post_password":"","post_name":"jaume-copons-ramon","to_ping":"","pinged":"","post_modified":"2022-10-14 15:37:58","post_modified_gmt":"2022-10-14 13:37:58","post_content_filtered":"","post_parent":0,"guid":"http:\/\/dev.claret.cat\/autor\/jaume-copons-ramon\/","menu_order":0,"post_type":"autor","post_mime_type":"","comment_count":"0","filter":"raw"}],"booktrailer":"","resenas":""},"aioseo_notices":[],"_links":{"self":[{"href":"https:\/\/www.claret.cat\/es\/wp-json\/wp\/v2\/product\/580115","targetHints":{"allow":["GET"]}}],"collection":[{"href":"https:\/\/www.claret.cat\/es\/wp-json\/wp\/v2\/product"}],"about":[{"href":"https:\/\/www.claret.cat\/es\/wp-json\/wp\/v2\/types\/product"}],"wp:featuredmedia":[{"embeddable":true,"href":"https:\/\/www.claret.cat\/es\/wp-json\/wp\/v2\/media\/797232"}],"wp:attachment":[{"href":"https:\/\/www.claret.cat\/es\/wp-json\/wp\/v2\/media?parent=580115"}],"wp:term":[{"taxonomy":"product_brand","embeddable":true,"href":"https:\/\/www.claret.cat\/es\/wp-json\/wp\/v2\/product_brand?post=580115"},{"taxonomy":"product_cat","embeddable":true,"href":"https:\/\/www.claret.cat\/es\/wp-json\/wp\/v2\/product_cat?post=580115"},{"taxonomy":"product_tag","embeddable":true,"href":"https:\/\/www.claret.cat\/es\/wp-json\/wp\/v2\/product_tag?post=580115"}],"curies":[{"name":"wp","href":"https:\/\/api.w.org\/{rel}","templated":true}]}}

<p>A la festa anual de disfresses del Bosc Blau tothom ha de portar un vestit que faci por. Però l&#8221;Iverson no sap què és la por! Com pot ser que un ogre no sàpiga què és la por? En Bitmax, la Mus i en Wagner ajudaran el seu amic a trobar alguna cosa que li faci por.</p>

FORA DE COL.LECCIÓ

Cartoné
