{"id":580575,"date":"2023-08-31T09:35:23","date_gmt":"2023-08-31T07:35:23","guid":{"rendered":"https:\/\/www.claret.cat\/llibre\/economia-i-ecologia-9788491364054\/"},"modified":"2024-07-09T13:14:45","modified_gmt":"2024-07-09T11:14:45","slug":"economia-i-ecologia-9788491364054","status":"publish","type":"product","link":"https:\/\/www.claret.cat\/es\/libro\/economia-i-ecologia-9788491364054\/","title":{"rendered":"ECONOMIA I ECOLOGIA"},"content":{"rendered":"<p>Les nostres societats occidentals semblen conven\u00e7udes que l\u2019economia ha de cr\u00e9ixer constantment, que cada any que passa hem de produir m\u00e9s que l\u2019any anterior. En canvi, quan contemplem la natura ens adonem que tot el que creix acaba descomposant-se; que la fulla que creix en l\u2019arbre acaba caient-ne tot convertint-se en la terra on creixeran els arbres del dem\u00e0. \u00c9s com si l\u2019economia, en una traject\u00f2ria lineal, s\u2019hagu\u00e9s desvinculat del moviment circular de la natura; com una nau espacial a tota velocitat que abandona l\u2019\u00f2rbita de la Terra. <br \/>A qu\u00e8 es podria deure aquest deliri dels nostres dies? El present volum intenta mostrar algunes de les causes que ens han portat fins aqu\u00ed, i al mateix temps aporta una proposta de canvi ben concreta: \u00abdeixar brotar\u00bb per tal de relligar novament economia i ecologia. Deixar tornar la natura enmig nostre com a soluci\u00f3 als nostres problemes econ\u00f2mics i ecol\u00f2gics, i fent rebrotar una naturalesa potser encara m\u00e9s ultratjada que els nostres boscos: la nostra naturalesa interior.<\/p>\n","protected":false},"excerpt":{"rendered":"<p>SELLAR\u00c8S, BERNAT<\/p>\n","protected":false},"featured_media":973822,"template":"","meta":{"_acf_changed":false,"om_disable_all_campaigns":false,"rs_blank_template":"","rs_page_bg_color":"","slide_template_v7":"","inline_featured_image":false,"_monsterinsights_skip_tracking":false,"_monsterinsights_sitenote_active":false,"_monsterinsights_sitenote_note":"","_monsterinsights_sitenote_category":0},"product_brand":[],"product_cat":[90,581,540,182,378],"product_tag":[],"class_list":{"0":"post-580575","1":"product","2":"type-product","3":"status-publish","4":"has-post-thumbnail","6":"product_cat-altres","7":"product_cat-editorial-claret","8":"product_cat-otros","9":"product_cat-social-i-economica","10":"product_cat-social-y-economica","12":"first","13":"instock","14":"taxable","15":"shipping-taxable","16":"purchasable","17":"product-type-simple"},"acf":{"autor":"SELLAR\u00c8S, BERNAT","codart":"849136405","libros-coleccion":"FORA DE COL.LECCI\u00d3","ediciones":"1","encuadernacion":"R\u00fastica","fecha_de_publicacion":"01\/03\/2022","novedad":"0","paginas":"82","subtitulo":"REBROTAR PER TORNAR A CASA ","orden":"0","portada":"0","idioma":"cat","booktrailer":"","linkebook":"","ficha":"849136405_1688643395.pdf","muestra":"","precioebook":"0","presentacion":"","resenas":"<p>Ag\u00e8ncia Flama, 10\/05\/2023<\/p>\n<p><a href=\"https:\/\/www.agenciaflama.cat\/bernat-sellares-lespiritualitat-es-el-contrapes-que-reconcilia-leconomia-i-lecologia-al-mon\/\" rel=\"noopener noreferrer\" target=\"_blank\">https:\/\/www.agenciaflama.cat\/bernat-sellares-lespiritualitat-es-el-contrapes-que-reconcilia-leconomia-i-lecologia-al-mon\/<\/a><\/p>\n<p><\/p>\n<p>Rac1 (Vost\u00e8 primer &#8211;  44&#8242; 33&#8221;), 11\/07\/2023<\/p>\n<p><a href=\"https:\/\/www.rac1.cat\/a-la-carta\/detail\/95af6d7c-8c6f-48fb-9f4d-28caddf9af70\" rel=\"noopener noreferrer\" target=\"_blank\">https:\/\/www.rac1.cat\/a-la-carta\/detail\/95af6d7c-8c6f-48fb-9f4d-28caddf9af70<\/a><\/p>\n<p><\/p>\n<p>Foc Nou, 06\/09\/2023<\/p>\n<p><a href=\"https:\/\/www.focnou.cat\/un-programa-economic-per-a-gent-conscient\/\" rel=\"noopener noreferrer\" target=\"_blank\">https:\/\/www.focnou.cat\/un-programa-economic-per-a-gent-conscient\/<\/a><\/p>\n<p><\/p>\n<p>Ag\u00e8ncia Flama, 14\/12\/23<\/p>\n<p><a href=\"https:\/\/www.agenciaflama.cat\/que-algu-es-pugui-lucrar-a-partir-de-la-destruccio-i-de-la-mort-de-persones-es-un-acte-totalment-immoral\/\" rel=\"noopener noreferrer\" target=\"_blank\">https:\/\/www.agenciaflama.cat\/que-algu-es-pugui-lucrar-a-partir-de-la-destruccio-i-de-la-mort-de-persones-es-un-acte-totalment-immoral\/<\/a><\/p>\n<p><\/p>\n<p>Serra d&#8217;Or, 28\/02\/2024<\/p>\n<p><a href=\"https:\/\/drive.google.com\/file\/d\/1CGN8QG3xHoceSBoMzn5l06O_tMQVsCl-\/view?usp=sharing\" rel=\"noopener noreferrer\" target=\"_blank\">https:\/\/drive.google.com\/file\/d\/1CGN8QG3xHoceSBoMzn5l06O_tMQVsCl-\/view?usp=sharing<\/a><\/p>\n","editorial":[{"ID":6158,"post_author":"3","post_date":"2022-07-28 17:46:08","post_date_gmt":"2022-07-28 15:46:08","post_content":"","post_title":"CLARET","post_excerpt":"","post_status":"publish","comment_status":"closed","ping_status":"closed","post_password":"","post_name":"claret","to_ping":"","pinged":"","post_modified":"2022-07-28 17:46:08","post_modified_gmt":"2022-07-28 15:46:08","post_content_filtered":"","post_parent":0,"guid":"http:\/\/dev.claret.cat\/editorial\/claret\/","menu_order":0,"post_type":"editorial","post_mime_type":"","comment_count":"0","filter":"raw"}],"autores-libros":[{"ID":5299,"post_author":"3","post_date":"2022-07-28 17:21:03","post_date_gmt":"2022-07-28 15:21:03","post_content":"Economista i fil\u00f2sof, <strong>Bernat Sellar\u00e8s<\/strong> \u00e9s gerent de l'Ateneu Universitari Sant Paci\u00e0 i professor a l'URL i la UAB d'Hist\u00f2ria del pensament econ\u00f2mic i pol\u00edtic. La seva traject\u00f2ria professional passa tamb\u00e9 per algunes empreses multinacionals del sector digital i l'ecommerce. Actualment, tamb\u00e9 \u00e9s membre del consell assessor de la C\u00e0tedra de pensament i acci\u00f3 social de l'Esgl\u00e9sia (Facultat de Teologia de Catalunya), del consell de redacci\u00f3 de la Revista Serra d'Or i organitzador del moviment Economy of Francesco promogut pel papa Francesc.\r\n\r\nEntre d'altres, ha publicat<a href=\"https:\/\/www.claret.cat\/llibre\/economia-i-ecologia-9788491364054\/?c=\"><em> Economia i ecologia <\/em><\/a>(Editorial Claret, 2022) o <a href=\"https:\/\/www.claret.cat\/llibre\/repensar-leconomia-a-partir-de-la-pandemia-9788491363491\/?c=\"><em>Repensar l'economia a partir de la pand\u00e8mia<\/em><\/a> (Editorial Claret, 2021).","post_title":"BERNAT SELLAR\u00c8S","post_excerpt":"","post_status":"publish","comment_status":"closed","ping_status":"closed","post_password":"","post_name":"bernat-sellares","to_ping":"","pinged":"","post_modified":"2024-10-10 12:51:27","post_modified_gmt":"2024-10-10 10:51:27","post_content_filtered":"","post_parent":0,"guid":"http:\/\/dev.claret.cat\/autor\/bernat-sellares\/","menu_order":0,"post_type":"autor","post_mime_type":"","comment_count":"0","filter":"raw"}]},"aioseo_notices":[],"_links":{"self":[{"href":"https:\/\/www.claret.cat\/es\/wp-json\/wp\/v2\/product\/580575","targetHints":{"allow":["GET"]}}],"collection":[{"href":"https:\/\/www.claret.cat\/es\/wp-json\/wp\/v2\/product"}],"about":[{"href":"https:\/\/www.claret.cat\/es\/wp-json\/wp\/v2\/types\/product"}],"wp:featuredmedia":[{"embeddable":true,"href":"https:\/\/www.claret.cat\/es\/wp-json\/wp\/v2\/media\/973822"}],"wp:attachment":[{"href":"https:\/\/www.claret.cat\/es\/wp-json\/wp\/v2\/media?parent=580575"}],"wp:term":[{"taxonomy":"product_brand","embeddable":true,"href":"https:\/\/www.claret.cat\/es\/wp-json\/wp\/v2\/product_brand?post=580575"},{"taxonomy":"product_cat","embeddable":true,"href":"https:\/\/www.claret.cat\/es\/wp-json\/wp\/v2\/product_cat?post=580575"},{"taxonomy":"product_tag","embeddable":true,"href":"https:\/\/www.claret.cat\/es\/wp-json\/wp\/v2\/product_tag?post=580575"}],"curies":[{"name":"wp","href":"https:\/\/api.w.org\/{rel}","templated":true}]}}

<p>Les nostres societats occidentals semblen convençudes que l’economia ha de créixer constantment, que cada any que passa hem de produir més que l’any anterior. En canvi, quan contemplem la natura ens adonem que tot el que creix acaba descomposant-se; que la fulla que creix en l’arbre acaba caient-ne tot convertint-se en la terra on creixeran els arbres del demà. És com si l’economia, en una trajectòria lineal, s’hagués desvinculat del moviment circular de la natura; com una nau espacial a tota velocitat que abandona l’òrbita de la Terra. <br />A què es podria deure aquest deliri dels nostres dies? El present volum intenta mostrar algunes de les causes que ens han portat fins aquí, i al mateix temps aporta una proposta de canvi ben concreta: «deixar brotar» per tal de relligar novament economia i ecologia. Deixar tornar la natura enmig nostre com a solució als nostres problemes econòmics i ecològics, i fent rebrotar una naturalesa potser encara més ultratjada que els nostres boscos: la nostra naturalesa interior.</p>

<p>SELLARÈS, BERNAT</p>

SELLARÈS, BERNAT

FORA DE COL.LECCIÓ

Rústica

<p>Agència Flama, 10/05/2023</p>
<p><a href="https://www.agenciaflama.cat/bernat-sellares-lespiritualitat-es-el-contrapes-que-reconcilia-leconomia-i-lecologia-al-mon/" rel="noopener noreferrer" target="_blank">https://www.agenciaflama.cat/bernat-sellares-lespiritualitat-es-el-contrapes-que-reconcilia-leconomia-i-lecologia-al-mon/</a></p>
<p></p>
<p>Rac1 (Vostè primer &#8211;  44&#8242; 33&#8221;), 11/07/2023</p>
<p><a href="https://www.rac1.cat/a-la-carta/detail/95af6d7c-8c6f-48fb-9f4d-28caddf9af70" rel="noopener noreferrer" target="_blank">https://www.rac1.cat/a-la-carta/detail/95af6d7c-8c6f-48fb-9f4d-28caddf9af70</a></p>
<p></p>
<p>Foc Nou, 06/09/2023</p>
<p><a href="https://www.focnou.cat/un-programa-economic-per-a-gent-conscient/" rel="noopener noreferrer" target="_blank">https://www.focnou.cat/un-programa-economic-per-a-gent-conscient/</a></p>
<p></p>
<p>Agència Flama, 14/12/23</p>
<p><a href="https://www.agenciaflama.cat/que-algu-es-pugui-lucrar-a-partir-de-la-destruccio-i-de-la-mort-de-persones-es-un-acte-totalment-immoral/" rel="noopener noreferrer" target="_blank">https://www.agenciaflama.cat/que-algu-es-pugui-lucrar-a-partir-de-la-destruccio-i-de-la-mort-de-persones-es-un-acte-totalment-immoral/</a></p>
<p></p>
<p>Serra d&#8217;Or, 28/02/2024</p>
<p><a href="https://drive.google.com/file/d/1CGN8QG3xHoceSBoMzn5l06O_tMQVsCl-/view?usp=sharing" rel="noopener noreferrer" target="_blank">https://drive.google.com/file/d/1CGN8QG3xHoceSBoMzn5l06O_tMQVsCl-/view?usp=sharing</a></p>

Economista i filòsof, <strong>Bernat Sellarès</strong> és gerent de l'Ateneu Universitari Sant Pacià i professor a l'URL i la UAB d'Història del pensament econòmic i polític. La seva trajectòria professional passa també per algunes empreses multinacionals del sector digital i l'ecommerce. Actualment, també és membre del consell assessor de la Càtedra de pensament i acció social de l'Església (Facultat de Teologia de Catalunya), del consell de redacció de la Revista Serra d'Or i organitzador del moviment Economy of Francesco promogut pel papa Francesc.

Entre d'altres, ha publicat<a href="https://www.claret.cat/llibre/economia-i-ecologia-9788491364054/?c="><em> Economia i ecologia </em></a>(Editorial Claret, 2022) o <a href="https://www.claret.cat/llibre/repensar-leconomia-a-partir-de-la-pandemia-9788491363491/?c="><em>Repensar l'economia a partir de la pandèmia</em></a> (Editorial Claret, 2021).

BERNAT SELLARÈS
