{"id":580708,"date":"2023-08-31T13:30:16","date_gmt":"2023-08-31T11:30:16","guid":{"rendered":"https:\/\/www.claret.cat\/llibre\/salvador-allende-9788412708479\/"},"modified":"2023-10-11T01:09:51","modified_gmt":"2023-10-10T23:09:51","slug":"salvador-allende-9788412708479","status":"publish","type":"product","link":"https:\/\/www.claret.cat\/es\/libro\/salvador-allende-9788412708479\/","title":{"rendered":"SALVADOR ALLENDE"},"content":{"rendered":"<p><span>El 11 de septiembre de 1973, Salvador Allende pas\u00f3 a ser un mito. El bombardeo de La Moneda, el dramatismo y la hermosura de sus postreras palabras y su inmolaci\u00f3n en defensa del desarrollo democr\u00e1tico de Chile otorgaron a su nombre una dimensi\u00f3n universal. A medio siglo de aquellos acontecimientos que conmovieron al mundo, esta biograf\u00eda va m\u00e1s all\u00e1 del mito. Con el rigor del historiador y la agilidad del periodista, Mario Amor\u00f3s relata de forma minuciosa su trayectoria pol\u00edtica y traza una cuidada semblanza humana. En el transcurso de estas p\u00e1ginas descubrimos sus ra\u00edces familiares y conocemos al joven que de la mano de una carpintero anarquista se acerc\u00f3 a las ideas emancipatorias; al m\u00e9dico de profunda vocaci\u00f3n social que desde 1933 particip\u00f3 en la fundaci\u00f3n y expansi\u00f3n del Partido Socialista; al ministro de Salud del Frente Popular; al senador y diputado que durante 25 a\u00f1os promovi\u00f3 una legislaci\u00f3n avanzada; al l\u00edder que a lo largo de dos d\u00e9cadas uni\u00f3 a la izquierda y al revolucionario que preconiz\u00f3 el socialismo \u201cen democracia, pluralismo y libertad\u201d. Cincuenta a\u00f1os despu\u00e9s, los valores y las causas de Salvador Allende conservan plena vigencia y mantienen viva su figura.<\/span><\/p>\n","protected":false},"excerpt":{"rendered":"<p>AMOROS, MARIO<\/p>\n","protected":false},"featured_media":580778,"template":"","meta":{"_acf_changed":false,"om_disable_all_campaigns":false,"rs_blank_template":"","rs_page_bg_color":"","slide_template_v7":"","inline_featured_image":false,"_monsterinsights_skip_tracking":false,"_monsterinsights_sitenote_active":false,"_monsterinsights_sitenote_note":"","_monsterinsights_sitenote_category":0},"product_brand":[],"product_cat":[549,99],"product_tag":[],"class_list":{"0":"post-580708","1":"product","2":"type-product","3":"status-publish","4":"has-post-thumbnail","6":"product_cat-biografias","7":"product_cat-biografies","9":"first","10":"instock","11":"taxable","12":"shipping-taxable","13":"purchasable","14":"product-type-simple"},"acf":{"autor":"AMOROS, MARIO","codart":"841270847","libros-coleccion":"Ensayo","ediciones":"1","encuadernacion":"R\u00fastica","fecha_de_publicacion":"01\/09\/2023","novedad":"1","paginas":"407","subtitulo":"","orden":"0","portada":"0","idioma":"spa","editorial":[{"ID":6153,"post_author":"3","post_date":"2022-07-28 17:46:01","post_date_gmt":"2022-07-28 15:46:01","post_content":"","post_title":"CAPITAN SWING LIBROS","post_excerpt":"","post_status":"publish","comment_status":"closed","ping_status":"closed","post_password":"","post_name":"capitan-swing-libros","to_ping":"","pinged":"","post_modified":"2022-07-28 17:46:01","post_modified_gmt":"2022-07-28 15:46:01","post_content_filtered":"","post_parent":0,"guid":"http:\/\/dev.claret.cat\/editorial\/capitan-swing-libros\/","menu_order":0,"post_type":"editorial","post_mime_type":"","comment_count":"0","filter":"raw"}],"autores-libros":[{"ID":163963,"post_author":"3","post_date":"2022-10-14 17:43:15","post_date_gmt":"2022-10-14 15:43:15","post_content":"","post_title":"MARIO AMOROS","post_excerpt":"","post_status":"publish","comment_status":"closed","ping_status":"closed","post_password":"","post_name":"mario-amoros","to_ping":"","pinged":"","post_modified":"2022-10-14 17:43:15","post_modified_gmt":"2022-10-14 15:43:15","post_content_filtered":"","post_parent":0,"guid":"http:\/\/dev.claret.cat\/autor\/mario-amoros\/","menu_order":0,"post_type":"autor","post_mime_type":"","comment_count":"0","filter":"raw"}]},"aioseo_notices":[],"_links":{"self":[{"href":"https:\/\/www.claret.cat\/es\/wp-json\/wp\/v2\/product\/580708","targetHints":{"allow":["GET"]}}],"collection":[{"href":"https:\/\/www.claret.cat\/es\/wp-json\/wp\/v2\/product"}],"about":[{"href":"https:\/\/www.claret.cat\/es\/wp-json\/wp\/v2\/types\/product"}],"wp:featuredmedia":[{"embeddable":true,"href":"https:\/\/www.claret.cat\/es\/wp-json\/wp\/v2\/media\/580778"}],"wp:attachment":[{"href":"https:\/\/www.claret.cat\/es\/wp-json\/wp\/v2\/media?parent=580708"}],"wp:term":[{"taxonomy":"product_brand","embeddable":true,"href":"https:\/\/www.claret.cat\/es\/wp-json\/wp\/v2\/product_brand?post=580708"},{"taxonomy":"product_cat","embeddable":true,"href":"https:\/\/www.claret.cat\/es\/wp-json\/wp\/v2\/product_cat?post=580708"},{"taxonomy":"product_tag","embeddable":true,"href":"https:\/\/www.claret.cat\/es\/wp-json\/wp\/v2\/product_tag?post=580708"}],"curies":[{"name":"wp","href":"https:\/\/api.w.org\/{rel}","templated":true}]}}

<p><span>El 11 de septiembre de 1973, Salvador Allende pasó a ser un mito. El bombardeo de La Moneda, el dramatismo y la hermosura de sus postreras palabras y su inmolación en defensa del desarrollo democrático de Chile otorgaron a su nombre una dimensión universal. A medio siglo de aquellos acontecimientos que conmovieron al mundo, esta biografía va más allá del mito. Con el rigor del historiador y la agilidad del periodista, Mario Amorós relata de forma minuciosa su trayectoria política y traza una cuidada semblanza humana. En el transcurso de estas páginas descubrimos sus raíces familiares y conocemos al joven que de la mano de una carpintero anarquista se acercó a las ideas emancipatorias; al médico de profunda vocación social que desde 1933 participó en la fundación y expansión del Partido Socialista; al ministro de Salud del Frente Popular; al senador y diputado que durante 25 años promovió una legislación avanzada; al líder que a lo largo de dos décadas unió a la izquierda y al revolucionario que preconizó el socialismo “en democracia, pluralismo y libertad”. Cincuenta años después, los valores y las causas de Salvador Allende conservan plena vigencia y mantienen viva su figura.</span></p>

Rústica
