{"id":581217,"date":"2023-09-04T16:20:04","date_gmt":"2023-09-04T14:20:04","guid":{"rendered":"https:\/\/www.claret.cat\/llibre\/la-crisis-de-la-narracion-9788425450433\/"},"modified":"2026-01-28T10:52:12","modified_gmt":"2026-01-28T09:52:12","slug":"la-crisis-de-la-narracion-9788425450433","status":"publish","type":"product","link":"https:\/\/www.claret.cat\/es\/libro\/la-crisis-de-la-narracion-9788425450433\/","title":{"rendered":"LA CRISIS DE LA NARRACI\u00d3N"},"content":{"rendered":"<p>Las narraciones crean lazos. De ellas nace lo que nos conecta y vincula. De este modo, fundan comunidades y nos salvan de la contingencia. Sin embargo, hoy, cuando todo se ha vuelto arbitrario y azaroso, el storytelling se ha convertido en un arma comercial que transforma la narraci\u00f3n en una herramienta m\u00e1s del capitalismo, propag\u00e1ndose en medio de la desorientaci\u00f3n y la falta de sentido caracter\u00edsticos de la sociedad de la informaci\u00f3n.<br \/> Narraci\u00f3n e informaci\u00f3n son fuerzas opuestas. El esp\u00edritu de la narraci\u00f3n se pierde entre las informaciones que convierten a los individuos en consumidores, solitarios y aislados, consagrados a instantes, con el objetivo de incrementar su rendimiento y su productividad. Solo la narraci\u00f3n es la que nos eleva y nos une a trav\u00e9s de una historia com\u00fan de experiencias transmisibles que hacen significativo el transcurso del tiempo, aportando un poder transformador a la sociedad; es la \u00fanica que puede congregarnos alrededor del fuego para darnos sentido.<br \/> Esta crisis narrativa tiene vastos antecedentes, que Byung-Chul Han investiga en este ensayo, y que son una continuidad de sus reflexiones sobre la sociedad de la informaci\u00f3n.<\/p>\n","protected":false},"excerpt":{"rendered":"<p>HAN, BYUNG-CHUL<\/p>\n","protected":false},"featured_media":581235,"template":"","meta":{"_acf_changed":false,"om_disable_all_campaigns":false,"rs_blank_template":"","rs_page_bg_color":"","slide_template_v7":"","inline_featured_image":false,"_monsterinsights_skip_tracking":false,"_monsterinsights_sitenote_active":false,"_monsterinsights_sitenote_note":"","_monsterinsights_sitenote_category":0},"product_brand":[],"product_cat":[373,166],"product_tag":[],"class_list":{"0":"post-581217","1":"product","2":"type-product","3":"status-publish","4":"has-post-thumbnail","6":"product_cat-autores","7":"product_cat-autors-filosofia","9":"first","10":"instock","11":"taxable","12":"shipping-taxable","13":"purchasable","14":"product-type-simple"},"acf":{"autor":"HAN, BYUNG-CHUL","codart":"842545043","libros-coleccion":"Filosof\u00eda","ediciones":"1","encuadernacion":"R\u00fastica","fecha_de_publicacion":"01\/09\/2023","novedad":"1","paginas":"108","subtitulo":"","orden":"0","portada":"0","idioma":"spa","editorial":[{"ID":6266,"post_author":"3","post_date":"2022-07-28 17:48:31","post_date_gmt":"2022-07-28 15:48:31","post_content":"","post_title":"HERDER","post_excerpt":"","post_status":"publish","comment_status":"closed","ping_status":"closed","post_password":"","post_name":"herder","to_ping":"","pinged":"","post_modified":"2022-07-28 17:48:31","post_modified_gmt":"2022-07-28 15:48:31","post_content_filtered":"","post_parent":0,"guid":"http:\/\/dev.claret.cat\/editorial\/herder\/","menu_order":0,"post_type":"editorial","post_mime_type":"","comment_count":"0","filter":"raw"}],"autores-libros":[{"ID":151974,"post_author":"3","post_date":"2022-10-14 14:45:07","post_date_gmt":"2022-10-14 12:45:07","post_content":"","post_title":"BYUNG-CHUL HAN","post_excerpt":"","post_status":"publish","comment_status":"closed","ping_status":"closed","post_password":"","post_name":"byung-chul-han-3","to_ping":"","pinged":"","post_modified":"2022-10-14 14:45:07","post_modified_gmt":"2022-10-14 12:45:07","post_content_filtered":"","post_parent":0,"guid":"http:\/\/dev.claret.cat\/autor\/byung-chul-han-3\/","menu_order":0,"post_type":"autor","post_mime_type":"","comment_count":"0","filter":"raw"}],"booktrailer":"","resenas":""},"aioseo_notices":[],"_links":{"self":[{"href":"https:\/\/www.claret.cat\/es\/wp-json\/wp\/v2\/product\/581217","targetHints":{"allow":["GET"]}}],"collection":[{"href":"https:\/\/www.claret.cat\/es\/wp-json\/wp\/v2\/product"}],"about":[{"href":"https:\/\/www.claret.cat\/es\/wp-json\/wp\/v2\/types\/product"}],"wp:featuredmedia":[{"embeddable":true,"href":"https:\/\/www.claret.cat\/es\/wp-json\/wp\/v2\/media\/581235"}],"wp:attachment":[{"href":"https:\/\/www.claret.cat\/es\/wp-json\/wp\/v2\/media?parent=581217"}],"wp:term":[{"taxonomy":"product_brand","embeddable":true,"href":"https:\/\/www.claret.cat\/es\/wp-json\/wp\/v2\/product_brand?post=581217"},{"taxonomy":"product_cat","embeddable":true,"href":"https:\/\/www.claret.cat\/es\/wp-json\/wp\/v2\/product_cat?post=581217"},{"taxonomy":"product_tag","embeddable":true,"href":"https:\/\/www.claret.cat\/es\/wp-json\/wp\/v2\/product_tag?post=581217"}],"curies":[{"name":"wp","href":"https:\/\/api.w.org\/{rel}","templated":true}]}}

LA CRISIS DE LA NARRACIÓN

<p>Las narraciones crean lazos. De ellas nace lo que nos conecta y vincula. De este modo, fundan comunidades y nos salvan de la contingencia. Sin embargo, hoy, cuando todo se ha vuelto arbitrario y azaroso, el storytelling se ha convertido en un arma comercial que transforma la narración en una herramienta más del capitalismo, propagándose en medio de la desorientación y la falta de sentido característicos de la sociedad de la información.<br /> Narración e información son fuerzas opuestas. El espíritu de la narración se pierde entre las informaciones que convierten a los individuos en consumidores, solitarios y aislados, consagrados a instantes, con el objetivo de incrementar su rendimiento y su productividad. Solo la narración es la que nos eleva y nos une a través de una historia común de experiencias transmisibles que hacen significativo el transcurso del tiempo, aportando un poder transformador a la sociedad; es la única que puede congregarnos alrededor del fuego para darnos sentido.<br /> Esta crisis narrativa tiene vastos antecedentes, que Byung-Chul Han investiga en este ensayo, y que son una continuidad de sus reflexiones sobre la sociedad de la información.</p>

Filosofía

Rústica
