{"id":581648,"date":"2023-09-06T17:25:28","date_gmt":"2023-09-06T15:25:28","guid":{"rendered":"https:\/\/www.claret.cat\/llibre\/el-meu-quadern-montessori-per-aprendre-a-escriure-9788413896472\/"},"modified":"2025-10-20T18:01:22","modified_gmt":"2025-10-20T16:01:22","slug":"el-meu-quadern-montessori-per-aprendre-a-escriure-9788413896472","status":"publish","type":"product","link":"https:\/\/www.claret.cat\/es\/libro\/el-meu-quadern-montessori-per-aprendre-a-escriure-9788413896472\/","title":{"rendered":"EL MEU QUADERN MONTESSORI PER APRENDRE A ESCRIURE"},"content":{"rendered":"<p>Apr\u00e8n a llegir i a escriure en lletra de pal i lletra lligada amb aquest quadern Montessori!Aprendre a llegir i escriure \u00e9s un gran repte per als infants, i un proc\u00e9s important\u00edssim en el seu desenvolupament que els hi donar\u00e0 eines per a moltes tasques vitals.<br \/> Maria Montessori defensava que els adults han de seguir els interessos dels infants. Si les vostres criatures comencen a mostrar inter\u00e8s per les lletres, aquest quadern pot ser una bona opci\u00f3 per ajudar-les\u00a0a desenvolupar la lectoescriptura.<br \/> Amb un acompanyament adequat, aprendre a llegir i escriure pot ser un plaer per als vostres infants. A m\u00e9s, aprendran paraules noves sobre elements de la natura que memoritzaran f\u00e0cilment a trav\u00e9s de les imatges que els acompanyen.<br \/> \u00a0En aquest quadern hi trobareu:<br \/> -Activitats Montessori per despertar la consci\u00e8ncia fonol\u00f2gica.<br \/> -Propostes f\u00e0cils per fer els vostres materials Montessori DIY.<br \/> -Dues p\u00e0gines per lletra de l&#8221;abecedari, per practicar-ne la grafia en lletra de pal i lletra lligada.<br \/> -Fotografies en blanc i negre que representen elements naturals que contenen cada lletra.<br \/> -Exercicis senzills de grafomotricitat.<br \/> Un quadern molt complet per a complementar i refor\u00e7ar l&#8221;aprenentatge de l&#8221;escriptura en lletra de pal i lletra lligada.<br \/> Recomanat a partir de 3 anys.<\/p>\n","protected":false},"excerpt":{"rendered":"<p>AA. VV.<\/p>\n","protected":false},"featured_media":876944,"template":"","meta":{"_acf_changed":false,"om_disable_all_campaigns":false,"rs_blank_template":"","rs_page_bg_color":"","slide_template_v7":"","inline_featured_image":false,"_monsterinsights_skip_tracking":false,"_monsterinsights_sitenote_active":false,"_monsterinsights_sitenote_note":"","_monsterinsights_sitenote_category":0},"product_brand":[],"product_cat":[131,132,361,362],"product_tag":[],"class_list":{"0":"post-581648","1":"product","2":"type-product","3":"status-publish","4":"has-post-thumbnail","6":"product_cat-contes-per-infants-0-6-anys","7":"product_cat-lectures-per-preadolescents-6-12-anys","8":"product_cat-cuentos-para-ninos-0-6-anos","9":"product_cat-libros-preadolescentes-6-12-anos","11":"first","12":"instock","13":"taxable","14":"shipping-taxable","15":"purchasable","16":"product-type-simple"},"acf":{"autor":"AA. VV.","codart":"841389647","libros-coleccion":"Montessori","ediciones":"1","encuadernacion":"R\u00fastica","fecha_de_publicacion":"01\/09\/2023","novedad":"1","paginas":"63","subtitulo":"","orden":"0","portada":"0","idioma":"cat","editorial":[{"ID":6249,"post_author":"3","post_date":"2022-07-28 17:48:09","post_date_gmt":"2022-07-28 15:48:09","post_content":"","post_title":"Estrella Polar","post_excerpt":"","post_status":"publish","comment_status":"closed","ping_status":"closed","post_password":"","post_name":"estrella-polar","to_ping":"","pinged":"","post_modified":"2022-07-28 17:48:09","post_modified_gmt":"2022-07-28 15:48:09","post_content_filtered":"","post_parent":0,"guid":"http:\/\/dev.claret.cat\/editorial\/estrella-polar\/","menu_order":0,"post_type":"editorial","post_mime_type":"","comment_count":"0","filter":"raw"}],"autores-libros":[{"ID":5197,"post_author":"3","post_date":"2022-07-28 17:16:51","post_date_gmt":"2022-07-28 15:16:51","post_content":"","post_title":"AA. VV.","post_excerpt":"","post_status":"publish","comment_status":"closed","ping_status":"closed","post_password":"","post_name":"aa-vv","to_ping":"","pinged":"","post_modified":"2022-07-28 17:16:51","post_modified_gmt":"2022-07-28 15:16:51","post_content_filtered":"","post_parent":0,"guid":"http:\/\/dev.claret.cat\/autor\/aa-vv\/","menu_order":0,"post_type":"autor","post_mime_type":"","comment_count":"0","filter":"raw"}],"booktrailer":"","resenas":""},"aioseo_notices":[],"_links":{"self":[{"href":"https:\/\/www.claret.cat\/es\/wp-json\/wp\/v2\/product\/581648","targetHints":{"allow":["GET"]}}],"collection":[{"href":"https:\/\/www.claret.cat\/es\/wp-json\/wp\/v2\/product"}],"about":[{"href":"https:\/\/www.claret.cat\/es\/wp-json\/wp\/v2\/types\/product"}],"wp:featuredmedia":[{"embeddable":true,"href":"https:\/\/www.claret.cat\/es\/wp-json\/wp\/v2\/media\/876944"}],"wp:attachment":[{"href":"https:\/\/www.claret.cat\/es\/wp-json\/wp\/v2\/media?parent=581648"}],"wp:term":[{"taxonomy":"product_brand","embeddable":true,"href":"https:\/\/www.claret.cat\/es\/wp-json\/wp\/v2\/product_brand?post=581648"},{"taxonomy":"product_cat","embeddable":true,"href":"https:\/\/www.claret.cat\/es\/wp-json\/wp\/v2\/product_cat?post=581648"},{"taxonomy":"product_tag","embeddable":true,"href":"https:\/\/www.claret.cat\/es\/wp-json\/wp\/v2\/product_tag?post=581648"}],"curies":[{"name":"wp","href":"https:\/\/api.w.org\/{rel}","templated":true}]}}

<p>Aprèn a llegir i a escriure en lletra de pal i lletra lligada amb aquest quadern Montessori!Aprendre a llegir i escriure és un gran repte per als infants, i un procés importantíssim en el seu desenvolupament que els hi donarà eines per a moltes tasques vitals.<br /> Maria Montessori defensava que els adults han de seguir els interessos dels infants. Si les vostres criatures comencen a mostrar interès per les lletres, aquest quadern pot ser una bona opció per ajudar-les a desenvolupar la lectoescriptura.<br /> Amb un acompanyament adequat, aprendre a llegir i escriure pot ser un plaer per als vostres infants. A més, aprendran paraules noves sobre elements de la natura que memoritzaran fàcilment a través de les imatges que els acompanyen.<br />  En aquest quadern hi trobareu:<br /> -Activitats Montessori per despertar la consciència fonològica.<br /> -Propostes fàcils per fer els vostres materials Montessori DIY.<br /> -Dues pàgines per lletra de l&#8221;abecedari, per practicar-ne la grafia en lletra de pal i lletra lligada.<br /> -Fotografies en blanc i negre que representen elements naturals que contenen cada lletra.<br /> -Exercicis senzills de grafomotricitat.<br /> Un quadern molt complet per a complementar i reforçar l&#8221;aprenentatge de l&#8221;escriptura en lletra de pal i lletra lligada.<br /> Recomanat a partir de 3 anys.</p>

Rústica
