{"id":581781,"date":"2023-09-07T09:20:36","date_gmt":"2023-09-07T07:20:36","guid":{"rendered":"https:\/\/www.claret.cat\/llibre\/fue-el-9788492649310\/"},"modified":"2025-11-13T17:00:44","modified_gmt":"2025-11-13T16:00:44","slug":"fue-el-9788492649310","status":"publish","type":"product","link":"https:\/\/www.claret.cat\/es\/libro\/fue-el-9788492649310\/","title":{"rendered":"FUE EL?"},"content":{"rendered":"<p>\u201cUn cuento moral sobre la inconveniencia de colocar mal los afectos.\u201d<br \/>Francisco Garc\u00eda P\u00e9rez, La Nueva Espa\u00f1a<br \/>\u201cStefan Zweig nos hace sentir los latidos del coraz\u00f3n desde dentro, como si se nos hubiese facilitado la entrada a las almas acosadas de quienes ya no encuentran un lugar en el mundo.\u201d<br \/>I\u00f1aki Urdanibia, Gara<br \/>\u201c\u00bfFue \u00e9l? deslumbra con su prosa vivaz, pero sobre todo por la finura del an\u00e1lisis psicol\u00f3gico.\u201d<br \/>El Ciervo<br \/>\u201cStefan Zweig utiliza al mejor amigo del hombre para demostrar lo ego\u00edsta, miope, caprichoso y miserable que es el hombre.\u201d<br \/>Ignacio Carri\u00f3n, Le Monde Diplomatique<br \/>\u201cSe lee de un tir\u00f3n. Magistral.\u201d<br \/>Jose Mar\u00eda de Loma, La Opini\u00f3n de M\u00e1laga<\/p>\n","protected":false},"excerpt":{"rendered":"<p>ZWEIG, STEFAN<\/p>\n","protected":false},"featured_media":581782,"template":"","meta":{"_acf_changed":false,"om_disable_all_campaigns":false,"rs_blank_template":"","rs_page_bg_color":"","slide_template_v7":"","inline_featured_image":false,"_monsterinsights_skip_tracking":false,"_monsterinsights_sitenote_active":false,"_monsterinsights_sitenote_note":"","_monsterinsights_sitenote_category":0},"product_brand":[],"product_cat":[354,123],"product_tag":[],"class_list":{"0":"post-581781","1":"product","2":"type-product","3":"status-publish","4":"has-post-thumbnail","6":"product_cat-clasica","7":"product_cat-classica","9":"first","10":"instock","11":"taxable","12":"shipping-taxable","13":"purchasable","14":"product-type-simple"},"acf":{"autor":"ZWEIG, STEFAN","codart":"849264931","libros-coleccion":"","ediciones":"1","encuadernacion":"R\u00fastica","fecha_de_publicacion":"01\/01\/2010","novedad":"0","paginas":"74","subtitulo":"","orden":"999","portada":"0","idioma":"spa","editorial":[{"ID":6111,"post_author":"3","post_date":"2022-07-28 17:45:08","post_date_gmt":"2022-07-28 15:45:08","post_content":"","post_title":"ACANTILADO","post_excerpt":"","post_status":"publish","comment_status":"closed","ping_status":"closed","post_password":"","post_name":"acantilado","to_ping":"","pinged":"","post_modified":"2022-07-28 17:45:08","post_modified_gmt":"2022-07-28 15:45:08","post_content_filtered":"","post_parent":0,"guid":"http:\/\/dev.claret.cat\/editorial\/acantilado\/","menu_order":0,"post_type":"editorial","post_mime_type":"","comment_count":"0","filter":"raw"}],"autores-libros":[{"ID":6043,"post_author":"3","post_date":"2022-07-28 17:36:56","post_date_gmt":"2022-07-28 15:36:56","post_content":"","post_title":"STEFAN ZWEIG","post_excerpt":"","post_status":"publish","comment_status":"closed","ping_status":"closed","post_password":"","post_name":"stefan-zweig","to_ping":"","pinged":"","post_modified":"2022-07-28 17:36:56","post_modified_gmt":"2022-07-28 15:36:56","post_content_filtered":"","post_parent":0,"guid":"http:\/\/dev.claret.cat\/autor\/stefan-zweig\/","menu_order":0,"post_type":"autor","post_mime_type":"","comment_count":"0","filter":"raw"}],"booktrailer":"","resenas":""},"aioseo_notices":[],"_links":{"self":[{"href":"https:\/\/www.claret.cat\/es\/wp-json\/wp\/v2\/product\/581781","targetHints":{"allow":["GET"]}}],"collection":[{"href":"https:\/\/www.claret.cat\/es\/wp-json\/wp\/v2\/product"}],"about":[{"href":"https:\/\/www.claret.cat\/es\/wp-json\/wp\/v2\/types\/product"}],"wp:featuredmedia":[{"embeddable":true,"href":"https:\/\/www.claret.cat\/es\/wp-json\/wp\/v2\/media\/581782"}],"wp:attachment":[{"href":"https:\/\/www.claret.cat\/es\/wp-json\/wp\/v2\/media?parent=581781"}],"wp:term":[{"taxonomy":"product_brand","embeddable":true,"href":"https:\/\/www.claret.cat\/es\/wp-json\/wp\/v2\/product_brand?post=581781"},{"taxonomy":"product_cat","embeddable":true,"href":"https:\/\/www.claret.cat\/es\/wp-json\/wp\/v2\/product_cat?post=581781"},{"taxonomy":"product_tag","embeddable":true,"href":"https:\/\/www.claret.cat\/es\/wp-json\/wp\/v2\/product_tag?post=581781"}],"curies":[{"name":"wp","href":"https:\/\/api.w.org\/{rel}","templated":true}]}}

<p>“Un cuento moral sobre la inconveniencia de colocar mal los afectos.”<br />Francisco García Pérez, La Nueva España<br />“Stefan Zweig nos hace sentir los latidos del corazón desde dentro, como si se nos hubiese facilitado la entrada a las almas acosadas de quienes ya no encuentran un lugar en el mundo.”<br />Iñaki Urdanibia, Gara<br />“¿Fue él? deslumbra con su prosa vivaz, pero sobre todo por la finura del análisis psicológico.”<br />El Ciervo<br />“Stefan Zweig utiliza al mejor amigo del hombre para demostrar lo egoísta, miope, caprichoso y miserable que es el hombre.”<br />Ignacio Carrión, Le Monde Diplomatique<br />“Se lee de un tirón. Magistral.”<br />Jose María de Loma, La Opinión de Málaga</p>

Rústica
