{"id":588826,"date":"2023-09-08T15:52:58","date_gmt":"2023-09-08T13:52:58","guid":{"rendered":"https:\/\/www.claret.cat\/llibre\/terrorific-9788411580137\/"},"modified":"2024-06-13T14:30:11","modified_gmt":"2024-06-13T12:30:11","slug":"terrorific-9788411580137","status":"publish","type":"product","link":"https:\/\/www.claret.cat\/es\/libro\/terrorific-9788411580137\/","title":{"rendered":"TERROR\u00cdFIC!"},"content":{"rendered":"<p>Ep, hola! Soc l&#8221;Agus Pianola, em coneixeu, oi? I tamb\u00e9 deveu saber qui s\u00f3n la meva amiga L\u00eddia, el Sr. Flat i els monstres que viuen a la meva habitaci\u00f3. N&#8221;hem passat de tots colors, per\u00f2 mai hav\u00edem tingut tanta por com en aquesta aventura! Va comen\u00e7ar b\u00e9, en un parc d&#8221;atraccions, qu\u00e8 podia fallar? Per\u00f2 quan vam entrar a la Casa de la Por i, de cop, la porta per sortir-ne va desapar\u00e8ixer, ens vam adonar que ens calia afrontar les nostres pors tant s\u00ed com no.<\/p>\n","protected":false},"excerpt":{"rendered":"<p>COPONS RAMON, JAUME<\/p>\n","protected":false},"featured_media":588827,"template":"","meta":{"_acf_changed":false,"om_disable_all_campaigns":false,"rs_blank_template":"","rs_page_bg_color":"","slide_template_v7":"","inline_featured_image":false,"_monsterinsights_skip_tracking":false,"_monsterinsights_sitenote_active":false,"_monsterinsights_sitenote_note":"","_monsterinsights_sitenote_category":0},"product_brand":[],"product_cat":[132,362],"product_tag":[],"class_list":{"0":"post-588826","1":"product","2":"type-product","3":"status-publish","4":"has-post-thumbnail","6":"product_cat-lectures-per-preadolescents-6-12-anys","7":"product_cat-libros-preadolescentes-6-12-anos","9":"first","10":"instock","11":"taxable","12":"shipping-taxable","13":"purchasable","14":"product-type-simple"},"acf":{"autor":"COPONS RAMON, JAUME","codart":"841158013","libros-coleccion":"FORA DE COL.LECCI\u00d3","ediciones":"1","encuadernacion":"R\u00fastica","fecha_de_publicacion":"01\/09\/2023","novedad":"1","paginas":"157","subtitulo":"","orden":"0","portada":"0","idioma":"cat","editorial":[{"ID":147649,"post_author":"3","post_date":"2022-10-14 11:52:11","post_date_gmt":"2022-10-14 09:52:11","post_content":"","post_title":"COMBEL EDITORIAL","post_excerpt":"","post_status":"publish","comment_status":"closed","ping_status":"closed","post_password":"","post_name":"combel-editorial","to_ping":"","pinged":"","post_modified":"2022-10-14 11:52:11","post_modified_gmt":"2022-10-14 09:52:11","post_content_filtered":"","post_parent":0,"guid":"http:\/\/dev.claret.cat\/editorial\/combel-editorial\/","menu_order":0,"post_type":"editorial","post_mime_type":"","comment_count":"0","filter":"raw"}],"autores-libros":[{"ID":158579,"post_author":"3","post_date":"2022-10-14 15:37:58","post_date_gmt":"2022-10-14 13:37:58","post_content":"","post_title":"JAUME COPONS RAMON","post_excerpt":"","post_status":"publish","comment_status":"closed","ping_status":"closed","post_password":"","post_name":"jaume-copons-ramon","to_ping":"","pinged":"","post_modified":"2022-10-14 15:37:58","post_modified_gmt":"2022-10-14 13:37:58","post_content_filtered":"","post_parent":0,"guid":"http:\/\/dev.claret.cat\/autor\/jaume-copons-ramon\/","menu_order":0,"post_type":"autor","post_mime_type":"","comment_count":"0","filter":"raw"}]},"aioseo_notices":[],"_links":{"self":[{"href":"https:\/\/www.claret.cat\/es\/wp-json\/wp\/v2\/product\/588826","targetHints":{"allow":["GET"]}}],"collection":[{"href":"https:\/\/www.claret.cat\/es\/wp-json\/wp\/v2\/product"}],"about":[{"href":"https:\/\/www.claret.cat\/es\/wp-json\/wp\/v2\/types\/product"}],"wp:featuredmedia":[{"embeddable":true,"href":"https:\/\/www.claret.cat\/es\/wp-json\/wp\/v2\/media\/588827"}],"wp:attachment":[{"href":"https:\/\/www.claret.cat\/es\/wp-json\/wp\/v2\/media?parent=588826"}],"wp:term":[{"taxonomy":"product_brand","embeddable":true,"href":"https:\/\/www.claret.cat\/es\/wp-json\/wp\/v2\/product_brand?post=588826"},{"taxonomy":"product_cat","embeddable":true,"href":"https:\/\/www.claret.cat\/es\/wp-json\/wp\/v2\/product_cat?post=588826"},{"taxonomy":"product_tag","embeddable":true,"href":"https:\/\/www.claret.cat\/es\/wp-json\/wp\/v2\/product_tag?post=588826"}],"curies":[{"name":"wp","href":"https:\/\/api.w.org\/{rel}","templated":true}]}}

TERRORÍFIC!

<p>Ep, hola! Soc l&#8221;Agus Pianola, em coneixeu, oi? I també deveu saber qui són la meva amiga Lídia, el Sr. Flat i els monstres que viuen a la meva habitació. N&#8221;hem passat de tots colors, però mai havíem tingut tanta por com en aquesta aventura! Va començar bé, en un parc d&#8221;atraccions, què podia fallar? Però quan vam entrar a la Casa de la Por i, de cop, la porta per sortir-ne va desaparèixer, ens vam adonar que ens calia afrontar les nostres pors tant sí com no.</p>

FORA DE COL.LECCIÓ

Rústica
