{"id":598,"date":"2022-07-27T15:25:26","date_gmt":"2022-07-27T13:25:26","guid":{"rendered":"http:\/\/dev.claret.cat\/producto\/visca-la-vida-gabi-9788419172198\/"},"modified":"2023-10-06T08:56:47","modified_gmt":"2023-10-06T06:56:47","slug":"visca-la-vida-gabi-9788419172198","status":"publish","type":"product","link":"https:\/\/www.claret.cat\/es\/libro\/visca-la-vida-gabi-9788419172198\/","title":{"rendered":"VISCA LA VIDA, GABI!"},"content":{"rendered":"<p>Una nena de set anys que sap gaudir de la vida. Li encanta c\u00f3rrer, jugar, dibuixar, grimpar i inventar-se hist\u00f2ries amb el seu gat Kit Kat. Tamb\u00e9 li encanta observar les abelles. Amb la Gabi els dies s\u00f3n plens de vida i riures. Tots voldr\u00edem tenir una amiga com la Gabi!<\/p>\n","protected":false},"excerpt":{"rendered":"<p>BRAVI, SOLEDAD<\/p>\n","protected":false},"featured_media":53719,"template":"","meta":{"_acf_changed":false,"om_disable_all_campaigns":false,"rs_blank_template":"","rs_page_bg_color":"","slide_template_v7":"","inline_featured_image":false,"_monsterinsights_skip_tracking":false,"_monsterinsights_sitenote_active":false,"_monsterinsights_sitenote_note":"","_monsterinsights_sitenote_category":0},"product_brand":[],"product_cat":[132],"product_tag":[],"class_list":{"0":"post-598","1":"product","2":"type-product","3":"status-publish","4":"has-post-thumbnail","6":"product_cat-lectures-per-preadolescents-6-12-anys","8":"first","9":"instock","10":"taxable","11":"shipping-taxable","12":"purchasable","13":"product-type-simple"},"acf":{"autor":"BRAVI, SOLEDAD","codart":"841917219","ediciones":"1","encuadernacion":"Carton\u00e9","fecha_de_publicacion":"01\/06\/2022","novedad":"1","paginas":"64","subtitulo":"","orden":"0","portada":"0","idioma":"cat","libros-coleccion":"FORA DE COL.LECCI\u00d3","autores-libros":[{"ID":6041,"post_author":"3","post_date":"2022-07-28 17:36:54","post_date_gmt":"2022-07-28 15:36:54","post_content":"","post_title":"SOLEDAD BRAVI","post_excerpt":"","post_status":"publish","comment_status":"closed","ping_status":"closed","post_password":"","post_name":"soledad-bravi","to_ping":"","pinged":"","post_modified":"2022-07-28 17:36:54","post_modified_gmt":"2022-07-28 15:36:54","post_content_filtered":"","post_parent":0,"guid":"http:\/\/dev.claret.cat\/autor\/soledad-bravi\/","menu_order":0,"post_type":"autor","post_mime_type":"","comment_count":"0","filter":"raw"}],"editorial":[{"ID":6146,"post_author":"3","post_date":"2022-07-28 17:45:52","post_date_gmt":"2022-07-28 15:45:52","post_content":"","post_title":"Blackie Books","post_excerpt":"","post_status":"publish","comment_status":"closed","ping_status":"closed","post_password":"","post_name":"blackie-books","to_ping":"","pinged":"","post_modified":"2022-07-28 17:45:52","post_modified_gmt":"2022-07-28 15:45:52","post_content_filtered":"","post_parent":0,"guid":"http:\/\/dev.claret.cat\/editorial\/blackie-books\/","menu_order":0,"post_type":"editorial","post_mime_type":"","comment_count":"0","filter":"raw"}]},"aioseo_notices":[],"_links":{"self":[{"href":"https:\/\/www.claret.cat\/es\/wp-json\/wp\/v2\/product\/598","targetHints":{"allow":["GET"]}}],"collection":[{"href":"https:\/\/www.claret.cat\/es\/wp-json\/wp\/v2\/product"}],"about":[{"href":"https:\/\/www.claret.cat\/es\/wp-json\/wp\/v2\/types\/product"}],"wp:featuredmedia":[{"embeddable":true,"href":"https:\/\/www.claret.cat\/es\/wp-json\/wp\/v2\/media\/53719"}],"wp:attachment":[{"href":"https:\/\/www.claret.cat\/es\/wp-json\/wp\/v2\/media?parent=598"}],"wp:term":[{"taxonomy":"product_brand","embeddable":true,"href":"https:\/\/www.claret.cat\/es\/wp-json\/wp\/v2\/product_brand?post=598"},{"taxonomy":"product_cat","embeddable":true,"href":"https:\/\/www.claret.cat\/es\/wp-json\/wp\/v2\/product_cat?post=598"},{"taxonomy":"product_tag","embeddable":true,"href":"https:\/\/www.claret.cat\/es\/wp-json\/wp\/v2\/product_tag?post=598"}],"curies":[{"name":"wp","href":"https:\/\/api.w.org\/{rel}","templated":true}]}}

<p>Una nena de set anys que sap gaudir de la vida. Li encanta córrer, jugar, dibuixar, grimpar i inventar-se històries amb el seu gat Kit Kat. També li encanta observar les abelles. Amb la Gabi els dies són plens de vida i riures. Tots voldríem tenir una amiga com la Gabi!</p>

Cartoné

FORA DE COL.LECCIÓ
